{"text_format":"1","workbook":"xlsx","n_sheets":7,"sheets":["README","User_Interface","InputOutput calculations","CHP lookup matrix","Peaking Lookup matrix","Backup lookup matrix","Help"],"not_rendered":{"charts":0,"images":6,"macros":1,"external_links":0,"defined_names":15,"comments":0,"pivot_tables":0},"unopened":[],"bounds":{"document_bytes":16777216,"sheet_cells":100000,"rows_first":2000,"rows_last":500,"rows_between":2000,"halvings":0,"cell_chars":16384,"cell_head_chars":4096},"cells_cut":0,"cells_raw":0,"read":"whole","date_system":"1900"}

{"sheet":"README","index":0,"n_rows":27,"n_cols":3,"rows_kept":27,"cut":false,"hidden":false,"merged":[]}
[]
[]
[null,null,"VERSION DATE: December 2018"]
[null,null,"Air Quality Modelling and Assessment Unit (AQMAU)"]
[null,null,"Specified Generator Tranche B Screening Tool"]
[null,null,"Version 2.0"]
[]
[]
[null,null,"OVERVIEW:"]
[null,null,"This tool is for screening simple bespoke low risk Tranche B Specified Generators which cannot meet the available Standard Rules Permits.\nThe populated and run tool needs to be submitted as part of the simple bespoke application.\nTo use the tool the Tranche B Specified Generator needs to be:"]
[null,null,"• New or existing engines that can achieve the Medium Combustion Plant Directive and/or Specified Generator Emission Limit Values.\n• Fuelled on natural gas, that is, there are insignificant emissions of sulphur dioxide and particulates.\n• Or, ultra low sulphur diesel engines with secondary abatement (SCR), used for balancing (no more than 500 hours), and aggregated to no more than 20 MWth.\n• For mixed Tranche A and B Specified Generator sites, all Tranche A units must also comply with the Tranche B requirements.\n• All stacks must be vertical and unimpeded by cowls or caps."]
[]
[null,null,"Further information is provided in Environment Agency guidance 'Specified Generator Guidance' and 'Guidance on dispersion modelling for oxides of nitrogen assessment from specified generators'. To discuss any site or application please contact:"]
[null,null,"MCPDHelp@environment-agency.gov.uk"]
[]
[]
[null,null,"COPYRIGHT © 2018 ENVIRONMENT AGENCY ALL RIGHTS RESERVED"]
[null,null,"Redistribution of this tool and use in source and binary forms, with or without modification, are permitted provided that the following conditions are met: "]
[null,null,"1. Redistributions of source code must retain the above copyright notice, this list of conditions and the following disclaimer."]
[null,null,"2. Redistributions in binary form must reproduce the above copyright notice, this list of conditions and the following disclaimer in the documentation and/or other materials provided with the distribution."]
[]
[null,null,"DISCLAIMER:"]
[null,null,"THIS SOFTWARE IS PROVIDED BY THE ENVIRONMENT AGENCY, AND CONTRIBUTORS \"AS IS\" AND ANY EXPRESS OR IMPLIED WARRANTIES, INCLUDING, BUT NOT LIMITED TO, THE IMPLIED WARRANTIES OF MERCHANTABILITY AND FITNESS FOR A PARTICULAR PURPOSE ARE DISCLAIMED. IN NO EVENT SHALL THE ENVIRONMENT AGENCY OR CONTRIBUTORS BE LIABLE FOR ANY DIRECT, INDIRECT, INCIDENTAL, SPECIAL, EXEMPLARY, OR CONSEQUENTIAL DAMAGES (INCLUDING, BUT NOT LIMITED TO, PROCUREMENT OF SUBSTITUTE GOODS OR SERVICES; LOSS OF USE, DATA, OR PROFITS; OR BUSINESS INTERRUPTION) HOWEVER CAUSED AND ON ANY THEORY OF LIABILITY, WHETHER IN CONTRACT, STRICT LIABILITY, OR TORT (INCLUDING NEGLIGENCE OR OTHERWISE) ARISING IN ANY WAY OUT OF THE USE OF THIS SOFTWARE, EVEN IF ADVISED OF THE POSSIBILITY OF SUCH DAMAGE."]
[]
[null,null,"LICENCE:"]
[null,null,"Open Government Licence for public sector information"]
[null,null,"http://www.nationalarchives.gov.uk/doc/open-government-licence/version/3/"]

{"sheet":"User_Interface","index":1,"n_rows":96,"n_cols":30,"rows_kept":96,"cut":false,"hidden":false,"merged":[[16,3,16,4],[16,6,17,6],[26,6,28,6],[30,3,30,4],[7,6,8,6],[13,3,13,4],[13,6,14,6],[95,3,95,6],[93,3,93,6],[7,3,7,4],[8,3,8,4],[58,3,58,4],[58,6,59,6],[30,6,31,6],[40,6,41,6],[43,3,43,4],[43,6,44,6],[10,6,11,6],[10,3,10,4],[19,6,20,6],[22,6,24,6],[23,3,23,4],[26,3,26,4],[52,3,52,4],[46,6,49,6],[51,6,53,6],[33,6,35,6],[78,6,80,6],[61,3,61,4],[64,3,64,4],[61,6,62,6],[64,6,65,6],[73,6,76,6],[67,6,68,6],[78,3,78,4],[74,3,74,4]]}
[]
[null,null,"Air Quality Modelling and Assessment Unit (AQMAU)"]
[null,null,"SPECIFIED GENERATOR TRANCHE B SCREENING TOOL"]
[null,null,{"$f":"README!C6","v":"Version 2.0"}]
[]
[null,null,"STEP1: GENERAL SITE INFORMATION"]
[null,null,null,null,null,null,null,null,null,null,null,null,null,null,null,null,null,null,null,null,null,null,null,null,null,"Type list","Yes/No","Existing/New","Background list","Fuel"]
[null,null,"Applicant name",null,null,null,"USER NOTES:\nPlease enter the name that will appear on the environmental permit.",null,null,null,null,null,null,null,null,null,null,null,null,null,null,null,null,null,null,"CHP","Yes","Existing","Rural","Natural gas"]
[null,null,null,null,null,null,null,null,null,null,null,null,null,null,null,null,null,null,null,null,null,null,null,null,null,"Peaking","No","New","Suburban","Diesel (ultra low sulphur)"]
[null,null,null,null,null,null,null,null,null,null,null,null,null,null,null,null,null,null,null,null,null,null,null,null,null,"Balancing",null,"Other","Industrial"]
[null,null,"Specified generator usage type category\n(Select from the drop-down list)","CHP",null,null,"USER NOTES:\nCHP - Combined heat and power plant typically used to provide mid-merit or base load electricity and therefore assumed to operate up to 8760 hours per year.\nPeaking - Peaking plant are used to provide power during grid peak demand periods and are assumed to operate between 501 and 1500 hours per year.\nBalancing - Balancing plant are considered to operate between 51 and 500 hours per year and are typically used to provide balancing power reserve to the grid.",null,null,null,null,null,null,null,null,null,null,null,null,null,null,null,null,null,null,null,null,null,"Urban"]
[]
[]
[null,null,"Fuel\n(Select from the drop-down list)","Natural gas",null,null,"USER NOTES:\nNatural gas - Can be used for screening of all usage types (CHP, Peaking and Balancing).\nDiesel (ultra low sulphur) - Can be used for screening for blancing operations only (between 51 and 500 hours per year)."]
[]
[]
[null,null,"Is it a mixed Tranche A and B Specified Generator site?\n(Select yes or no)","No",null,null,"USER NOTES:\nSelect yes, if there are any Tranche A generators on the Specified Generator site. If there are, then all Tranche A generators must comply with the Tranche B generator requirements.\nSelect no, if there are no Tranche A generators on the Specified Generator site."]
[]
[]
[null,null,"Specified generators aggregated rated thermal input",null,"MW",null,"USER NOTES:\nThis is the total aggregated thermal input of all generators on the Specified Generator site. It should include Tranche A and B generators for mixed sites.\nCHPs - Screening distances for up to 25 MWth aggregated plant have been calculated.\nPeaking and balancing plant - Screening distances for up to 50 MWth aggregated plant have been calculated.\n"]
[]
[]
[null,null,"Operational hours per year",null,"hours",null,"USER NOTES:\nEnter the number of operational hours per year.\nSelect yes, if rolling average flexibility is required for the peaking or balancing plant. These are: rolling averages over a period of 3 years for new plant operating no more than 500 hours per year; and 5 years for existing plant operating no more than 500 hours per year or plant operating between 501 and 1500 hours per year.\nOtherwise select no."]
[null,null,"If 'Peaking' or 'Balancing', is rolling average flexibility required?\n(Select yes or no)","No"]
[]
[]
[null,null,"Existing or new medium combustion plant generators?\n(Select from drop-down list)","Existing",null,null,"USER NOTES:\nGenerators with rated thermal input greater than 1 MW and less than 50 MW are medium combustion plant. Those that operate more than 500 hours per year will be required to comply with MCPD ELVs, those that operate up to 500 hours must comply with the SG ELV.\nExisting  - MCPs operating before 20 December 2018 and more than 500 hours (MCPD ELV 190 mg/Nm3).\nNew  - MCPs operating after 20 December 2018 and more than 500 hours (MCPD ELV 95 mg/Nm3).\nOther - MCPs  operating up to 500 hours per year, or generators with individual rated thermal inputs less than 1 MW (SG ELV 190 mg/Nm3)."]
[null,null,"Emission Limit Value (273 K, dry and 15% O2)\n(Automatically selected)",{"$f":"IF(AND(D23>500,D27=\"New\"),95,190)","v":190},"mg/Nm3"]
[]
[]
[null,null,"Do the generators have secondary abatement fitted?\n(Select yes or no)","No",null,null,"USER NOTES:\nSelect yes, if secondary abatement is used to reduce emissions from generators on the specified generator site.\nSelect no, if no secondary abatement is fitted."]
[]
[]
[null,null,"Attainable emission concentration  (273 K, dry and 15% O2)",null,"mg/Nm3",null,"USER NOTES:\nEnter the emission concentration that all the generators on the site can achieve.\nIf it is a mixed Tranche A and B site, it should be no more than the Specified Generator ELV of 190 mg/Nm3.\nA lower Emission Limit Value can be set and screened against if it can be achieved.\nThe lowest Emission Limit Value possible is 35 mg/Nm3, which can be achieved when secondary abatement is fitted.\nIf left blank the screening Emission Limit Value will be set automatically."]
[null,null,"Screening Emission Limit Value (273 K, dry and 15% O2)\n(Automatically selected)",{"$f":"IF(OR(D34=0),D28,IF(AND(D34<=35,D31=\"Yes\"),35,IF(D34<=95,95,IF(D34<=190,190))))","v":190},"mg/Nm3"]
[]
[]
[]
[null,null,"STEP 2: RELEASE INFORMATION"]
[]
[null,null,"Stack height",null,"m",null,"USER NOTES:\nThe stack height is the height of the top of the stack above ground level of the release point. If there are multiple generator stacks then the lowest stack should be entered."]
[]
[]
[null,null,"Is there one or more buildings within 5L and with heights more than 40% of the stack height?\n(Select yes or no)","No",null,null,"USER NOTES:\nIf yes, all buildings that could affect dispersion must be combined into a single effective combined block. Buildings that can affect dispersion must be both:\n• Within 5L of the stack, where L is the lowest of either the height of the building, or the maximum projected width (for example, the opposing corners of a roof). Typically, L will be the building height unless the building is a tower.\n• Have a height that is more than 40% of the stack height.\nSelect no, only if there are no buildings that satisfy the above criteria."]
[]
[]
[null,null,"Height of tallest building within 5L",null,"m",null,"USER NOTES:\nEnter height of tallest building that can affect dispersion.\nEnter the  length and width of the building or the combined block building.\nIf there are no buildings that could affect dispersion then leave blank."]
[null,null,"Length (or length of combined block for multiple buildings)",null,"m"]
[null,null,"Width (or width of combined block for multiple buildings)",null,"m"]
[]
[]
[null,null,"Maximum downwash cavity length",{"$f":"ROUND('InputOutput calculations'!B30,0)","v":{"$error":"#DIV/0!"}},"m",null,"USER NOTES:\nThere are very high uncertainties when predicting impacts in the cavity region of buildings that cause downwash.\nSelect yes, if there are any sensitive receptors within the calculated downwash cavity length from any side or corner of the inputted building.\nOtherwise, select no."]
[null,null,"Are there any receptors within the downwash cavity length from the nearest edge/side of the building?\n(Select yes or no)","No"]
[]
[]
[]
[null,null,"STEP 3: STUDY AREA SETTING AND BACKGROUND CONCENTRATIONS"]
[]
[null,null,"Sensitive receptor setting\n(Select from drop-down list)","Rural",null,null,"USER NOTES:\nThe study area should be defined based on a 1 km buffer zone around the site.\nRural - Rural settings are locations in the open countryside, agricultural areas, villages and small towns.\nSuburban - Suburban settings are mixed-use or residential areas on the outskirts of a city or large town.\nIndustrial - Industrial settings are locations where industry is the main land use and makes a contribution to the pollution burden.\nUrban - Urban settings are considered to be locations in the main areas of a city or large town."]
[]
[]
[null,null,"Sensitive receptors near an A road or motorway network?\n(Select yes or no)","No",null,null,"USER NOTES:\nReceptors near roads have elevated background NO2 concentrations.\nSelect yes, if there is an A road (main road) or motorway within 50 m of receptors in the study area.\nOtherwise, select no."]
[]
[]
[null,null,"Sensitive receptors within an AQMA declared for NO2?\n(Select yes or no)","No",null,null,"USER NOTES:\nIf there are receptors within an Air Quality Management Area (AQMA), then there is likely to be little or no headroom. Current AQMAs can be found at the following link https://uk-air.defra.gov.uk/aqma/maps\nSelect yes, if the receptor is within an AQMA declared for nitrogen dioxide (NO2).\nOtherwise select no."]
[]
[]
[null,null,"Baseline background NO2 concentration",null,"µg/m3",null,"USER NOTES:\nEnter the assumed baseline background concentration for the study area.\nThe Local Authority can give baseline background concentrations for the study area from their local air quality management responsibilities.\nThe baseline background should not be a roadside or kerbside concentration."]
[]
[]
[]
[null,null,"STEP 4: RECEPTORS"]
[]
[null,null,"Distance to nearest non-roadside Human Health Receptor",null,"m",null,"USER NOTES:\nEnter the shortest distance from any generator stack to the nearest receptor where there is relevant public exposure.\nNon-roadside receptors are those where there is public exposure beyond 15 m of any road or street.\nRoadside receptors are those where there is public exposure within 15 m of a busy road or junction (10,000 vehicles/day or more), or a congested narrow streets (5,000 vehicles/day. Higher backgrounds are automatically assumed for these receptors.\nSelect yes, if there if there is relevant public exposure within 15 m of a busy road and enter the distance to the nearest roadside receptor.\nOtherwise, select no and enter no distance.\nExamples of public exposure are given in the 'Guidance on dispersion modelling for oxides of nitrogen assessment from specified generators'.\n"]
[null,null,"Are there any human health receptors where there is roadside public exposure?","No"]
[null,null,"Distance to nearest roadside Human Health Receptor",null,"m"]
[]
[]
[null,null,"Are there any SACs, SPAs, Ramsar sites within 5 km or SSSIs within 2 km?","No",null,null,"USER NOTES:\nSelect yes, if there is a SAC (Special Area of Conservation), SPA (Special Protection Area) or Ramsar site within 5 km, or SSSI (Site of Special Scientific Interest) within 2 km.\nIf yes, enter the distance in meters from any generator stack to the nearest habitat site.\nOtherwise, select no and enter no distance.\nSites can be found at the following link http://magic.defra.gov.uk/MagicMap.aspx"]
[null,null,"Distance to nearest SAC, SPA, Ramsar site or SSSI",null,"m"]
[]
[]
[]
[null,null,"STEP 5: ENVIRONMENTAL RISK"]
[]
[]
[]
[]
[null,null,"Non-roadside human health screening distance is:",{"$f":"'InputOutput calculations'!B51","v":100},"m"]
[null,null,"Roadside human health screening distance is:",{"$f":"'InputOutput calculations'!B52","v":0},"m"]
[]
[null,null,"The SAC, SPA, Ramsar site or SSSI screening distance is:",{"$f":"'InputOutput calculations'!B53","v":600},"m"]
[]
[null,null,"Screening result:",{"$f":"IF('InputOutput calculations'!B33=\"Yes\",\"A receptor could be within a zone of high modelling uncertanties due to building downwash. Complex bespoke application required.\",IF(AND(OR(D74<D89,D76<D90),D79=\"Yes\",D80<D92),\"Screens in for human health and habitats. Complex bespoke application required.\",IF(AND(OR(D74<D89,D76<D90),D79=\"Yes\",D80>=D92),\"Screens in for human health. Complex bespoke application required.\",IF(AND(OR(D74<D89,D76<D90),D79=\"No\"),\"Screens in for human health. Complex bespoke application required.\",IF(AND(D74>=D89,D76>=D90,D79=\"Yes\",D80<D92),\"Screens in for habitats. Complex bespoke application required.\",IF(AND(D74>=D89,D76>=D90,D79=\"Yes\",D80>=D92),\"The air quality risk is considered to be low. Simple bespoke application can be made.\",IF(AND(D74>=D89,D76>=D90,D79=\"No\"),\"The air quality risk is considered to be low. Simple bespoke application can be made.\")))))))","v":"Screens in for human health. Complex bespoke application required."}]
[]
[null,null,"Screening result:","Screens in based on the 'Balancing' diesel generators aggragated thermal input being more than 20 MW. Complex bespoke application required."]

{"sheet":"InputOutput calculations","index":2,"n_rows":53,"n_cols":8,"rows_kept":53,"cut":false,"hidden":true,"merged":[]}
["User input data"]
["Type",{"$f":"User_Interface!D11","v":"CHP"}]
["Capacity",{"$f":"User_Interface!D20","v":0},"MW"]
["Fuel",{"$f":"User_Interface!D14","v":"Natural gas"}]
["Operational hours",{"$f":"IF(B2=\"CHP\",User_Interface!D23,IF(AND(B2=\"Peaking\",B8=\"No\"),User_Interface!D23,IF(AND(B2=\"Peaking\",B8=\"Yes\"),User_Interface!D23*1.5,IF(AND(B2=\"Balancing\",B8=\"No\"),User_Interface!D23,IF(AND(B2=\"Balancing\",B8=\"Yes\"),User_Interface!D23*1.5)))))","v":0},"hours per year"]
["CHP opertional hour scaled capacity",{"$f":"ROUND(B3*B5/8760,1)","v":0},"MW","Temporary fix for no opertional hour look-up tables for CHPs."]
["Balancing capacity",{"$f":"IF(B4=\"Natural gas\",B3,IF(B4=\"Diesel (ultra low sulphur)\",ROUND(B3*2.5,1)))","v":0},"MW","2.5 factor based on (unabated emission at 1850 mg/Nm3 for 10 minutes and 190 mg/Nm3 for 50 minutes)"]
["Rolling average",{"$f":"User_Interface!D24","v":"No"}]
["Secondary abatement",{"$f":"User_Interface!D31","v":"No"}]
["ELV",{"$f":"User_Interface!D35","v":190},"mg/Nm3"]
[]
["Stack height",{"$f":"User_Interface!D41","v":0},"m"]
[]
["Building height",{"$f":"User_Interface!D47","v":0},"m"]
["Building length",{"$f":"MAX(User_Interface!D48:D49)","v":0},"m"]
["Building width",{"$f":"MIN(User_Interface!D48:D49)","v":0},"m"]
[]
["Site setting",{"$f":"User_Interface!D59","v":"Rural"}]
["Busy Road",{"$f":"User_Interface!D62","v":"No"}]
["AQMA",{"$f":"User_Interface!D65","v":"No"}]
["App baseline background",{"$f":"ROUND(User_Interface!D68,2)","v":0}]
[]
["Building calcualtions"]
["Actual clearance",{"$f":"B12-B14","v":0},"m"]
[]
["WB",{"$f":"(B15^2+B16^2)^0.5","v":0},"m"]
["LB",{"$f":"B26*B16/B15/2","v":{"$error":"#DIV/0!"}},"m"]
["A",{"$f":"1.8*(B27/B14)^(-0.3)","v":{"$error":"#DIV/0!"}},"m"]
["B",0.24]
["LR",{"$f":"(B28*B26)/(1+(0.24*B26/B14))","v":{"$error":"#DIV/0!"}},"m","Max cavity length"]
[]
["Receptors within cavity?",{"$f":"User_Interface!D53","v":"No"}]
["Is downwash an issue?",{"$f":"IF(B32=\"No\",\"No\",IF(B24>=7,\"No\",IF(AND(B12>=15,B24>=2),\"No\",IF(AND(B2=\"CHP\",B12>=20,B3>=15),\"No\",\"Yes\"))))","v":"No"}]
[]
["Catagrosed tool data"]
["Type","CHP-95","CHP-190","CHP-35","Peaking-95","Peaking-190","Balancing"]
["Capacity",{"$f":"IF(B6<=1,1,IF(B6<=1.5,1.5,IF(B6<=2,2,IF(B6<=2.5,2.5,IF(B6<=5,5,IF(B6<=10,10,IF(B6<=15,15,IF(B6<=20,20,IF(B6<=25,25,\"N/A\")))))))))","v":1},{"$f":"B37","v":1},1,{"$f":"IF(B3<=10,10,IF(B3<=15,15,IF(B3<=20,20,IF(B3<=25,25,IF(B3<=30,30,IF(B3<=40,40,IF(B3<=50,50,\"N/A\")))))))","v":10},{"$f":"E37","v":10},{"$f":"IF(B7<=5,5,IF(B7<=10,10,IF(B7<=15,15,IF(B7<=20,20,IF(B7<=25,25,IF(B7<=30,30,IF(B7<=40,40,IF(B7<=50,50,\"N/A\"))))))))","v":5},"MW"]
["Operating hours","N/A","N/A","N/A",{"$f":"IF(B5<500,\"N/A\",IF(B5<=750,750,IF(B5<=1000,1000,IF(B5<=1500,1500,IF(B5<=2250,2250,\"N/A\")))))","v":"N/A"},{"$f":"E38","v":"N/A"},{"$f":"IF(B5<=50,\"N/A\",IF(B5<=100,100,IF(B5<=200,200,IF(B5<=350,350,IF(B5<=500,500,IF(B5<=750,750,\"N/A\"))))))","v":"N/A"},"hours"]
["Stack height",{"$f":"IF(B12>=20,20,IF(B12>=10,10,IF(B12<10,5,\"N/A\")))","v":5},5,5,{"$f":"IF(AND(B12>=10,B24>=7),10,IF(AND(B12>=10,B24<7),6,IF(AND(B12>=6,B24>=3),6,IF(B12>=3,3,IF(B12<3,3,\"N/A\")))))","v":3},{"$f":"E39","v":3},{"$f":"IF(AND(B12>=10,B24>=7),10,IF(AND(B12>=10,B24<7),6,IF(AND(B12>=6,B24>=3),6,IF(B12>=3,3,IF(B12<3,3,\"N/A\")))))","v":3},"m"]
["Clearance",{"$f":"IF(B39=5,IF(B24>=2.5,2.5,0),IF(B39=10,IF(B24>=5,5,0),IF(B39=20,IF(B24>=10,10,IF(B24>=5,5,IF(B24<5,0,\"N/A\"))))))","v":0},0,0,{"$f":"IF(E39=3,0,IF(E39=6,3,IF(E39=10,7)))","v":0},{"$f":"E40","v":0},{"$f":"IF(E39=3,0,IF(E39=6,3,IF(E39=10,7)))","v":0}]
["Tool background",{"$f":"IF(B18=\"Rural\",30,IF(AND(B18=\"Suburban\",B19=\"No\",B20=\"No\"),30,IF(AND(B18=\"Suburban\",B19=\"Yes\",B20=\"No\"),35,IF(AND(B18=\"Suburban\",B19=\"No\",B20=\"Yes\"),35,IF(AND(B18=\"Suburban\",B19=\"Yes\",B20=\"yes\"),40,IF(AND(B18=\"Industrial\",B19=\"No\",B20=\"No\"),30,IF(AND(B18=\"Industrial\",B19=\"Yes\",B20=\"No\"),35,IF(AND(B18=\"Industrial\",B19=\"No\",B20=\"Yes\"),35,IF(AND(B18=\"Industrial\",B19=\"Yes\",B20=\"yes\"),40,IF(AND(B18=\"Urban\",B19=\"No\",B20=\"No\"),35,IF(AND(B18=\"Urban\",B19=\"Yes\",B20=\"No\"),35,IF(AND(B18=\"Urban\",B19=\"No\",B20=\"Yes\"),35,IF(AND(B18=\"Urban\",B19=\"Yes\",B20=\"yes\"),40)))))))))))))","v":30},30,30,{"$f":"B41","v":30},{"$f":"B41","v":30},{"$f":"B41","v":30}]
["Final baseline background",{"$f":"IF($B$21<=B41,B41,IF(AND($B$21>B41,$B$21>=36),40,IF(AND($B$21>B41,$B$21>30),35)))","v":30},{"$f":"IF($B$21<=C41,C41,IF(AND($B$21>C41,$B$21>=36),40,IF(AND($B$21>C41,$B$21>30),35)))","v":30},{"$f":"IF($B$21<=D41,D41,IF(AND($B$21>D41,$B$21>=36),40,IF(AND($B$21>D41,$B$21>30),35)))","v":30},{"$f":"IF($B$21<=E41,E41,IF(AND($B$21>E41,$B$21>=36),40,IF(AND($B$21>E41,$B$21>30),35)))","v":30},{"$f":"IF($B$21<=F41,F41,IF(AND($B$21>F41,$B$21>=36),40,IF(AND($B$21>F41,$B$21>30),35)))","v":30},{"$f":"IF($B$21<=G41,G41,IF(AND($B$21>G41,$B$21>=36),40,IF(AND($B$21>G41,$B$21>30),35)))","v":30}]
["Roadside background",{"$f":"IF(B42=30,35,IF(B42=35,40,IF(B42=40,40)))","v":35},{"$f":"IF(C42=30,35,IF(C42=35,40,IF(C42=40,40)))","v":35},35,35,35,35]
[]
["Screening distances"]
["HH screening distance",{"$f":"INDEX(CHPNO2,MATCH(1,('CHP lookup matrix'!B1:B190=B37)*('CHP lookup matrix'!C1:C190=B39)*('CHP lookup matrix'!D1:D190=B40)*('CHP lookup matrix'!E1:E190=B42),0),8)","v":50},{"$f":"INDEX(CHP190NO2,MATCH(1,('CHP lookup matrix'!V1:V190=C37)*('CHP lookup matrix'!W1:W190=C39)*('CHP lookup matrix'!X1:X190=C40)*('CHP lookup matrix'!Y1:Y190=C42),0),8)","v":100},{"$f":"INDEX(CHP35NO2,MATCH(1,('CHP lookup matrix'!AP1:AP190=D37)*('CHP lookup matrix'!AQ1:AQ190=D39)*('CHP lookup matrix'!AR1:AR190=D40)*('CHP lookup matrix'!AS1:AS190=D42),0),8)","v":50},{"$f":"INDEX(PeakNO2,MATCH(1,('Peaking Lookup matrix'!B1:B253=E37)*('Peaking Lookup matrix'!C1:C253=E39)*('Peaking Lookup matrix'!D1:D253=E40)*('Peaking Lookup matrix'!E1:E253=E38)*('Peaking Lookup matrix'!F1:F253=E42),0),9)","v":{"$error":"#N/A"}},{"$f":"INDEX(Peak190NO2,MATCH(1,('Peaking Lookup matrix'!X1:X253=F37)*('Peaking Lookup matrix'!Y1:Y253=F39)*('Peaking Lookup matrix'!Z1:Z253=F40)*('Peaking Lookup matrix'!AA1:AA253=F38)*('Peaking Lookup matrix'!AB1:AB253=F42),0),9)","v":{"$error":"#N/A"}},{"$f":"INDEX(BackNO2,MATCH(1,('Backup lookup matrix'!B1:B361=G37)*('Backup lookup matrix'!C1:C361=G39)*('Backup lookup matrix'!D1:D361=G40)*('Backup lookup matrix'!E1:E361=G38)*('Backup lookup matrix'!F1:F361=G42),0),9)","v":{"$error":"#N/A"}}]
["HH screening distance-roadside",{"$f":"INDEX(CHPNO2,MATCH(1,('CHP lookup matrix'!B1:B190=B37)*('CHP lookup matrix'!C1:C190=B39)*('CHP lookup matrix'!D1:D190=B40)*('CHP lookup matrix'!E1:E190=B43),0),8)","v":100},{"$f":"INDEX(CHP190NO2,MATCH(1,('CHP lookup matrix'!V1:V190=C37)*('CHP lookup matrix'!W1:W190=C39)*('CHP lookup matrix'!X1:X190=C40)*('CHP lookup matrix'!Y1:Y190=C43),0),8)","v":150},{"$f":"INDEX(CHP35NO2,MATCH(1,('CHP lookup matrix'!AP1:AP190=D37)*('CHP lookup matrix'!AQ1:AQ190=D39)*('CHP lookup matrix'!AR1:AR190=D40)*('CHP lookup matrix'!AS1:AS190=D43),0),8)","v":50},{"$f":"INDEX(PeakNO2,MATCH(1,('Peaking Lookup matrix'!B1:B253=E37)*('Peaking Lookup matrix'!C1:C253=E39)*('Peaking Lookup matrix'!D1:D253=E40)*('Peaking Lookup matrix'!E1:E253=E38)*('Peaking Lookup matrix'!F1:F253=E43),0),9)","v":{"$error":"#N/A"}},{"$f":"INDEX(Peak190NO2,MATCH(1,('Peaking Lookup matrix'!X1:X253=F37)*('Peaking Lookup matrix'!Y1:Y253=F39)*('Peaking Lookup matrix'!Z1:Z253=F40)*('Peaking Lookup matrix'!AA1:AA253=F38)*('Peaking Lookup matrix'!AB1:AB253=F43),0),9)","v":{"$error":"#N/A"}},{"$f":"INDEX(BackNO2,MATCH(1,('Backup lookup matrix'!B1:B361=G37)*('Backup lookup matrix'!C1:C361=G39)*('Backup lookup matrix'!D1:D361=G40)*('Backup lookup matrix'!E1:E361=G38)*('Backup lookup matrix'!F1:F361=G43),0),9)","v":{"$error":"#N/A"}}]
["Habitats screening distance",{"$f":"INDEX(CHPNOX,MATCH(1,('CHP lookup matrix'!L1:L64=B37)*('CHP lookup matrix'!M1:M64=B39)*('CHP lookup matrix'!N1:N64=B40),0),8)","v":400},{"$f":"INDEX(CHP190NOX,MATCH(1,('CHP lookup matrix'!AF1:AF64=C37)*('CHP lookup matrix'!AG1:AG64=C39)*('CHP lookup matrix'!AH1:AH64=C40),0),8)","v":600},{"$f":"INDEX(CHP35NOX,MATCH(1,('CHP lookup matrix'!AZ1:AZ64=D37)*('CHP lookup matrix'!BA1:BA64=D39)*('CHP lookup matrix'!BB1:BB64=D40),0),8)","v":200},{"$f":"INDEX(PeakNOX,MATCH(1,('Peaking Lookup matrix'!M1:M85=E37)*('Peaking Lookup matrix'!N1:N85=E39)*('Peaking Lookup matrix'!O1:O85=E40)*('Peaking Lookup matrix'!P1:P85=E38),0),9)","v":{"$error":"#N/A"}},{"$f":"INDEX(Peak190NOX,MATCH(1,('Peaking Lookup matrix'!AI1:AI85=F37)*('Peaking Lookup matrix'!AJ1:AJ85=F39)*('Peaking Lookup matrix'!AK1:AK85=F40)*('Peaking Lookup matrix'!AL1:AL85=F38),0),9)","v":{"$error":"#N/A"}},{"$f":"INDEX(BackNOX,MATCH(1,('Backup lookup matrix'!M1:M121=G37)*('Backup lookup matrix'!N1:N121=G39)*('Backup lookup matrix'!O1:O121=G40)*('Backup lookup matrix'!P1:P121=G38),0),9)","v":{"$error":"#N/A"}}]
[]
["Roadside public exposure",{"$f":"User_Interface!D75","v":"No"}]
["Final HH screening distance",{"$f":"IF(AND($B$2=\"CHP\",$B$10=95),B46,IF(AND($B$2=\"CHP\",$B$10=190),C46,IF(AND($B$2=\"CHP\",$B$10=35),D46,IF(AND($B$2=\"Peaking\",$B$10=95),E46,IF(AND($B$2=\"Peaking\",$B$10=190),F46,IF($B$2=\"Balancing\",G46))))))","v":100},"m"]
["Final HH screening distance-roadside",{"$f":"IF(B50=\"No\",0,IF(AND($B$2=\"CHP\",$B$10=95),B47,IF(AND($B$2=\"CHP\",$B$10=190),C47,IF(AND($B$2=\"CHP\",$B$10=35),D47,IF(AND($B$2=\"Peaking\",$B$10=95),E47,IF(AND($B$2=\"Peaking\",$B$10=190),F47,IF($B$2=\"Balancing\",G47)))))))","v":0},"m"]
["Final habitats screening distance",{"$f":"IF(AND(B2=\"CHP\",B10=95),B48,IF(AND(B2=\"CHP\",B10=190),C48,IF(AND(B2=\"Peaking\",B10=95),E48,IF(AND(B2=\"Peaking\",B10=190),F48,IF(B2=\"Balancing\",G48)))))","v":600},"m"]

{"sheet":"CHP lookup matrix","index":3,"n_rows":190,"n_cols":58,"rows_kept":190,"cut":false,"hidden":true,"merged":[]}
["Source group","Capacity","Stack height","Clearance","Background","Acceptable PC","Unique NO2 PC","NO2 Screening distance",null,null,"Source group","Capacity","Stack height","Clearance","Background","Acceptable PC","Unique NOX PC","NOX Screening distance",null,null,"Source group","Capacity","Stack height","Clearance","Background","Acceptable PC","Unique NO2 PC","NO2 Screening distance",null,null,"Source group","Capacity","Stack height","Clearance","Background","Acceptable PC","Unique NOX PC","NOX Screening distance",null,null,"Source group","Capacity","Stack height","Clearance","Background","Acceptable PC","Unique NO2 PC","NO2 Screening distance",null,null,"Source group","Capacity","Stack height","Clearance","Background","Acceptable PC","Unique NOX PC","NOX Screening distance"]
["CHP1",5,5,0,30,6,5.9234419999999988,100,null,null,"CHP1",5,5,0,"N/A",0.45,0.41722700000000001,850,null,null,"CHP1",5,5,0,30,6,4.7908980000000003,200,null,null,"CHP1",5,5,0,"N/A",0.45,0.44174999999999998,1300,{"$f":"MAX(AL2:AL64)","v":3100},null,"CHP1",5,5,0,30,6,3.9012252631578943,50,null,null,"CHP1",5,5,0,"N/A",0.45,0.3861163157894737,450]
["CHP1",5,5,0,35,3,2.3954490000000002,200,null,null,"CHP2",5,5,2.5,"N/A",0.45,0.41933799999999999,850,null,null,"CHP1",5,5,0,35,3,2.6418140000000001,300,null,null,"CHP2",5,5,2.5,"N/A",0.45,0.44534400000000007,1300,null,null,"CHP1",5,5,0,35,3,2.1823207368421045,100,null,null,"CHP2",5,5,2.5,"N/A",0.45,0.38520263157894741,450]
["CHP1",5,5,0,40,1.6,1.3209070000000001,300,null,null,"CHP3",5,10,0,"N/A",0.45,0.44250499999999998,800,null,null,"CHP1",5,5,0,40,1.6,1.4672419999999999,450,null,null,"CHP3",5,10,0,"N/A",0.45,0.41967000000000004,1300,null,null,"CHP1",5,5,0,40,1.6,1.3191702631578948,150,null,null,"CHP3",5,10,0,"N/A",0.45,0.3858621052631579,450]
["CHP2",5,5,2.5,30,6,5.2729599999999994,100,null,null,"CHP4",5,10,5,"N/A",0.45,0.41428599999999999,800,null,null,"CHP2",5,5,2.5,30,6,4.6495119999999996,200,null,null,"CHP4",5,10,5,"N/A",0.45,0.40715999999999997,1300,null,null,"CHP2",5,5,2.5,30,6,2.8555652631578945,50,null,null,"CHP4",5,10,5,"N/A",0.45,0.4019105263157895,400]
["CHP2",5,5,2.5,35,3,2.3247559999999998,200,null,null,"CHP5",5,20,0,"N/A",0.45,0.44538800000000001,750,null,null,"CHP2",5,5,2.5,35,3,2.6154380000000002,300,null,null,"CHP5",5,20,0,"N/A",0.45,0.43425999999999998,1200,null,null,"CHP2",5,5,2.5,35,3,2.8555652631578945,50,null,null,"CHP5",5,20,0,"N/A",0.45,0.41759052631578941,400]
["CHP2",5,5,2.5,40,1.6,1.3077190000000001,300,null,null,"CHP6",5,20,5,"N/A",0.45,0.43141600000000002,750,null,null,"CHP2",5,5,2.5,40,1.6,1.4637699999999998,450,null,null,"CHP6",5,20,5,"N/A",0.45,0.428124,1200,null,null,"CHP2",5,5,2.5,40,1.6,1.2464491052631579,150,null,null,"CHP6",5,20,5,"N/A",0.45,0.38624894736842103,400]
["CHP3",5,10,0,30,6,5.8450559999999996,100,null,null,"CHP7",5,20,10,"N/A",0.45,0.44858900000000002,650,null,null,"CHP3",5,10,0,30,6,4.8758639999999991,200,null,null,"CHP7",5,20,10,"N/A",0.45,0.431556,1100,null,null,"CHP3",5,10,0,30,6,2.6042984210526314,50,null,null,"CHP7",5,20,10,"N/A",0.45,0.38628210526315793,350]
["CHP3",5,10,0,35,3,2.4379319999999995,200,null,null,"CHP8",10,5,0,"N/A",0.45,0.42264200000000002,1200,null,null,"CHP3",5,10,0,35,3,2.666566,300,null,null,"CHP8",10,5,0,"N/A",0.45,0.43317599999999995,1900,null,null,"CHP3",5,10,0,35,3,2.6042984210526314,50,null,null,"CHP8",10,5,0,"N/A",0.45,0.4112905263157895,600]
["CHP3",5,10,0,40,1.6,1.333283,300,null,null,"CHP9",10,5,2.5,"N/A",0.45,0.42402099999999998,1200,null,null,"CHP3",5,10,0,40,1.6,1.4662760000000001,450,null,null,"CHP9",10,5,2.5,"N/A",0.45,0.43570000000000003,1900,null,null,"CHP3",5,10,0,40,1.6,1.3478765263157895,150,null,null,"CHP9",10,5,2.5,"N/A",0.45,0.41086315789473682,600]
["CHP4",5,10,5,30,6,2.5791989999999996,0,null,null,"CHP10",10,10,0,"N/A",0.45,0.39688699999999999,1200,null,null,"CHP4",5,10,5,30,6,5.2100859999999996,150,null,null,"CHP10",10,10,0,"N/A",0.45,0.43694400000000005,1800,null,null,"CHP4",5,10,5,30,6,0.95023121052631554,0,null,null,"CHP10",10,10,0,"N/A",0.45,0.44816578947368418,550]
["CHP4",5,10,5,35,3,2.6050429999999998,150,null,null,"CHP11",10,10,5,"N/A",0.45,0.44162200000000001,1100,null,null,"CHP4",5,10,5,35,3,2.9107959999999999,250,null,null,"CHP11",10,10,5,"N/A",0.45,0.43687399999999993,1800,null,null,"CHP4",5,10,5,35,3,0.95023121052631554,0,null,null,"CHP11",10,10,5,"N/A",0.45,0.41689789473684208,550]
["CHP4",5,10,5,40,1.6,1.455398,250,null,null,"CHP12",10,20,0,"N/A",0.45,0.43744100000000002,1100,null,null,"CHP4",5,10,5,40,1.6,1.5272599999999998,400,null,null,"CHP12",10,20,0,"N/A",0.45,0.41970000000000007,1800,null,null,"CHP4",5,10,5,40,1.6,0.95023121052631554,0,null,null,"CHP12",10,20,0,"N/A",0.45,0.44673263157894744,550]
["CHP5",5,20,0,30,6,4.3571569999999999,50,null,null,"CHP13",10,20,5,"N/A",0.45,0.41837099999999999,1100,null,null,"CHP5",5,20,0,30,6,4.4103639999999995,200,null,null,"CHP13",10,20,5,"N/A",0.45,0.44197799999999998,1700,null,null,"CHP5",5,20,0,30,6,1.6052683684210527,50,null,null,"CHP13",10,20,5,"N/A",0.45,0.40552842105263154,550]
["CHP5",5,20,0,35,3,2.2051819999999998,200,null,null,"CHP14",10,20,10,"N/A",0.45,0.44785900000000001,950,null,null,"CHP5",5,20,0,35,3,2.4380160000000002,300,null,null,"CHP14",10,20,10,"N/A",0.45,0.44022,1600,null,null,"CHP5",5,20,0,35,3,1.6052683684210527,50,null,null,"CHP14",10,20,10,"N/A",0.45,0.44466578947368418,450]
["CHP5",5,20,0,40,1.6,1.5986879999999999,250,null,null,"CHP15",15,5,0,"N/A",0.45,0.41188599999999997,1500,null,null,"CHP5",5,20,0,40,1.6,1.5868439999999997,400,null,null,"CHP15",15,5,0,"N/A",0.45,{"$error":"#N/A"},2400,null,null,"CHP5",5,20,0,40,1.6,1.3645545789473683,100,null,null,"CHP15",15,5,0,"N/A",0.45,0.43139526315789478,700]
["CHP6",5,20,5,30,6,1.0349359999999999,0,null,null,"CHP16",15,5,2.5,"N/A",0.45,0.41278700000000002,1500,null,null,"CHP6",5,20,5,30,6,2.0698719999999997,0,null,null,"CHP16",15,5,2.5,"N/A",0.45,{"$error":"#N/A"},2400,null,null,"CHP6",5,20,5,30,6,0.38129221052631573,0,null,null,"CHP16",15,5,2.5,"N/A",0.45,0.43110052631578943,700]
["CHP6",5,20,5,35,3,1.0349359999999999,0,null,null,"CHP17",15,10,0,"N/A",0.45,0.42246699999999998,1400,null,null,"CHP6",5,20,5,35,3,2.8533680000000006,250,null,null,"CHP17",15,10,0,"N/A",0.45,{"$error":"#N/A"},2200,null,null,"CHP6",5,20,5,35,3,0.38129221052631573,0,null,null,"CHP17",15,10,0,"N/A",0.45,0.40766157894736849,700]
["CHP6",5,20,5,40,1.6,1.4266840000000001,250,null,null,"CHP18",15,10,5,"N/A",0.45,0.42221399999999998,1400,null,null,"CHP6",5,20,5,40,1.6,1.4677459999999996,400,null,null,"CHP18",15,10,5,"N/A",0.45,{"$error":"#N/A"},2300,null,null,"CHP6",5,20,5,40,1.6,0.38129221052631573,0,null,null,"CHP18",15,10,5,"N/A",0.45,0.43261105263157895,650]
["CHP7",5,20,10,30,6,0.12268899999999999,0,null,null,"CHP19",15,20,0,"N/A",0.45,0.42024899999999998,1400,null,null,"CHP7",5,20,10,30,6,0.24537799999999999,0,null,null,"CHP19",15,20,0,"N/A",0.45,{"$error":"#N/A"},2300,null,null,"CHP7",5,20,10,30,6,4.5201210526315788E-2,0,null,null,"CHP19",15,20,0,"N/A",0.45,0.42252000000000001,700]
["CHP7",5,20,10,35,3,0.12268899999999999,0,null,null,"CHP20",15,20,5,"N/A",0.45,0.43909700000000002,1300,null,null,"CHP7",5,20,10,35,3,2.7469959999999998,200,null,null,"CHP20",15,20,5,"N/A",0.45,{"$error":"#N/A"},2100,null,null,"CHP7",5,20,10,35,3,4.5201210526315788E-2,0,null,null,"CHP20",15,20,5,"N/A",0.45,0.41691999999999996,650]
["CHP7",5,20,10,40,1.6,1.3734979999999999,200,null,null,"CHP21",15,20,10,"N/A",0.45,0.439803,1200,null,null,"CHP7",5,20,10,40,1.6,1.4678720000000001,350,null,null,"CHP21",15,20,10,"N/A",0.45,0.44147199999999998,2000,null,null,"CHP7",5,20,10,40,1.6,4.5201210526315788E-2,0,null,null,"CHP21",15,20,10,"N/A",0.45,0.44529210526315793,550]
["CHP8",10,5,0,30,6,5.2265499999999996,150,null,null,"CHP22",20,5,0,"N/A",0.45,0.424431,1700,null,null,"CHP8",10,5,0,30,6,5.3906859999999988,250,null,null,"CHP22",20,5,0,"N/A",0.45,{"$error":"#N/A"},2800,null,null,"CHP8",10,5,0,30,6,4.4134815789473683,50,null,null,"CHP22",20,5,0,"N/A",0.45,0.43125526315789475,800]
["CHP8",10,5,0,35,3,2.6953429999999998,250,null,null,"CHP23",20,5,2.5,"N/A",0.45,0.42482799999999998,1700,null,null,"CHP8",10,5,0,35,3,2.7538699999999996,400,null,null,"CHP23",20,5,2.5,"N/A",0.45,{"$error":"#N/A"},2800,null,null,"CHP8",10,5,0,35,3,2.9447452631578943,100,null,null,"CHP23",20,5,2.5,"N/A",0.45,0.43095684210526314,800]
["CHP8",10,5,0,40,1.6,1.3769349999999998,400,null,null,"CHP24",20,10,0,"N/A",0.45,0.43099599999999999,1600,null,null,"CHP8",10,5,0,40,1.6,1.5629039999999998,600,null,null,"CHP24",20,10,0,"N/A",0.45,{"$error":"#N/A"},2600,null,null,"CHP8",10,5,0,40,1.6,1.3442943684210527,200,null,null,"CHP24",20,10,0,"N/A",0.45,0.44055052631578945,750]
["CHP9",10,5,2.5,30,6,4.9801989999999998,150,null,null,"CHP25",20,10,5,"N/A",0.45,0.43164200000000003,1600,null,null,"CHP9",10,5,2.5,30,6,5.311782,250,null,null,"CHP25",20,10,5,"N/A",0.45,{"$error":"#N/A"},2700,null,null,"CHP9",10,5,2.5,30,6,3.3006657894736842,50,null,null,"CHP25",20,10,5,"N/A",0.45,0.42848842105263157,750]
["CHP9",10,5,2.5,35,3,2.655891,250,null,null,"CHP26",20,20,0,"N/A",0.45,0.43286999999999998,1600,null,null,"CHP9",10,5,2.5,35,3,2.7460299999999997,400,null,null,"CHP26",20,20,0,"N/A",0.45,{"$error":"#N/A"},2600,null,null,"CHP9",10,5,2.5,35,3,2.6633047368421052,100,null,null,"CHP26",20,20,0,"N/A",0.45,0.425891052631579,800]
["CHP9",10,5,2.5,40,1.6,1.3730149999999999,400,null,null,"CHP27",20,20,5,"N/A",0.45,0.43009700000000001,1500,null,null,"CHP9",10,5,2.5,40,1.6,1.5612799999999998,600,null,null,"CHP27",20,20,5,"N/A",0.45,{"$error":"#N/A"},2400,null,null,"CHP9",10,5,2.5,40,1.6,1.3094269999999999,200,null,null,"CHP27",20,20,5,"N/A",0.45,0.4450157894736842,700]
["CHP10",10,10,0,30,6,5.4517959999999999,150,null,null,"CHP28",20,20,10,"N/A",0.45,0.44132900000000003,1400,null,null,"CHP10",10,10,0,30,6,5.4535459999999993,250,null,null,"CHP28",20,20,10,"N/A",0.45,{"$error":"#N/A"},2400,null,null,"CHP10",10,10,0,30,6,3.0383352631578946,50,null,null,"CHP28",20,20,10,"N/A",0.45,0.43031578947368415,650]
["CHP10",10,10,0,35,3,2.7267729999999997,250,null,null,"CHP29",25,5,0,"N/A",0.45,0.42553000000000002,1900,null,null,"CHP10",10,10,0,35,3,2.7069700000000001,400,null,null,"CHP29",25,5,0,"N/A",0.45,{"$error":"#N/A"},3100,null,null,"CHP10",10,10,0,35,3,2.9407221052631574,100,null,null,"CHP29",25,5,0,"N/A",0.45,0.42229526315789478,900]
["CHP10",10,10,0,40,1.6,1.353485,400,null,null,"CHP30",25,5,2.5,"N/A",0.45,0.42573100000000003,1900,null,null,"CHP10",10,10,0,40,1.6,1.5048459999999999,600,null,null,"CHP30",25,5,2.5,"N/A",0.45,{"$error":"#N/A"},3100,null,null,"CHP10",10,10,0,40,1.6,1.3827696842105264,200,null,null,"CHP30",25,5,2.5,"N/A",0.45,0.42199684210526317,900]
["CHP11",10,10,5,30,6,2.6237889999999999,0,null,null,"CHP31",25,10,0,"N/A",0.45,0.42758299999999999,1800,null,null,"CHP11",10,10,5,30,6,5.7931439999999998,200,null,null,"CHP31",25,10,0,"N/A",0.45,{"$error":"#N/A"},3000,null,null,"CHP11",10,10,5,30,6,0.9666591052631579,0,null,null,"CHP31",25,10,0,"N/A",0.45,0.42442842105263162,850]
["CHP11",10,10,5,35,3,2.8965719999999995,200,null,null,"CHP32",25,10,5,"N/A",0.45,0.429064,1800,null,null,"CHP11",10,10,5,35,3,2.9430520000000002,350,null,null,"CHP32",25,10,5,"N/A",0.45,{"$error":"#N/A"},3000,null,null,"CHP11",10,10,5,35,3,0.9666591052631579,0,null,null,"CHP32",25,10,5,"N/A",0.45,0.41645947368421055,850]
["CHP11",10,10,5,40,1.6,1.4715260000000001,350,null,null,"CHP33",25,20,0,"N/A",0.45,0.430261,1800,null,null,"CHP11",10,10,5,40,1.6,1.584212,550,null,null,"CHP33",25,20,0,"N/A",0.45,{"$error":"#N/A"},2900,null,null,"CHP11",10,10,5,40,1.6,1.3754016315789472,150,null,null,"CHP33",25,20,0,"N/A",0.45,0.41690526315789467,900]
["CHP12",10,20,0,30,6,5.3608519999999995,50,null,null,"CHP34",25,20,5,"N/A",0.45,0.42083799999999999,1700,null,null,"CHP12",10,20,0,30,6,5.3315779999999995,250,null,null,"CHP34",25,20,5,"N/A",0.45,{"$error":"#N/A"},2700,null,null,"CHP12",10,20,0,30,6,1.9750507368421053,50,null,null,"CHP34",25,20,5,"N/A",0.45,0.42092105263157897,800]
["CHP12",10,20,0,35,3,2.6657889999999997,250,null,null,"CHP35",25,20,10,"N/A",0.45,0.43467899999999998,1600,null,null,"CHP12",10,20,0,35,3,2.6943839999999999,400,null,null,"CHP35",25,20,10,"N/A",0.45,{"$error":"#N/A"},2700,null,null,"CHP12",10,20,0,35,3,1.9750507368421053,50,null,null,"CHP35",25,20,10,"N/A",0.45,0.44860789473684204,700]
["CHP12",10,20,0,40,1.6,1.3471919999999999,400,null,null,"CHP36",1,5,0,"N/A",0.45,0.377054,400,null,null,"CHP12",10,20,0,40,1.6,1.4970479999999999,600,null,null,"CHP36",1,5,0,"N/A",0.45,0.398594,600,null,null,"CHP12",10,20,0,40,1.6,1.331244894736842,200,null,null,"CHP36",1,5,0,"N/A",0.45,0.40656000000000003,200]
["CHP13",10,20,5,30,6,1.1084079999999998,0,null,null,"CHP37",1,5,2.5,"N/A",0.45,0.37459100000000001,400,null,null,"CHP13",10,20,5,30,6,5.980687999999998,200,null,null,"CHP37",1,5,2.5,"N/A",0.45,0.40068199999999993,600,null,null,"CHP13",10,20,5,30,6,0.40836084210526308,0,null,null,"CHP37",1,5,2.5,"N/A",0.45,0.3871257894736842,200]
["CHP13",10,20,5,35,3,2.9903439999999994,200,null,null,"CHP38",1,10,0,"N/A",0.45,0.43925599999999998,350,null,null,"CHP13",10,20,5,35,3,2.9121260000000002,350,null,null,"CHP38",1,10,0,"N/A",0.45,0.43045200000000006,550,null,null,"CHP13",10,20,5,35,3,0.40836084210526308,0,null,null,"CHP38",1,10,0,"N/A",0.45,0.3836773684210526,200]
["CHP13",10,20,5,40,1.6,1.4560630000000001,350,null,null,"CHP39",1,10,5,"N/A",0.45,0.39438200000000001,400,null,null,"CHP13",10,20,5,40,1.6,1.5410079999999997,550,null,null,"CHP39",1,10,5,"N/A",0.45,0.42898199999999997,600,null,null,"CHP13",10,20,5,40,1.6,0.40836084210526308,0,null,null,"CHP39",1,10,5,"N/A",0.45,0.39051157894736838,200]
["CHP14",10,20,10,30,6,0.1100995,0,null,null,"CHP40",1,20,0,"N/A",0.45,0.364255,350,null,null,"CHP14",10,20,10,30,6,0.22019900000000003,0,null,null,"CHP40",1,20,0,"N/A",0.45,0.43320999999999998,500,null,null,"CHP14",10,20,10,30,6,4.0562973684210531E-2,0,null,null,"CHP40",1,20,0,"N/A",0.45,0.30983952631578948,200]
["CHP14",10,20,10,35,3,0.1100995,0,null,null,"CHP41",1,20,5,"N/A",0.45,0.43288399999999999,300,null,null,"CHP14",10,20,10,35,3,2.7487600000000003,300,null,null,"CHP41",1,20,5,"N/A",0.45,0.41073800000000005,500,null,null,"CHP14",10,20,10,35,3,4.0562973684210531E-2,0,null,null,"CHP41",1,20,5,"N/A",0.45,0.41920789473684211,150]
["CHP14",10,20,10,40,1.6,1.3743799999999999,300,null,null,"CHP42",1,20,10,"N/A",0.45,0.37308799999999998,350,null,null,"CHP14",10,20,10,40,1.6,1.4714140000000002,500,null,null,"CHP42",1,20,10,"N/A",0.45,0.447932,500,null,null,"CHP14",10,20,10,40,1.6,4.0562973684210531E-2,0,null,null,"CHP42",1,20,10,"N/A",0.45,6.1741105263157896E-2,0]
["CHP15",15,5,0,30,6,4.5261019999999998,200,null,null,"CHP43",2.5,5,0,"N/A",0.45,0.41321099999999999,600,null,null,"CHP15",15,5,0,30,6,5.3177599999999998,300,null,null,"CHP43",2.5,5,0,"N/A",0.45,0.444382,900,null,null,"CHP15",15,5,0,30,6,4.4784194736842107,50,null,null,"CHP43",2.5,5,0,"N/A",0.45,0.42726526315789476,300]
["CHP15",15,5,0,35,3,2.6588799999999999,300,null,null,"CHP44",2.5,5,2.5,"N/A",0.45,0.41562100000000002,600,null,null,"CHP15",15,5,0,35,3,2.5897199999999998,500,null,null,"CHP44",2.5,5,2.5,"N/A",0.45,0.44927400000000001,900,null,null,"CHP15",15,5,0,35,3,2.3191777368421054,150,null,null,"CHP44",2.5,5,2.5,"N/A",0.45,0.42240578947368423,300]
["CHP15",15,5,0,40,1.6,1.501269,450,null,null,"CHP45",2.5,10,0,"N/A",0.45,0.40328599999999998,600,null,null,"CHP15",15,5,0,40,1.6,1.495522,750,null,null,"CHP45",2.5,10,0,"N/A",0.45,0.42760999999999993,900,null,null,"CHP15",15,5,0,40,1.6,1.2536753157894736,250,null,null,"CHP45",2.5,10,0,"N/A",0.45,0.42544894736842109,300]
["CHP16",15,5,2.5,30,6,4.425141,200,null,null,"CHP46",2.5,10,5,"N/A",0.45,0.42494700000000002,650,null,null,"CHP16",15,5,2.5,30,6,5.2819619999999992,300,null,null,"CHP46",2.5,10,5,"N/A",0.45,0.444214,1000,null,null,"CHP16",15,5,2.5,30,6,3.424893684210526,50,null,null,"CHP46",2.5,10,5,"N/A",0.45,0.3889642105263158,350]
["CHP16",15,5,2.5,35,3,2.6409809999999996,300,null,null,"CHP47",2.5,20,0,"N/A",0.45,0.39952599999999999,550,null,null,"CHP16",15,5,2.5,35,3,2.58867,500,null,null,"CHP47",2.5,20,0,"N/A",0.45,0.41499000000000003,850,null,null,"CHP16",15,5,2.5,35,3,2.2238959473684208,150,null,null,"CHP47",2.5,20,0,"N/A",0.45,0.36568221052631578,300]
["CHP16",15,5,2.5,40,1.6,1.5001910000000001,450,null,null,"CHP48",2.5,20,5,"N/A",0.45,0.44422099999999998,500,null,null,"CHP16",15,5,2.5,40,1.6,1.4946119999999998,750,null,null,"CHP48",2.5,20,5,"N/A",0.45,0.443052,800,null,null,"CHP16",15,5,2.5,40,1.6,1.238322842105263,250,null,null,"CHP48",2.5,20,5,"N/A",0.45,0.4426284210526315,250]
["CHP17",15,10,0,30,6,4.6134129999999995,200,null,null,"CHP49",2.5,20,10,"N/A",0.45,0.44116499999999997,550,null,null,"CHP17",15,10,0,30,6,5.2692920000000001,300,null,null,"CHP49",2.5,20,10,"N/A",0.45,0.42484199999999994,900,null,null,"CHP17",15,10,0,30,6,3.1803063157894731,50,null,null,"CHP49",2.5,20,10,"N/A",0.45,0.3745515789473684,300]
["CHP17",15,10,0,35,3,2.634646,300,null,null,"CHP50",1.5,5,0,"N/A",0.45,0.398397,500,null,null,"CHP17",15,10,0,35,3,2.9064979999999996,450,null,null,"CHP50",1.5,5,0,"N/A",0.45,0.42069899999999999,750,null,null,"CHP17",15,10,0,35,3,2.4022378947368419,150,null,null,"CHP50",1.5,5,0,"N/A",0.45,0.43154005263157891,250]
["CHP17",15,10,0,40,1.6,1.453249,450,null,null,"CHP51",1.5,5,2.5,"N/A",0.45,0.39872850000000004,500,null,null,"CHP17",15,10,0,40,1.6,1.5491140000000001,700,null,null,"CHP51",1.5,5,2.5,"N/A",0.45,0.424512,750,null,null,"CHP17",15,10,0,40,1.6,1.257597894736842,250,null,null,"CHP51",1.5,5,2.5,"N/A",0.45,0.41760986842105263,250]
["CHP18",15,10,5,30,6,2.5486230000000001,50,null,null,"CHP52",1.5,10,0,"N/A",0.45,0.44300850000000003,450,null,null,"CHP18",15,10,5,30,6,5.6895159999999994,250,null,null,"CHP52",1.5,10,0,"N/A",0.45,0.44201699999999999,700,null,null,"CHP18",15,10,5,30,6,0.93896636842105274,50,null,null,"CHP52",1.5,10,0,"N/A",0.45,0.40809023684210533,250]
["CHP18",15,10,5,35,3,2.8447579999999997,250,null,null,"CHP53",1.5,10,5,"N/A",0.45,0.42301350000000004,500,null,null,"CHP18",15,10,5,35,3,2.7076280000000001,450,null,null,"CHP53",1.5,10,5,"N/A",0.45,0.42002699999999998,800,null,null,"CHP18",15,10,5,35,3,0.93896636842105274,50,null,null,"CHP53",1.5,10,5,"N/A",0.45,0.432033,250]
["CHP18",15,10,5,40,1.6,1.587432,400,null,null,"CHP54",1.5,20,0,"N/A",0.45,0.44827649999999997,400,null,null,"CHP18",15,10,5,40,1.6,1.4900059999999999,700,null,null,"CHP54",1.5,20,0,"N/A",0.45,0.441444,650,null,null,"CHP18",15,10,5,40,1.6,1.3158924210526315,200,null,null,"CHP54",1.5,20,0,"N/A",0.45,0.33185913157894736,250]
["CHP19",15,20,0,30,6,5.7812019999999995,0,null,null,"CHP55",1.5,20,5,"N/A",0.45,0.42752250000000003,400,null,null,"CHP19",15,20,0,30,6,5.4071359999999995,300,null,null,"CHP55",1.5,20,5,"N/A",0.45,0.41679900000000003,650,null,null,"CHP19",15,20,0,30,6,2.1299165263157893,0,null,null,"CHP55",1.5,20,5,"N/A",0.45,0.43059726315789471,200]
["CHP19",15,20,0,35,3,2.7035679999999997,300,null,null,"CHP56",1.5,20,10,"N/A",0.45,0.391764,450,null,null,"CHP19",15,20,0,35,3,2.5837840000000001,500,null,null,"CHP56",1.5,20,10,"N/A",0.45,0.40946700000000003,700,null,null,"CHP19",15,20,0,35,3,2.1299165263157893,0,null,null,"CHP56",1.5,20,10,"N/A",0.45,0.42427957894736845,200]
["CHP19",15,20,0,40,1.6,1.5032290000000001,450,null,null,"CHP57",2,5,0,"N/A",0.45,0.43532559999999998,500,null,null,"CHP19",15,20,0,40,1.6,1.4563360000000001,750,null,null,"CHP57",2,5,0,"N/A",0.45,0.4260912,800,null,null,"CHP19",15,20,0,40,1.6,1.2854505263157896,250,null,null,"CHP57",2,5,0,"N/A",0.45,0.44949136842105269,250]
["CHP20",15,20,5,30,6,1.1046559999999999,0,null,null,"CHP58",2,5,2.5,"N/A",0.45,0.43643120000000002,500,null,null,"CHP20",15,20,5,30,6,5.8313779999999991,250,null,null,"CHP58",2,5,2.5,"N/A",0.45,0.43022559999999999,800,null,null,"CHP20",15,20,5,30,6,0.40697852631578946,0,null,null,"CHP58",2,5,2.5,"N/A",0.45,0.44096168421052628,250]
["CHP20",15,20,5,35,3,2.9156889999999995,250,null,null,"CHP59",2,10,0,"N/A",0.45,0.4283632,500,null,null,"CHP20",15,20,5,35,3,2.654512,450,null,null,"CHP59",2,10,0,"N/A",0.45,0.41139840000000005,800,null,null,"CHP20",15,20,5,35,3,0.40697852631578946,0,null,null,"CHP59",2,10,0,"N/A",0.45,0.44766694736842105,250]
["CHP20",15,20,5,40,1.6,1.5671529999999998,400,null,null,"CHP60",2,10,5,"N/A",0.45,0.43558000000000002,550,null,null,"CHP20",15,20,5,40,1.6,1.5842959999999999,650,null,null,"CHP60",2,10,5,"N/A",0.45,0.41643039999999998,900,null,null,"CHP20",15,20,5,40,1.6,1.370083842105263,200,null,null,"CHP60",2,10,5,"N/A",0.45,0.38510610526315786,300]
["CHP21",15,20,10,30,6,9.8660800000000007E-2,0,null,null,"CHP61",2,20,0,"N/A",0.45,0.43334879999999998,450,null,null,"CHP21",15,20,10,30,6,0.19732160000000001,0,null,null,"CHP61",2,20,0,"N/A",0.45,0.44353600000000004,700,null,null,"CHP21",15,20,10,30,6,3.6348715789473691E-2,0,null,null,"CHP61",2,20,0,"N/A",0.45,0.38457557894736849,250]
["CHP21",15,20,10,35,3,9.8660800000000007E-2,0,null,null,"CHP62",2,20,5,"N/A",0.45,0.41312559999999998,450,null,null,"CHP21",15,20,10,35,3,2.9272179999999994,350,null,null,"CHP62",2,20,5,"N/A",0.45,0.43363680000000004,700,null,null,"CHP21",15,20,10,35,3,3.6348715789473691E-2,0,null,null,"CHP62",2,20,5,"N/A",0.45,0.35410273684210519,250]
["CHP21",15,20,10,40,1.6,1.4636089999999997,350,null,null,"CHP63",2,20,10,"N/A",0.45,0.40554240000000003,500,null,null,"CHP21",15,20,10,40,1.6,1.5100679999999995,600,null,null,"CHP63",2,20,10,"N/A",0.45,0.44569599999999998,750,null,null,"CHP21",15,20,10,40,1.6,3.6348715789473691E-2,0,null,null,"CHP63",2,20,10,"N/A",0.45,0.37516463157894736,250]
["CHP22",20,5,0,30,6,5.2092879999999999,200,null,null,null,null,null,null,null,null,null,null,null,null,"CHP22",20,5,0,30,6,5.0799700000000003,350,null,null,null,null,null,null,null,null,null,null,null,null,"CHP22",20,5,0,30,6,4.458123157894736,50]
["CHP22",20,5,0,35,3,2.5399850000000002,350,null,null,null,null,null,null,null,null,null,null,null,null,"CHP22",20,5,0,35,3,2.7019439999999997,550,null,null,null,null,null,null,null,null,null,null,null,null,"CHP22",20,5,0,35,3,2.6088631578947363,150]
["CHP22",20,5,0,40,1.6,1.5421419999999997,500,null,null,null,null,null,null,null,null,null,null,null,null,"CHP22",20,5,0,40,1.6,1.5145339999999996,850,null,null,null,null,null,null,null,null,null,null,null,null,"CHP22",20,5,0,40,1.6,1.4637022105263156,250]
["CHP23",20,5,2.5,30,6,5.1040919999999996,200,null,null,null,null,null,null,null,null,null,null,null,null,"CHP23",20,5,2.5,30,6,5.0660259999999999,350,null,null,null,null,null,null,null,null,null,null,null,null,"CHP23",20,5,2.5,30,6,3.4597868421052627,50]
["CHP23",20,5,2.5,35,3,2.533013,350,null,null,null,null,null,null,null,null,null,null,null,null,"CHP23",20,5,2.5,35,3,2.7030919999999994,550,null,null,null,null,null,null,null,null,null,null,null,null,"CHP23",20,5,2.5,35,3,2.5120107894736838,150]
["CHP23",20,5,2.5,40,1.6,1.5428139999999999,500,null,null,null,null,null,null,null,null,null,null,null,null,"CHP23",20,5,2.5,40,1.6,1.5134559999999997,850,null,null,null,null,null,null,null,null,null,null,null,null,"CHP23",20,5,2.5,40,1.6,1.4473258947368421,250]
["CHP24",20,10,0,30,6,5.238281999999999,200,null,null,null,null,null,null,null,null,null,null,null,null,"CHP24",20,10,0,30,6,4.9405299999999999,350,null,null,null,null,null,null,null,null,null,null,null,null,"CHP24",20,10,0,30,6,3.2415305263157888,50]
["CHP24",20,10,0,35,3,2.4702649999999999,350,null,null,null,null,null,null,null,null,null,null,null,null,"CHP24",20,10,0,35,3,2.9520259999999996,500,null,null,null,null,null,null,null,null,null,null,null,null,"CHP24",20,10,0,35,3,2.6716347368421052,150]
["CHP24",20,10,0,40,1.6,1.4760129999999998,500,null,null,null,null,null,null,null,null,null,null,null,null,"CHP24",20,10,0,40,1.6,1.5357159999999999,800,null,null,null,null,null,null,null,null,null,null,null,null,"CHP24",20,10,0,40,1.6,1.4508616315789473,250]
["CHP25",20,10,5,30,6,2.467374,50,null,null,null,null,null,null,null,null,null,null,null,null,"CHP25",20,10,5,30,6,5.4060439999999996,300,null,null,null,null,null,null,null,null,null,null,null,null,"CHP25",20,10,5,30,6,0.90903252631578957,50]
["CHP25",20,10,5,35,3,2.7030219999999998,300,null,null,null,null,null,null,null,null,null,null,null,null,"CHP25",20,10,5,35,3,2.8039759999999996,500,null,null,null,null,null,null,null,null,null,null,null,null,"CHP25",20,10,5,35,3,0.90903252631578957,50]
["CHP25",20,10,5,40,1.6,1.4019879999999998,500,null,null,null,null,null,null,null,null,null,null,null,null,"CHP25",20,10,5,40,1.6,1.4975800000000001,800,null,null,null,null,null,null,null,null,null,null,null,null,"CHP25",20,10,5,40,1.6,1.5062600000000002,200]
["CHP26",20,20,0,30,6,5.5171689999999991,200,null,null,null,null,null,null,null,null,null,null,null,null,"CHP26",20,20,0,30,6,5.214734,350,null,null,null,null,null,null,null,null,null,null,null,null,"CHP26",20,20,0,30,6,2.2136394736842107,0]
["CHP26",20,20,0,35,3,2.607367,350,null,null,null,null,null,null,null,null,null,null,null,null,"CHP26",20,20,0,35,3,2.7222299999999993,550,null,null,null,null,null,null,null,null,null,null,null,null,"CHP26",20,20,0,35,3,2.2136394736842107,0]
["CHP26",20,20,0,40,1.6,1.5591170000000001,500,null,null,null,null,null,null,null,null,null,null,null,null,"CHP26",20,20,0,40,1.6,1.4881159999999998,850,null,null,null,null,null,null,null,null,null,null,null,null,"CHP26",20,20,0,40,1.6,1.5344685263157893,250]
["CHP27",20,20,5,30,6,1.090649,0,null,null,null,null,null,null,null,null,null,null,null,null,"CHP27",20,20,5,30,6,5.441338,300,null,null,null,null,null,null,null,null,null,null,null,null,"CHP27",20,20,5,30,6,0.40181805263157894,0]
["CHP27",20,20,5,35,3,2.720669,300,null,null,null,null,null,null,null,null,null,null,null,null,"CHP27",20,20,5,35,3,2.7201019999999994,500,null,null,null,null,null,null,null,null,null,null,null,null,"CHP27",20,20,5,35,3,0.40181805263157894,0]
["CHP27",20,20,5,40,1.6,1.5778279999999998,450,null,null,null,null,null,null,null,null,null,null,null,null,"CHP27",20,20,5,40,1.6,1.537466,750,null,null,null,null,null,null,null,null,null,null,null,null,"CHP27",20,20,5,40,1.6,1.560503,200]
["CHP28",20,20,10,30,6,9.0684299999999995E-2,0,null,null,null,null,null,null,null,null,null,null,null,null,"CHP28",20,20,10,30,6,0.18136859999999999,0,null,null,null,null,null,null,null,null,null,null,null,null,"CHP28",20,20,10,30,6,3.3410005263157891E-2,0]
["CHP28",20,20,10,35,3,9.0684299999999995E-2,0,null,null,null,null,null,null,null,null,null,null,null,null,"CHP28",20,20,10,35,3,2.9709540000000003,400,null,null,null,null,null,null,null,null,null,null,null,null,"CHP28",20,20,10,35,3,3.3410005263157891E-2,0]
["CHP28",20,20,10,40,1.6,1.4854769999999999,400,null,null,null,null,null,null,null,null,null,null,null,null,"CHP28",20,20,10,40,1.6,1.484896,700,null,null,null,null,null,null,null,null,null,null,null,null,"CHP28",20,20,10,40,1.6,3.3410005263157891E-2,0]
["CHP29",25,5,0,30,6,5.7510110000000001,200,null,null,null,null,null,null,null,null,null,null,null,null,"CHP29",25,5,0,30,6,5.7525579999999987,350,null,null,null,null,null,null,null,null,null,null,null,null,"CHP29",25,5,0,30,6,4.3780726315789469,50]
["CHP29",25,5,0,35,3,2.8762789999999998,350,null,null,null,null,null,null,null,null,null,null,null,null,"CHP29",25,5,0,35,3,2.730826,600,null,null,null,null,null,null,null,null,null,null,null,null,"CHP29",25,5,0,35,3,2.8259847368421052,150]
["CHP29",25,5,0,40,1.6,1.5390409999999999,550,null,null,null,null,null,null,null,null,null,null,null,null,"CHP29",25,5,0,40,1.6,1.4980979999999999,950,null,null,null,null,null,null,null,null,null,null,null,null,"CHP29",25,5,0,40,1.6,1.299995789473684,300]
["CHP30",25,5,2.5,30,6,5.6436519999999994,200,null,null,null,null,null,null,null,null,null,null,null,null,"CHP30",25,5,2.5,30,6,5.7388519999999987,350,null,null,null,null,null,null,null,null,null,null,null,null,"CHP30",25,5,2.5,30,6,3.4440552631578942,50]
["CHP30",25,5,2.5,35,3,2.8694259999999994,350,null,null,null,null,null,null,null,null,null,null,null,null,"CHP30",25,5,2.5,35,3,2.7333879999999997,600,null,null,null,null,null,null,null,null,null,null,null,null,"CHP30",25,5,2.5,35,3,2.7291452631578941,150]
["CHP30",25,5,2.5,40,1.6,1.5407699999999998,550,null,null,null,null,null,null,null,null,null,null,null,null,"CHP30",25,5,2.5,40,1.6,1.4969779999999999,950,null,null,null,null,null,null,null,null,null,null,null,null,"CHP30",25,5,2.5,40,1.6,1.2928649999999999,300]
["CHP31",25,10,0,30,6,5.7380819999999995,200,null,null,null,null,null,null,null,null,null,null,null,null,"CHP31",25,10,0,30,6,5.5534080000000001,350,null,null,null,null,null,null,null,null,null,null,null,null,"CHP31",25,10,0,30,6,3.2552505263157898,50]
["CHP31",25,10,0,35,3,2.7767040000000001,350,null,null,null,null,null,null,null,null,null,null,null,null,"CHP31",25,10,0,35,3,2.9251739999999997,550,null,null,null,null,null,null,null,null,null,null,null,null,"CHP31",25,10,0,35,3,2.8624510526315787,150]
["CHP31",25,10,0,40,1.6,1.4625869999999999,550,null,null,null,null,null,null,null,null,null,null,null,null,"CHP31",25,10,0,40,1.6,1.4974259999999999,900,null,null,null,null,null,null,null,null,null,null,null,null,"CHP31",25,10,0,40,1.6,1.2638931052631579,300]
["CHP32",25,10,5,30,6,2.3864259999999997,50,null,null,null,null,null,null,null,null,null,null,null,null,"CHP32",25,10,5,30,6,5.0703659999999999,350,null,null,null,null,null,null,null,null,null,null,null,null,"CHP32",25,10,5,30,6,0.87920957894736829,50]
["CHP32",25,10,5,35,3,2.535183,350,null,null,null,null,null,null,null,null,null,null,null,null,"CHP32",25,10,5,35,3,2.8156239999999997,550,null,null,null,null,null,null,null,null,null,null,null,null,"CHP32",25,10,5,35,3,0.87920957894736829,50]
["CHP32",25,10,5,40,1.6,1.4078119999999998,550,null,null,null,null,null,null,null,null,null,null,null,null,"CHP32",25,10,5,40,1.6,1.582546,850,null,null,null,null,null,null,null,null,null,null,null,null,"CHP32",25,10,5,40,1.6,1.3582181052631577,250]
["CHP33",25,20,0,30,6,4.7294939999999999,250,null,null,null,null,null,null,null,null,null,null,null,null,"CHP33",25,20,0,30,6,5.9770059999999994,350,null,null,null,null,null,null,null,null,null,null,null,null,"CHP33",25,20,0,30,6,2.2545286842105265,0]
["CHP33",25,20,0,35,3,2.9885029999999997,350,null,null,null,null,null,null,null,null,null,null,null,null,"CHP33",25,20,0,35,3,2.7618499999999999,600,null,null,null,null,null,null,null,null,null,null,null,null,"CHP33",25,20,0,35,3,2.2545286842105265,0]
["CHP33",25,20,0,40,1.6,1.5626519999999999,550,null,null,null,null,null,null,null,null,null,null,null,null,"CHP33",25,20,0,40,1.6,1.5842399999999999,900,null,null,null,null,null,null,null,null,null,null,null,null,"CHP33",25,20,0,40,1.6,1.3655784210526316,300]
["CHP34",25,20,5,30,6,1.0705169999999999,0,null,null,null,null,null,null,null,null,null,null,null,null,"CHP34",25,20,5,30,6,4.9919799999999999,350,null,null,null,null,null,null,null,null,null,null,null,null,"CHP34",25,20,5,30,6,0.394401,0]
["CHP34",25,20,5,35,3,2.4959899999999999,350,null,null,null,null,null,null,null,null,null,null,null,null,"CHP34",25,20,5,35,3,2.6958539999999993,550,null,null,null,null,null,null,null,null,null,null,null,null,"CHP34",25,20,5,35,3,0.394401,0]
["CHP34",25,20,5,40,1.6,1.540322,500,null,null,null,null,null,null,null,null,null,null,null,null,"CHP34",25,20,5,40,1.6,1.5994999999999999,800,null,null,null,null,null,null,null,null,null,null,null,null,"CHP34",25,20,5,40,1.6,1.3771398421052632,250]
["CHP35",25,20,10,30,6,8.4562099999999987E-2,0,null,null,null,null,null,null,null,null,null,null,null,null,"CHP35",25,20,10,30,6,0.16912419999999995,0,null,null,null,null,null,null,null,null,null,null,null,null,"CHP35",25,20,10,30,6,3.1154457894736837E-2,0]
["CHP35",25,20,10,35,3,8.4562099999999987E-2,0,null,null,null,null,null,null,null,null,null,null,null,null,"CHP35",25,20,10,35,3,2.9430939999999999,450,null,null,null,null,null,null,null,null,null,null,null,null,"CHP35",25,20,10,35,3,3.1154457894736837E-2,0]
["CHP35",25,20,10,40,1.6,1.4715469999999999,450,null,null,null,null,null,null,null,null,null,null,null,null,"CHP35",25,20,10,40,1.6,1.5597259999999999,750,null,null,null,null,null,null,null,null,null,null,null,null,"CHP35",25,20,10,40,1.6,3.1154457894736837E-2,0]
["CHP36",1,5,0,30,6,5.4911009999999996,50,null,null,null,null,null,null,null,null,null,null,null,null,"CHP36",1,5,0,30,6,4.4947419999999996,100,null,null,null,null,null,null,null,null,null,null,null,null,"CHP36",1,5,0,30,6,2.0230372105263155,50]
["CHP36",1,5,0,35,3,2.2473709999999998,100,null,null,null,null,null,null,null,null,null,null,null,null,"CHP36",1,5,0,35,3,2.4218879999999996,150,null,null,null,null,null,null,null,null,null,null,null,null,"CHP36",1,5,0,35,3,2.0230372105263155,50]
["CHP36",1,5,0,40,1.6,1.2109439999999998,150,null,null,null,null,null,null,null,null,null,null,null,null,"CHP36",1,5,0,40,1.6,1.5449279999999999,200,null,null,null,null,null,null,null,null,null,null,null,null,"CHP36",1,5,0,40,1.6,0.8279787894736842,100]
["CHP37",1,5,2.5,30,6,3.9100599999999996,50,null,null,null,null,null,null,null,null,null,null,null,null,"CHP37",1,5,2.5,30,6,3.8962139999999996,100,null,null,null,null,null,null,null,null,null,null,null,null,"CHP37",1,5,2.5,30,6,1.4405484210526314,50]
["CHP37",1,5,2.5,35,3,1.9481069999999998,100,null,null,null,null,null,null,null,null,null,null,null,null,"CHP37",1,5,2.5,35,3,2.240602,150,null,null,null,null,null,null,null,null,null,null,null,null,"CHP37",1,5,2.5,35,3,1.4405484210526314,50]
["CHP37",1,5,2.5,40,1.6,1.120301,150,null,null,null,null,null,null,null,null,null,null,null,null,"CHP37",1,5,2.5,40,1.6,1.4710779999999999,200,null,null,null,null,null,null,null,null,null,null,null,null,"CHP37",1,5,2.5,40,1.6,1.4405484210526314,50]
["CHP38",1,10,0,30,6,3.4829829999999999,50,null,null,null,null,null,null,null,null,null,null,null,null,"CHP38",1,10,0,30,6,4.0905339999999999,100,null,null,null,null,null,null,null,null,null,null,null,null,"CHP38",1,10,0,30,6,1.2832042631578946,50]
["CHP38",1,10,0,35,3,2.0452669999999999,100,null,null,null,null,null,null,null,null,null,null,null,null,"CHP38",1,10,0,35,3,2.2742019999999998,150,null,null,null,null,null,null,null,null,null,null,null,null,"CHP38",1,10,0,35,3,1.2832042631578946,50]
["CHP38",1,10,0,40,1.6,1.1371009999999999,150,null,null,null,null,null,null,null,null,null,null,null,null,"CHP38",1,10,0,40,1.6,1.4579740000000001,200,null,null,null,null,null,null,null,null,null,null,null,null,"CHP38",1,10,0,40,1.6,1.2832042631578946,50]
["CHP39",1,10,5,30,6,1.8990229999999997,0,null,null,null,null,null,null,null,null,null,null,null,null,"CHP39",1,10,5,30,6,3.7980459999999994,0,null,null,null,null,null,null,null,null,null,null,null,null,"CHP39",1,10,5,30,6,0.6996400526315788,0]
["CHP39",1,10,5,35,3,1.8990229999999997,0,null,null,null,null,null,null,null,null,null,null,null,null,"CHP39",1,10,5,35,3,2.1481459999999997,150,null,null,null,null,null,null,null,null,null,null,null,null,"CHP39",1,10,5,35,3,0.6996400526315788,0]
["CHP39",1,10,5,40,1.6,1.0740729999999998,150,null,null,null,null,null,null,null,null,null,null,null,null,"CHP39",1,10,5,40,1.6,1.4839440000000002,200,null,null,null,null,null,null,null,null,null,null,null,null,"CHP39",1,10,5,40,1.6,0.6996400526315788,0]
["CHP40",1,20,0,30,6,1.9139959999999998,50,null,null,null,null,null,null,null,null,null,null,null,null,"CHP40",1,20,0,30,6,3.8279919999999996,50,null,null,null,null,null,null,null,null,null,null,null,null,"CHP40",1,20,0,30,6,0.70515642105263154,50]
["CHP40",1,20,0,35,3,1.9139959999999998,50,null,null,null,null,null,null,null,null,null,null,null,null,"CHP40",1,20,0,35,3,2.5899299999999998,100,null,null,null,null,null,null,null,null,null,null,null,null,"CHP40",1,20,0,35,3,0.70515642105263154,50]
["CHP40",1,20,0,40,1.6,1.2949649999999999,100,null,null,null,null,null,null,null,null,null,null,null,null,"CHP40",1,20,0,40,1.6,1.1773901999999998,200,null,null,null,null,null,null,null,null,null,null,null,null,"CHP40",1,20,0,40,1.6,0.70515642105263154,50]
["CHP41",1,20,5,30,6,0.60894259999999989,0,null,null,null,null,null,null,null,null,null,null,null,null,"CHP41",1,20,5,30,6,1.2178851999999998,0,null,null,null,null,null,null,null,null,null,null,null,null,"CHP41",1,20,5,30,6,0.22434727368421048,0]
["CHP41",1,20,5,35,3,0.60894259999999989,0,null,null,null,null,null,null,null,null,null,null,null,null,"CHP41",1,20,5,35,3,1.2178851999999998,0,null,null,null,null,null,null,null,null,null,null,null,null,"CHP41",1,20,5,35,3,0.22434727368421048,0]
["CHP41",1,20,5,40,1.6,0.60894259999999989,0,null,null,null,null,null,null,null,null,null,null,null,null,"CHP41",1,20,5,40,1.6,1.5929899999999999,150,null,null,null,null,null,null,null,null,null,null,null,null,"CHP41",1,20,5,40,1.6,0.22434727368421048,0]
["CHP42",1,20,10,30,6,0.1173081,0,null,null,null,null,null,null,null,null,null,null,null,null,"CHP42",1,20,10,30,6,0.2346162,0,null,null,null,null,null,null,null,null,null,null,null,null,"CHP42",1,20,10,30,6,4.3218773684210531E-2,0]
["CHP42",1,20,10,35,3,0.1173081,0,null,null,null,null,null,null,null,null,null,null,null,null,"CHP42",1,20,10,35,3,0.2346162,0,null,null,null,null,null,null,null,null,null,null,null,null,"CHP42",1,20,10,35,3,4.3218773684210531E-2,0]
["CHP42",1,20,10,40,1.6,0.1173081,0,null,null,null,null,null,null,null,null,null,null,null,null,"CHP42",1,20,10,40,1.6,0.2346162,0,null,null,null,null,null,null,null,null,null,null,null,null,"CHP42",1,20,10,40,1.6,4.3218773684210531E-2,0]
["CHP43",2.5,5,0,30,6,4.059895,100,null,null,null,null,null,null,null,null,null,null,null,null,"CHP43",2.5,5,0,30,6,4.6065459999999998,150,null,null,null,null,null,null,null,null,null,null,null,null,"CHP43",2.5,5,0,30,6,3.1190563157894733,50]
["CHP43",2.5,5,0,35,3,2.3032729999999999,150,null,null,null,null,null,null,null,null,null,null,null,null,"CHP43",2.5,5,0,35,3,2.9948939999999995,200,null,null,null,null,null,null,null,null,null,null,null,null,"CHP43",2.5,5,0,35,3,1.4957507894736843,100]
["CHP43",2.5,5,0,40,1.6,1.4974469999999998,200,null,null,null,null,null,null,null,null,null,null,null,null,"CHP43",2.5,5,0,40,1.6,1.2918976,350,null,null,null,null,null,null,null,null,null,null,null,null,"CHP43",2.5,5,0,40,1.6,1.4957507894736843,100]
["CHP44",2.5,5,2.5,30,6,3.5715330000000001,100,null,null,null,null,null,null,null,null,null,null,null,null,"CHP44",2.5,5,2.5,30,6,4.3300039999999997,150,null,null,null,null,null,null,null,null,null,null,null,null,"CHP44",2.5,5,2.5,30,6,2.2461290526315785,50]
["CHP44",2.5,5,2.5,35,3,2.1650019999999999,150,null,null,null,null,null,null,null,null,null,null,null,null,"CHP44",2.5,5,2.5,35,3,2.8972160000000002,200,null,null,null,null,null,null,null,null,null,null,null,null,"CHP44",2.5,5,2.5,35,3,2.2461290526315785,50]
["CHP44",2.5,5,2.5,40,1.6,1.4486080000000001,200,null,null,null,null,null,null,null,null,null,null,null,null,"CHP44",2.5,5,2.5,40,1.6,1.2835424,350,null,null,null,null,null,null,null,null,null,null,null,null,"CHP44",2.5,5,2.5,40,1.6,1.3158279473684211,100]
["CHP45",2.5,10,0,30,6,5.5232239999999999,50,null,null,null,null,null,null,null,null,null,null,null,null,"CHP45",2.5,10,0,30,6,4.5704120000000001,150,null,null,null,null,null,null,null,null,null,null,null,null,"CHP45",2.5,10,0,30,6,2.034872,50]
["CHP45",2.5,10,0,35,3,2.2852060000000001,150,null,null,null,null,null,null,null,null,null,null,null,null,"CHP45",2.5,10,0,35,3,2.9821819999999994,200,null,null,null,null,null,null,null,null,null,null,null,null,"CHP45",2.5,10,0,35,3,2.034872,50]
["CHP45",2.5,10,0,40,1.6,1.4910909999999997,200,null,null,null,null,null,null,null,null,null,null,null,null,"CHP45",2.5,10,0,40,1.6,1.284297,350,null,null,null,null,null,null,null,null,null,null,null,null,"CHP45",2.5,10,0,40,1.6,1.4321204210526315,100]
["CHP46",2.5,10,5,30,6,2.5958869999999998,0,null,null,null,null,null,null,null,null,null,null,null,null,"CHP46",2.5,10,5,30,6,5.1917739999999997,0,null,null,null,null,null,null,null,null,null,null,null,null,"CHP46",2.5,10,5,30,6,0.95637942105263152,0]
["CHP46",2.5,10,5,35,3,2.5958869999999998,0,null,null,null,null,null,null,null,null,null,null,null,null,"CHP46",2.5,10,5,35,3,2.3281999999999998,250,null,null,null,null,null,null,null,null,null,null,null,null,"CHP46",2.5,10,5,35,3,0.95637942105263152,0]
["CHP46",2.5,10,5,40,1.6,1.5410779999999999,200,null,null,null,null,null,null,null,null,null,null,null,null,"CHP46",2.5,10,5,40,1.6,1.478064,350,null,null,null,null,null,null,null,null,null,null,null,null,"CHP46",2.5,10,5,40,1.6,0.95637942105263152,0]
["CHP47",2.5,20,0,30,6,3.229905,50,null,null,null,null,null,null,null,null,null,null,null,null,"CHP47",2.5,20,0,30,6,4.9127959999999993,100,null,null,null,null,null,null,null,null,null,null,null,null,"CHP47",2.5,20,0,30,6,1.1899650000000002,50]
["CHP47",2.5,20,0,35,3,2.4563979999999996,100,null,null,null,null,null,null,null,null,null,null,null,null,"CHP47",2.5,20,0,35,3,2.5455359999999998,200,null,null,null,null,null,null,null,null,null,null,null,null,"CHP47",2.5,20,0,35,3,1.1899650000000002,50]
["CHP47",2.5,20,0,40,1.6,1.2727679999999999,200,null,null,null,null,null,null,null,null,null,null,null,null,"CHP47",2.5,20,0,40,1.6,1.3895923999999999,300,null,null,null,null,null,null,null,null,null,null,null,null,"CHP47",2.5,20,0,40,1.6,1.1899650000000002,50]
["CHP48",2.5,20,5,30,6,0.87751999999999997,0,null,null,null,null,null,null,null,null,null,null,null,null,"CHP48",2.5,20,5,30,6,1.7550400000000002,0,null,null,null,null,null,null,null,null,null,null,null,null,"CHP48",2.5,20,5,30,6,0.32329684210526316,0]
["CHP48",2.5,20,5,35,3,0.87751999999999997,0,null,null,null,null,null,null,null,null,null,null,null,null,"CHP48",2.5,20,5,35,3,2.2925139999999997,200,null,null,null,null,null,null,null,null,null,null,null,null,"CHP48",2.5,20,5,35,3,0.32329684210526316,0]
["CHP48",2.5,20,5,40,1.6,1.1462569999999999,200,null,null,null,null,null,null,null,null,null,null,null,null,"CHP48",2.5,20,5,40,1.6,1.2943321999999999,300,null,null,null,null,null,null,null,null,null,null,null,null,"CHP48",2.5,20,5,40,1.6,0.32329684210526316,0]
["CHP49",2.5,20,10,30,6,0.14898309999999998,0,null,null,null,null,null,null,null,null,null,null,null,null,"CHP49",2.5,20,10,30,6,0.29796619999999996,0,null,null,null,null,null,null,null,null,null,null,null,null,"CHP49",2.5,20,10,30,6,5.4888510526315784E-2,0]
["CHP49",2.5,20,10,35,3,0.14898309999999998,0,null,null,null,null,null,null,null,null,null,null,null,null,"CHP49",2.5,20,10,35,3,0.29796619999999996,0,null,null,null,null,null,null,null,null,null,null,null,null,"CHP49",2.5,20,10,35,3,5.4888510526315784E-2,0]
["CHP49",2.5,20,10,40,1.6,0.14898309999999998,0,null,null,null,null,null,null,null,null,null,null,null,null,"CHP49",2.5,20,10,40,1.6,1.4232960000000001,300,null,null,null,null,null,null,null,null,null,null,null,null,"CHP49",2.5,20,10,40,1.6,5.4888510526315784E-2,0]
["CHP50",1.5,5,0,30,6,3.3710564999999999,100,null,null,null,null,null,null,null,null,null,null,null,null,"CHP50",1.5,5,0,30,6,3.6328319999999996,150,null,null,null,null,null,null,null,null,null,null,null,null,"CHP50",1.5,5,0,30,6,2.9738646994736837,50]
["CHP50",1.5,5,0,35,3,1.8164159999999998,150,null,null,null,null,null,null,null,null,null,null,null,null,"CHP50",1.5,5,0,35,3,2.3173919999999999,200,null,null,null,null,null,null,null,null,null,null,null,null,"CHP50",1.5,5,0,35,3,2.9738646994736837,50]
["CHP50",1.5,5,0,40,1.6,1.1586959999999999,200,null,null,null,null,null,null,null,null,null,null,null,null,"CHP50",1.5,5,0,40,1.6,1.2381725999999997,300,null,null,null,null,null,null,null,null,null,null,null,null,"CHP50",1.5,5,0,40,1.6,1.2419681842105263,100]
["CHP51",1.5,5,2.5,30,6,5.8650899999999995,50,null,null,null,null,null,null,null,null,null,null,null,null,"CHP51",1.5,5,2.5,30,6,5.844320999999999,100,null,null,null,null,null,null,null,null,null,null,null,null,"CHP51",1.5,5,2.5,30,6,2.1608226315789469,50]
["CHP51",1.5,5,2.5,35,3,2.9221604999999995,100,null,null,null,null,null,null,null,null,null,null,null,null,"CHP51",1.5,5,2.5,35,3,2.2066169999999996,200,null,null,null,null,null,null,null,null,null,null,null,null,"CHP51",1.5,5,2.5,35,3,2.1608226315789469,50]
["CHP51",1.5,5,2.5,40,1.6,1.1033084999999998,200,null,null,null,null,null,null,null,null,null,null,null,null,"CHP51",1.5,5,2.5,40,1.6,1.5869174999999998,250,null,null,null,null,null,null,null,null,null,null,null,null,"CHP51",1.5,5,2.5,40,1.6,1.0765854473684209,100]
["CHP52",1.5,10,0,30,6,5.2244744999999995,50,null,null,null,null,null,null,null,null,null,null,null,null,"CHP52",1.5,10,0,30,6,3.4113029999999998,150,null,null,null,null,null,null,null,null,null,null,null,null,"CHP52",1.5,10,0,30,6,1.9248063947368419,50]
["CHP52",1.5,10,0,35,3,1.7056514999999999,150,null,null,null,null,null,null,null,null,null,null,null,null,"CHP52",1.5,10,0,35,3,2.1869610000000002,200,null,null,null,null,null,null,null,null,null,null,null,null,"CHP52",1.5,10,0,35,3,1.9248063947368419,50]
["CHP52",1.5,10,0,40,1.6,1.0934805000000001,200,null,null,null,null,null,null,null,null,null,null,null,null,"CHP52",1.5,10,0,40,1.6,1.5507428999999999,250,null,null,null,null,null,null,null,null,null,null,null,null,"CHP52",1.5,10,0,40,1.6,1.1302791315789473,100]
["CHP53",1.5,10,5,30,6,2.8485344999999995,0,null,null,null,null,null,null,null,null,null,null,null,null,"CHP53",1.5,10,5,30,6,5.6970689999999991,0,null,null,null,null,null,null,null,null,null,null,null,null,"CHP53",1.5,10,5,30,6,1.0494600789473683,0]
["CHP53",1.5,10,5,35,3,2.8485344999999995,0,null,null,null,null,null,null,null,null,null,null,null,null,"CHP53",1.5,10,5,35,3,2.2259160000000002,200,null,null,null,null,null,null,null,null,null,null,null,null,"CHP53",1.5,10,5,35,3,1.0494600789473683,0]
["CHP53",1.5,10,5,40,1.6,1.1129580000000001,200,null,null,null,null,null,null,null,null,null,null,null,null,"CHP53",1.5,10,5,40,1.6,1.2674255999999997,300,null,null,null,null,null,null,null,null,null,null,null,null,"CHP53",1.5,10,5,40,1.6,1.0494600789473683,0]
["CHP54",1.5,20,0,30,6,2.8709939999999996,50,null,null,null,null,null,null,null,null,null,null,null,null,"CHP54",1.5,20,0,30,6,5.7419879999999992,50,null,null,null,null,null,null,null,null,null,null,null,null,"CHP54",1.5,20,0,30,6,1.0577346315789473,50]
["CHP54",1.5,20,0,35,3,2.8709939999999996,50,null,null,null,null,null,null,null,null,null,null,null,null,"CHP54",1.5,20,0,35,3,2.6697090000000001,150,null,null,null,null,null,null,null,null,null,null,null,null,"CHP54",1.5,20,0,35,3,1.0577346315789473,50]
["CHP54",1.5,20,0,40,1.6,1.3348545000000001,150,null,null,null,null,null,null,null,null,null,null,null,null,"CHP54",1.5,20,0,40,1.6,1.2610646999999999,250,null,null,null,null,null,null,null,null,null,null,null,null,"CHP54",1.5,20,0,40,1.6,1.0577346315789473,50]
["CHP55",1.5,20,5,30,6,0.91341389999999989,0,null,null,null,null,null,null,null,null,null,null,null,null,"CHP55",1.5,20,5,30,6,1.8268277999999998,0,null,null,null,null,null,null,null,null,null,null,null,null,"CHP55",1.5,20,5,30,6,0.33652091052631572,0]
["CHP55",1.5,20,5,35,3,0.91341389999999989,0,null,null,null,null,null,null,null,null,null,null,null,null,"CHP55",1.5,20,5,35,3,2.3894849999999996,150,null,null,null,null,null,null,null,null,null,null,null,null,"CHP55",1.5,20,5,35,3,0.33652091052631572,0]
["CHP55",1.5,20,5,40,1.6,0.91341389999999989,0,null,null,null,null,null,null,null,null,null,null,null,null,"CHP55",1.5,20,5,40,1.6,1.1861010000000001,250,null,null,null,null,null,null,null,null,null,null,null,null,"CHP55",1.5,20,5,40,1.6,0.33652091052631572,0]
["CHP56",1.5,20,10,30,6,0.17596214999999998,0,null,null,null,null,null,null,null,null,null,null,null,null,"CHP56",1.5,20,10,30,6,0.35192429999999997,0,null,null,null,null,null,null,null,null,null,null,null,null,"CHP56",1.5,20,10,30,6,6.4828160526315792E-2,0]
["CHP56",1.5,20,10,35,3,0.17596214999999998,0,null,null,null,null,null,null,null,null,null,null,null,null,"CHP56",1.5,20,10,35,3,0.35192429999999997,0,null,null,null,null,null,null,null,null,null,null,null,null,"CHP56",1.5,20,10,35,3,6.4828160526315792E-2,0]
["CHP56",1.5,20,10,40,1.6,0.17596214999999998,0,null,null,null,null,null,null,null,null,null,null,null,null,"CHP56",1.5,20,10,40,1.6,1.2274541999999999,250,null,null,null,null,null,null,null,null,null,null,null,null,"CHP56",1.5,20,10,40,1.6,6.4828160526315792E-2,0]
["CHP57",2,5,0,30,6,3.247916,100,null,null,null,null,null,null,null,null,null,null,null,null,"CHP57",2,5,0,30,6,3.6852367999999998,150,null,null,null,null,null,null,null,null,null,null,null,null,"CHP57",2,5,0,30,6,2.4952450526315788,50]
["CHP57",2,5,0,35,3,1.8426183999999999,150,null,null,null,null,null,null,null,null,null,null,null,null,"CHP57",2,5,0,35,3,2.3959151999999997,200,null,null,null,null,null,null,null,null,null,null,null,null,"CHP57",2,5,0,35,3,2.4952450526315788,50]
["CHP57",2,5,0,40,1.6,1.1979575999999998,200,null,null,null,null,null,null,null,null,null,null,null,null,"CHP57",2,5,0,40,1.6,1.2988864,300,null,null,null,null,null,null,null,null,null,null,null,null,"CHP57",2,5,0,40,1.6,1.1966006315789475,100]
["CHP58",2,5,2.5,30,6,4.8773087999999998,50,null,null,null,null,null,null,null,null,null,null,null,null,"CHP58",2,5,2.5,30,6,5.7144528000000001,100,null,null,null,null,null,null,null,null,null,null,null,null,"CHP58",2,5,2.5,30,6,1.7969032421052629,50]
["CHP58",2,5,2.5,35,3,2.8572264000000001,100,null,null,null,null,null,null,null,null,null,null,null,null,"CHP58",2,5,2.5,35,3,2.3177728000000002,200,null,null,null,null,null,null,null,null,null,null,null,null,"CHP58",2,5,2.5,35,3,1.7969032421052629,50]
["CHP58",2,5,2.5,40,1.6,1.1588864000000001,200,null,null,null,null,null,null,null,null,null,null,null,null,"CHP58",2,5,2.5,40,1.6,1.2841136,300,null,null,null,null,null,null,null,null,null,null,null,null,"CHP58",2,5,2.5,40,1.6,1.0526623578947369,100]
["CHP59",2,10,0,30,6,4.4185791999999999,50,null,null,null,null,null,null,null,null,null,null,null,null,"CHP59",2,10,0,30,6,3.6563296000000003,150,null,null,null,null,null,null,null,null,null,null,null,null,"CHP59",2,10,0,30,6,1.6278976000000001,50]
["CHP59",2,10,0,35,3,1.8281648000000001,150,null,null,null,null,null,null,null,null,null,null,null,null,"CHP59",2,10,0,35,3,2.3857455999999995,200,null,null,null,null,null,null,null,null,null,null,null,null,"CHP59",2,10,0,35,3,1.6278976000000001,50]
["CHP59",2,10,0,40,1.6,1.1928727999999997,200,null,null,null,null,null,null,null,null,null,null,null,null,"CHP59",2,10,0,40,1.6,1.2933648000000002,300,null,null,null,null,null,null,null,null,null,null,null,null,"CHP59",2,10,0,40,1.6,1.1456963368421051,100]
["CHP60",2,10,5,30,6,2.0767096,0,null,null,null,null,null,null,null,null,null,null,null,null,"CHP60",2,10,5,30,6,4.1534192000000001,0,null,null,null,null,null,null,null,null,null,null,null,null,"CHP60",2,10,5,30,6,0.76510353684210519,0]
["CHP60",2,10,5,35,3,2.0767096,0,null,null,null,null,null,null,null,null,null,null,null,null,"CHP60",2,10,5,35,3,2.4657247999999998,200,null,null,null,null,null,null,null,null,null,null,null,null,"CHP60",2,10,5,35,3,0.76510353684210519,0]
["CHP60",2,10,5,40,1.6,1.2328623999999999,200,null,null,null,null,null,null,null,null,null,null,null,null,"CHP60",2,10,5,40,1.6,1.4634031999999997,300,null,null,null,null,null,null,null,null,null,null,null,null,"CHP60",2,10,5,40,1.6,0.76510353684210519,0]
["CHP61",2,20,0,30,6,2.5839240000000001,50,null,null,null,null,null,null,null,null,null,null,null,null,"CHP61",2,20,0,30,6,5.1678480000000002,50,null,null,null,null,null,null,null,null,null,null,null,null,"CHP61",2,20,0,30,6,0.95197200000000015,50]
["CHP61",2,20,0,35,3,2.5839240000000001,50,null,null,null,null,null,null,null,null,null,null,null,null,"CHP61",2,20,0,35,3,2.0364287999999999,200,null,null,null,null,null,null,null,null,null,null,null,null,"CHP61",2,20,0,35,3,0.95197200000000015,50]
["CHP61",2,20,0,40,1.6,1.5055319999999999,150,null,null,null,null,null,null,null,null,null,null,null,null,"CHP61",2,20,0,40,1.6,1.4613871999999999,250,null,null,null,null,null,null,null,null,null,null,null,null,"CHP61",2,20,0,40,1.6,0.95197200000000015,50]
["CHP62",2,20,5,30,6,0.70201600000000008,0,null,null,null,null,null,null,null,null,null,null,null,null,"CHP62",2,20,5,30,6,1.4040320000000002,0,null,null,null,null,null,null,null,null,null,null,null,null,"CHP62",2,20,5,30,6,0.25863747368421053,0]
["CHP62",2,20,5,35,3,0.70201600000000008,0,null,null,null,null,null,null,null,null,null,null,null,null,"CHP62",2,20,5,35,3,2.6007967999999999,150,null,null,null,null,null,null,null,null,null,null,null,null,"CHP62",2,20,5,35,3,0.25863747368421053,0]
["CHP62",2,20,5,40,1.6,0.70201600000000008,0,null,null,null,null,null,null,null,null,null,null,null,null,"CHP62",2,20,5,40,1.6,1.3455903999999996,250,null,null,null,null,null,null,null,null,null,null,null,null,"CHP62",2,20,5,40,1.6,0.25863747368421053,0]
["CHP63",2,20,10,30,6,0.11918647999999998,0,null,null,null,null,null,null,null,null,null,null,null,null,"CHP63",2,20,10,30,6,0.23837295999999997,0,null,null,null,null,null,null,null,null,null,null,null,null,"CHP63",2,20,10,30,6,4.3910808421052626E-2,0]
["CHP63",2,20,10,35,3,0.11918647999999998,0,null,null,null,null,null,null,null,null,null,null,null,null,"CHP63",2,20,10,35,3,0.23837295999999997,0,null,null,null,null,null,null,null,null,null,null,null,null,"CHP63",2,20,10,35,3,4.3910808421052626E-2,0]
["CHP63",2,20,10,40,1.6,0.11918647999999998,0,null,null,null,null,null,null,null,null,null,null,null,null,"CHP63",2,20,10,40,1.6,1.4256255999999998,250,null,null,null,null,null,null,null,null,null,null,null,null,"CHP63",2,20,10,40,1.6,4.3910808421052626E-2,0]

{"sheet":"Peaking Lookup matrix","index":4,"n_rows":253,"n_cols":42,"rows_kept":253,"cut":false,"hidden":true,"merged":[]}
["Source group","Capacity","Stack height","Clearance ","Operational hours","Background","Acceptable PC","Unique NO2 PC","NO2 Screening distance",null,null,"Source group","Capacity","Stack height","Clearance ","Operational hours","Background","Acceptable PC","Unique NOX PC","NOX Screening distance",null,null,"Source group","Capacity","Stack height","Clearance ","Operational hours","Background","Acceptable PC","Unique NO2 PC","NO2 Screening distance",null,null,"Source group","Capacity","Stack height","Clearance ","Operational hours","Background","Acceptable PC","Unique NOX PC","NOX Screening distance"]
["Peak1",10,3,0,750,30,6,3.3045933219178076,50,null,null,"Peak1",10,3,0,750,"N/A",0.45,0.39063955479452062,300,null,null,"Peak1",10,3,0,750,30,6,2.8141797945205473,100,null,null,"Peak1",10,3,0,750,"N/A",0.45,0.43129109589041098,450]
["Peak1",10,3,0,750,35,3,1.4070898972602737,100,null,null,"Peak2",10,6,3,750,"N/A",0.45,0.36565924657534249,300,null,null,"Peak1",10,3,0,750,35,3,2.8141797945205473,100,null,null,"Peak2",10,6,3,750,"N/A",0.45,0.40474315068493155,450]
["Peak1",10,3,0,750,40,1.6,1.4070898972602737,100,null,null,"Peak3",10,10,7,750,"N/A",0.45,0.42579109589041092,250,null,null,"Peak1",10,3,0,750,40,1.6,1.5627619863013698,150,null,null,"Peak3",10,10,7,750,"N/A",0.45,0.43543150684931509,400]
["Peak2",10,6,3,750,30,6,1.9028193493150687,50,null,null,"Peak4",15,3,0,750,"N/A",0.45,0.41293407534246585,350,null,null,"Peak2",10,6,3,750,30,6,3.8056386986301374,50,null,null,"Peak4",15,3,0,750,"N/A",0.45,0.43036472602739723,550]
["Peak2",10,6,3,750,35,3,1.9028193493150687,50,null,null,"Peak5",15,6,3,750,"N/A",0.45,0.38895890410958911,350,null,null,"Peak2",10,6,3,750,35,3,2.3246832191780822,100,null,null,"Peak5",15,6,3,750,"N/A",0.45,0.40631849315068491,550]
["Peak2",10,6,3,750,40,1.6,1.1623416095890411,100,null,null,"Peak6",15,10,7,750,"N/A",0.45,0.44191523972602742,300,null,null,"Peak2",10,6,3,750,40,1.6,1.4024092465753426,150,null,null,"Peak6",15,10,7,750,"N/A",0.45,0.42636472602739728,500]
["Peak3",10,10,7,750,30,6,0.65804195205479454,0,null,null,"Peak7",20,3,0,750,"N/A",0.45,0.41379366438356158,400,null,null,"Peak3",10,10,7,750,30,6,1.3160839041095891,0,null,null,"Peak7",20,3,0,750,"N/A",0.45,0.4145958904109589,650]
["Peak3",10,10,7,750,35,3,0.65804195205479454,0,null,null,"Peak8",20,6,3,750,"N/A",0.45,0.39104452054794514,400,null,null,"Peak3",10,10,7,750,35,3,1.3160839041095891,0,null,null,"Peak8",20,6,3,750,"N/A",0.45,0.43999143835616439,600]
["Peak3",10,10,7,750,40,1.6,0.65804195205479454,0,null,null,"Peak9",20,10,7,750,"N/A",0.45,0.4353732876712329,350,null,null,"Peak3",10,10,7,750,40,1.6,1.3160839041095891,0,null,null,"Peak9",20,10,7,750,"N/A",0.45,0.40566952054794519,600]
["Peak4",15,3,0,750,30,6,3.9394957191780819,50,null,null,"Peak10",25,3,0,750,"N/A",0.45,0.40516181506849314,450,null,null,"Peak4",15,3,0,750,30,6,3.6024469178082192,100,null,null,"Peak10",25,3,0,750,"N/A",0.45,0.43546575342465754,700]
["Peak4",15,3,0,750,35,3,1.8012234589041096,100,null,null,"Peak11",25,6,3,750,"N/A",0.45,0.38373801369863009,450,null,null,"Peak4",15,3,0,750,35,3,2.0524743150684932,150,null,null,"Peak11",25,6,3,750,"N/A",0.45,0.41348801369863009,700]
["Peak4",15,3,0,750,40,1.6,1.0262371575342466,150,null,null,"Peak12",25,10,7,750,"N/A",0.45,0.41999657534246587,400,null,null,"Peak4",15,3,0,750,40,1.6,1.3400325342465753,200,null,null,"Peak12",25,10,7,750,"N/A",0.45,0.42438356164383567,650]
["Peak5",15,6,3,750,30,6,2.2478390410958902,50,null,null,"Peak13",30,3,0,750,"N/A",0.45,0.42910102739726019,550,null,null,"Peak5",15,6,3,750,30,6,4.4956780821917803,50,null,null,"Peak13",30,3,0,750,"N/A",0.45,0.4146695205479452,900]
["Peak5",15,6,3,750,35,3,2.2478390410958902,50,null,null,"Peak14",30,6,3,750,"N/A",0.45,0.40553767123287676,550,null,null,"Peak5",15,6,3,750,35,3,2.9520582191780824,100,null,null,"Peak14",30,6,3,750,"N/A",0.45,0.43083219178082194,850]
["Peak5",15,6,3,750,40,1.6,1.4760291095890408,100,null,null,"Peak15",30,10,7,750,"N/A",0.45,0.4261686643835616,500,null,null,"Peak5",15,6,3,750,40,1.6,1.2372619863013699,200,null,null,"Peak15",30,10,7,750,"N/A",0.45,0.43766267123287672,800]
["Peak6",15,10,7,750,30,6,0.76610445205479438,0,null,null,"Peak16",40,3,0,750,"N/A",0.45,0.41357106164383567,650,null,null,"Peak6",15,10,7,750,30,6,1.5322089041095888,0,null,null,"Peak16",40,3,0,750,"N/A",0.45,0.44106335616438358,1000]
["Peak6",15,10,7,750,35,3,0.76610445205479438,0,null,null,"Peak17",40,6,3,750,"N/A",0.45,0.4392397260273973,600,null,null,"Peak6",15,10,7,750,35,3,1.5322089041095888,0,null,null,"Peak17",40,6,3,750,"N/A",0.45,0.42172431506849317,1000]
["Peak6",15,10,7,750,40,1.6,0.76610445205479438,0,null,null,"Peak18",40,10,7,750,"N/A",0.45,0.40551883561643842,600,null,null,"Peak6",15,10,7,750,40,1.6,1.4597397260273974,150,null,null,"Peak18",40,10,7,750,"N/A",0.45,0.42474657534246574,950]
["Peak7",20,3,0,750,30,6,4.4100419520547938,50,null,null,"Peak19",50,3,0,750,"N/A",0.45,0.43450342465753428,700,null,null,"Peak7",20,3,0,750,30,6,4.2468784246575337,100,null,null,"Peak19",50,3,0,750,"N/A",0.45,0.39806164383561643,1200]
["Peak7",20,3,0,750,35,3,2.1234392123287669,100,null,null,"Peak20",50,6,3,750,"N/A",0.45,0.41289811643835622,700,null,null,"Peak7",20,3,0,750,35,3,2.4682791095890413,150,null,null,"Peak20",50,6,3,750,"N/A",0.45,0.43335958904109584,1100]
["Peak7",20,3,0,750,40,1.6,1.2341395547945206,150,null,null,"Peak21",50,10,7,750,"N/A",0.45,0.42424315068493146,650,null,null,"Peak7",20,3,0,750,40,1.6,1.1649030821917807,250,null,null,"Peak21",50,10,7,750,"N/A",0.45,0.4067157534246576,1100]
["Peak8",20,6,3,750,30,6,2.4943613013698624,50,null,null,"Peak1",10,3,0,1000,"N/A",0.45,0.41501712328767121,350,null,null,"Peak8",20,6,3,750,30,6,4.9887226027397249,50,null,null,"Peak1",10,3,0,1000,"N/A",0.45,0.42721917808219179,550]
["Peak8",20,6,3,750,35,3,2.4943613013698624,50,null,null,"Peak2",10,6,3,1000,"N/A",0.45,0.38851940639269406,350,null,null,"Peak8",20,6,3,750,35,3,2.1944999999999997,150,null,null,"Peak2",10,6,3,1000,"N/A",0.45,0.40299999999999997,550]
["Peak8",20,6,3,750,40,1.6,1.0972499999999998,150,null,null,"Peak3",10,10,7,1000,"N/A",0.45,0.43918150684931506,300,null,null,"Peak8",20,6,3,750,40,1.6,1.4979640410958899,200,null,null,"Peak3",10,10,7,1000,"N/A",0.45,0.42183105022831052,500]
["Peak9",20,10,7,750,30,6,0.84050941780821919,0,null,null,"Peak4",15,3,0,1000,"N/A",0.45,0.38290410958904109,450,null,null,"Peak9",20,10,7,750,30,6,1.6810188356164379,0,null,null,"Peak4",15,3,0,1000,"N/A",0.45,0.44958219178082193,650]
["Peak9",20,10,7,750,35,3,0.84050941780821919,0,null,null,"Peak5",15,6,3,1000,"N/A",0.45,0.42695433789954346,400,null,null,"Peak9",20,10,7,750,35,3,1.6810188356164379,0,null,null,"Peak5",15,6,3,1000,"N/A",0.45,0.4261415525114155,650]
["Peak9",20,10,7,750,40,1.6,0.84050941780821919,0,null,null,"Peak6",15,10,7,1000,"N/A",0.45,0.3907248858447489,400,null,null,"Peak9",20,10,7,750,40,1.6,1.279513698630137,200,null,null,"Peak6",15,10,7,1000,"N/A",0.45,0.43962557077625569,600]
["Peak10",25,3,0,750,30,6,4.766718321917808,50,null,null,"Peak7",20,3,0,1000,"N/A",0.45,0.40133561643835614,500,null,null,"Peak10",25,3,0,750,30,6,4.7872089041095887,100,null,null,"Peak7",20,3,0,1000,"N/A",0.45,0.4495456621004566,750]
["Peak10",25,3,0,750,35,3,2.3936044520547943,100,null,null,"Peak8",20,6,3,1000,"N/A",0.45,0.44012899543378992,450,null,null,"Peak10",25,3,0,750,35,3,2.8274606164383562,150,null,null,"Peak8",20,6,3,1000,"N/A",0.45,0.42748173515981741,750]
["Peak10",25,3,0,750,40,1.6,1.4137303082191779,150,null,null,"Peak9",20,10,7,1000,"N/A",0.45,0.40546917808219185,450,null,null,"Peak10",25,3,0,750,40,1.6,1.3514434931506849,250,null,null,"Peak9",20,10,7,1000,"N/A",0.45,0.43638812785388137,700]
["Peak11",25,6,3,750,30,6,2.6736583904109588,50,null,null,"Peak10",25,3,0,1000,"N/A",0.45,0.40723630136986311,550,null,null,"Peak11",25,6,3,750,30,6,5.3473167808219184,50,null,null,"Peak10",25,3,0,1000,"N/A",0.45,0.44005022831050222,850]
["Peak11",25,6,3,750,35,3,2.6736583904109588,50,null,null,"Peak11",25,6,3,1000,"N/A",0.45,0.44054223744292237,500,null,null,"Peak11",25,6,3,750,35,3,2.5029674657534251,150,null,null,"Peak11",25,6,3,1000,"N/A",0.45,0.41940410958904112,850]
["Peak11",25,6,3,750,40,1.6,1.2514837328767126,150,null,null,"Peak12",25,10,7,1000,"N/A",0.45,0.40778310502283105,500,null,null,"Peak11",25,6,3,750,40,1.6,1.263859589041096,250,null,null,"Peak12",25,10,7,1000,"N/A",0.45,0.42486073059360729,800]
["Peak12",25,10,7,750,30,6,0.89252996575342469,0,null,null,"Peak13",30,3,0,1000,"N/A",0.45,0.44836301369863008,650,null,null,"Peak12",25,10,7,750,30,6,1.7850599315068489,0,null,null,"Peak13",30,3,0,1000,"N/A",0.45,0.40893835616438362,1100]
["Peak12",25,10,7,750,35,3,0.89252996575342469,0,null,null,"Peak14",30,6,3,1000,"N/A",0.45,0.42540753424657529,650,null,null,"Peak12",25,10,7,750,35,3,1.7850599315068489,0,null,null,"Peak14",30,6,3,1000,"N/A",0.45,0.39138356164383559,1100]
["Peak12",25,10,7,750,40,1.6,0.89252996575342469,0,null,null,"Peak15",30,10,7,1000,"N/A",0.45,0.43947146118721464,600,null,null,"Peak12",25,10,7,750,40,1.6,1.4701917808219176,200,null,null,"Peak15",30,10,7,1000,"N/A",0.45,0.42172374429223747,1000]
["Peak13",30,3,0,750,30,6,3.6000017123287669,100,null,null,"Peak16",40,3,0,1000,"N/A",0.45,0.44851826484018265,750,null,null,"Peak13",30,3,0,750,30,6,4.09141609589041,150,null,null,"Peak16",40,3,0,1000,"N/A",0.45,0.44850228310502288,1200]
["Peak13",30,3,0,750,35,3,2.045708047945205,150,null,null,"Peak17",40,6,3,1000,"N/A",0.45,0.4268550228310502,750,null,null,"Peak13",30,3,0,750,35,3,2.6697688356164382,200,null,null,"Peak17",40,6,3,1000,"N/A",0.45,0.42965525114155251,1200]
["Peak13",30,3,0,750,40,1.6,1.3348844178082189,200,null,null,"Peak18",40,10,7,1000,"N/A",0.45,0.43626369863013703,700,null,null,"Peak13",30,3,0,750,40,1.6,1.4473818493150687,300,null,null,"Peak18",40,10,7,1000,"N/A",0.45,0.40381963470319637,1200]
["Peak14",30,6,3,750,30,6,4.2258125,50,null,null,"Peak19",50,3,0,1000,"N/A",0.45,0.43918493150684929,850,null,null,"Peak14",30,6,3,750,30,6,5.8558476027397246,100,null,null,"Peak19",50,3,0,1000,"N/A",0.45,0.4227146118721461,1400]
["Peak14",30,6,3,750,35,3,2.9279238013698627,100,null,null,"Peak20",50,6,3,1000,"N/A",0.45,0.41889041095890411,850,null,null,"Peak14",30,6,3,750,35,3,2.4662654109589037,200,null,null,"Peak20",50,6,3,1000,"N/A",0.45,0.40587214611872147,1400]
["Peak14",30,6,3,750,40,1.6,1.2331327054794519,200,null,null,"Peak21",50,10,7,1000,"N/A",0.45,0.42476141552511409,800,null,null,"Peak14",30,6,3,750,40,1.6,1.3638613013698628,300,null,null,"Peak21",50,10,7,1000,"N/A",0.45,0.4263744292237443,1300]
["Peak15",30,10,7,750,30,6,1.4551549657534244,0,null,null,"Peak1",10,3,0,1500,"N/A",0.45,0.43129109589041104,450,null,null,"Peak15",30,10,7,750,30,6,2.9103099315068497,0,null,null,"Peak1",10,3,0,1500,"N/A",0.45,0.44578082191780821,700]
["Peak15",30,10,7,750,35,3,1.4551549657534244,0,null,null,"Peak2",10,6,3,1500,"N/A",0.45,0.40474315068493155,450,null,null,"Peak15",30,10,7,750,35,3,2.8968133561643832,150,null,null,"Peak2",10,6,3,1500,"N/A",0.45,0.422527397260274,700]
["Peak15",30,10,7,750,40,1.6,1.4484066780821916,150,null,null,"Peak3",10,10,7,1500,"N/A",0.45,0.43543150684931509,400,null,null,"Peak15",30,10,7,750,40,1.6,1.5876575342465753,250,null,null,"Peak3",10,10,7,1500,"N/A",0.45,0.43383219178082194,650]
["Peak16",40,3,0,750,30,6,4.242982876712329,100,null,null,"Peak4",15,3,0,1500,"N/A",0.45,0.43036472602739728,550,null,null,"Peak16",40,3,0,750,30,6,4.9199691780821908,150,null,null,"Peak4",15,3,0,1500,"N/A",0.45,0.41565068493150686,900]
["Peak16",40,3,0,750,35,3,2.4599845890410954,150,null,null,"Peak5",15,6,3,1500,"N/A",0.45,0.40631849315068497,550,null,null,"Peak16",40,3,0,750,35,3,2.3214589041095888,250,null,null,"Peak5",15,6,3,1500,"N/A",0.45,0.43145890410958904,850]
["Peak16",40,3,0,750,40,1.6,1.1607294520547944,250,null,null,"Peak6",15,10,7,1500,"N/A",0.45,0.42636472602739728,500,null,null,"Peak16",40,3,0,750,40,1.6,1.4033321917808219,350,null,null,"Peak6",15,10,7,1500,"N/A",0.45,0.43774315068493153,800]
["Peak17",40,6,3,750,30,6,4.6940753424657533,50,null,null,"Peak7",20,3,0,1500,"N/A",0.45,0.41459589041095896,650,null,null,"Peak17",40,6,3,750,30,6,4.368287671232876,150,null,null,"Peak7",20,3,0,1500,"N/A",0.45,0.44192808219178081,1000]
["Peak17",40,6,3,750,35,3,2.184143835616438,150,null,null,"Peak8",20,6,3,1500,"N/A",0.45,0.43999143835616439,600,null,null,"Peak17",40,6,3,750,35,3,2.9855239726027394,200,null,null,"Peak8",20,6,3,1500,"N/A",0.45,0.42222945205479451,1000]
["Peak17",40,6,3,750,40,1.6,1.4927619863013697,200,null,null,"Peak9",20,10,7,1500,"N/A",0.45,0.40566952054794525,600,null,null,"Peak17",40,6,3,750,40,1.6,1.3277585616438354,350,null,null,"Peak9",20,10,7,1500,"N/A",0.45,0.4248082191780822,950]
["Peak18",40,10,7,750,30,6,1.6046900684931507,0,null,null,"Peak10",25,3,0,1500,"N/A",0.45,0.43546575342465754,700,null,null,"Peak18",40,10,7,750,30,6,3.2093801369863013,0,null,null,"Peak10",25,3,0,1500,"N/A",0.45,0.39870205479452053,1200]
["Peak18",40,10,7,750,35,3,1.6046900684931507,0,null,null,"Peak11",25,6,3,1500,"N/A",0.45,0.41348801369863014,700,null,null,"Peak18",40,10,7,750,35,3,2.5496421232876711,200,null,null,"Peak11",25,6,3,1500,"N/A",0.45,0.43379109589041093,1100]
["Peak18",40,10,7,750,40,1.6,1.2748210616438356,200,null,null,"Peak12",25,10,7,1500,"N/A",0.45,0.42438356164383567,650,null,null,"Peak18",40,10,7,750,40,1.6,1.5117243150684931,300,null,null,"Peak12",25,10,7,1500,"N/A",0.45,0.40676369863013706,1100]
["Peak19",50,3,0,750,30,6,4.779717465753424,100,null,null,"Peak13",30,3,0,1500,"N/A",0.45,0.41466952054794531,900,null,null,"Peak19",50,3,0,750,30,6,5.6362345890410959,150,null,null,"Peak13",30,3,0,1500,"N/A",0.45,0.42656506849315068,1400]
["Peak19",50,3,0,750,35,3,2.8181172945205479,150,null,null,"Peak14",30,6,3,1500,"N/A",0.45,0.43083219178082194,850,null,null,"Peak19",50,3,0,750,35,3,2.6934897260273969,250,null,null,"Peak14",30,6,3,1500,"N/A",0.45,0.40926712328767123,1400]
["Peak19",50,3,0,750,40,1.6,1.3467448630136984,250,null,null,"Peak15",30,10,7,1500,"N/A",0.45,0.43766267123287672,800,null,null,"Peak19",50,3,0,750,40,1.6,1.3399126712328766,400,null,null,"Peak15",30,10,7,1500,"N/A",0.45,0.42998630136986299,1300]
["Peak20",50,6,3,750,30,6,5.0333176369863013,50,null,null,"Peak16",40,3,0,1500,"N/A",0.45,0.44106335616438358,1000,null,null,"Peak20",50,6,3,750,30,6,4.9802243150684928,150,null,null,"Peak16",40,3,0,1500,"N/A",0.45,0.4382328767123288,1600]
["Peak20",50,6,3,750,35,3,2.4901121575342464,150,null,null,"Peak17",40,6,3,1500,"N/A",0.45,0.42172431506849323,1000,null,null,"Peak20",50,6,3,750,35,3,2.5205154109589043,250,null,null,"Peak17",40,6,3,1500,"N/A",0.45,0.42096575342465753,1600]
["Peak20",50,6,3,750,40,1.6,1.2602577054794522,250,null,null,"Peak18",40,10,7,1500,"N/A",0.45,0.42474657534246574,950,null,null,"Peak20",50,6,3,750,40,1.6,1.5448904109589041,350,null,null,"Peak18",40,10,7,1500,"N/A",0.45,0.43766438356164378,1500]
["Peak21",50,10,7,750,30,6,1.7111883561643833,0,null,null,"Peak19",50,3,0,1500,"N/A",0.45,0.39806164383561649,1200,null,null,"Peak21",50,10,7,750,30,6,3.4223767123287674,0,null,null,"Peak19",50,3,0,1500,"N/A",0.45,0.4376472602739726,1800]
["Peak21",50,10,7,750,35,3,1.7111883561643833,0,null,null,"Peak20",50,6,3,1500,"N/A",0.45,0.43335958904109584,1100,null,null,"Peak21",50,10,7,750,35,3,2.9289606164383559,200,null,null,"Peak20",50,6,3,1500,"N/A",0.45,0.42118493150684932,1800]
["Peak21",50,10,7,750,40,1.6,1.464480308219178,200,null,null,"Peak21",50,10,7,1500,"N/A",0.45,0.40671575342465754,1100,null,null,"Peak21",50,10,7,750,40,1.6,1.419501712328767,350,null,null,"Peak21",50,10,7,1500,"N/A",0.45,0.4342671232876712,1700]
["Peak1",10,3,0,1000,30,6,4.4061244292237438,50,null,null,"Peak1",10,3,0,2250,"N/A",0.45,0.42183904109589043,600,null,null,"Peak1",10,3,0,1000,30,6,3.7522397260273967,100,null,null,"Peak1",10,3,0,2250,"N/A",0.45,0.42013818493150684,950]
["Peak1",10,3,0,1000,35,3,1.8761198630136984,100,null,null,"Peak2",10,6,3,2250,"N/A",0.45,0.39875856164383561,600,null,null,"Peak1",10,3,0,1000,35,3,2.083682648401826,150,null,null,"Peak2",10,6,3,2250,"N/A",0.45,0.43406660958904114,900]
["Peak1",10,3,0,1000,40,1.6,1.041841324200913,150,null,null,"Peak3",10,10,7,2250,"N/A",0.45,0.41410017123287673,550,null,null,"Peak1",10,3,0,1000,40,1.6,1.3472746575342467,200,null,null,"Peak3",10,10,7,2250,"N/A",0.45,0.43836626712328763,850]
["Peak2",10,6,3,1000,30,6,2.5370924657534246,50,null,null,"Peak4",15,3,0,2250,"N/A",0.45,0.40933047945205481,750,null,null,"Peak2",10,6,3,1000,30,6,5.0741849315068492,50,null,null,"Peak4",15,3,0,2250,"N/A",0.45,0.40439229452054792,1200]
["Peak2",10,6,3,1000,35,3,2.5370924657534246,50,null,null,"Peak5",15,6,3,2250,"N/A",0.45,0.43043835616438353,700,null,null,"Peak2",10,6,3,1000,35,3,1.86987899543379,150,null,null,"Peak5",15,6,3,2250,"N/A",0.45,0.44085513698630141,1100]
["Peak2",10,6,3,1000,40,1.6,1.549788812785388,100,null,null,"Peak6",15,10,7,2250,"N/A",0.45,0.4417268835616438,650,null,null,"Peak2",10,6,3,1000,40,1.6,1.2447821917808219,200,null,null,"Peak6",15,10,7,2250,"N/A",0.45,0.41246815068493153,1100]
["Peak3",10,10,7,1000,30,6,0.87738926940639272,0,null,null,"Peak7",20,3,0,2250,"N/A",0.45,0.42127910958904113,850,null,null,"Peak3",10,10,7,1000,30,6,1.7547785388127854,0,null,null,"Peak7",20,3,0,2250,"N/A",0.45,0.44859657534246572,1300]
["Peak3",10,10,7,1000,35,3,0.87738926940639272,0,null,null,"Peak8",20,6,3,2250,"N/A",0.45,0.43828510273972604,800,null,null,"Peak3",10,10,7,1000,35,3,1.7547785388127854,0,null,null,"Peak8",20,6,3,2250,"N/A",0.45,0.42978082191780825,1300]
["Peak3",10,10,7,1000,40,1.6,0.87738926940639272,0,null,null,"Peak9",20,10,7,2250,"N/A",0.45,0.44574143835616437,750,null,null,"Peak3",10,10,7,1000,40,1.6,1.4995086757990868,150,null,null,"Peak9",20,10,7,2250,"N/A",0.45,0.40434965753424662,1300]
["Peak4",15,3,0,1000,30,6,5.2526609589041096,50,null,null,"Peak10",25,3,0,2250,"N/A",0.45,0.42138698630136989,950,null,null,"Peak4",15,3,0,1000,30,6,4.8032625570776259,100,null,null,"Peak10",25,3,0,2250,"N/A",0.45,0.43011164383561651,1500]
["Peak4",15,3,0,1000,35,3,2.401631278538813,100,null,null,"Peak11",25,6,3,2250,"N/A",0.45,0.43487928082191779,900,null,null,"Peak4",15,3,0,1000,35,3,2.7366324200913241,150,null,null,"Peak11",25,6,3,2250,"N/A",0.45,0.412991095890411,1500]
["Peak4",15,3,0,1000,40,1.6,1.3683162100456621,150,null,null,"Peak12",25,10,7,2250,"N/A",0.45,0.43930222602739727,850,null,null,"Peak4",15,3,0,1000,40,1.6,1.2746984018264838,250,null,null,"Peak12",25,10,7,2250,"N/A",0.45,0.43099931506849321,1400]
["Peak5",15,6,3,1000,30,6,2.9971187214611872,50,null,null,"Peak13",30,3,0,2250,"N/A",0.45,0.40354623287671232,1200,null,null,"Peak5",15,6,3,1000,30,6,5.9942374429223744,50,null,null,"Peak13",30,3,0,2250,"N/A",0.45,0.44061780821917812,1800]
["Peak5",15,6,3,1000,35,3,2.9971187214611872,50,null,null,"Peak14",30,6,3,2250,"N/A",0.45,0.4403065068493151,1100,null,null,"Peak5",15,6,3,1000,35,3,2.4442625570776255,150,null,null,"Peak14",30,6,3,2250,"N/A",0.45,0.42196489726027403,1800]
["Peak5",15,6,3,1000,40,1.6,1.2221312785388128,150,null,null,"Peak15",30,10,7,2250,"N/A",0.45,0.41243321917808218,1100,null,null,"Peak5",15,6,3,1000,40,1.6,1.1936358447488582,250,null,null,"Peak15",30,10,7,2250,"N/A",0.45,0.43489160958904111,1700]
["Peak6",15,10,7,1000,30,6,1.0214726027397258,0,null,null,"Peak16",40,3,0,2250,"N/A",0.45,0.44783219178082195,1300,null,null,"Peak6",15,10,7,1000,30,6,2.0429452054794517,0,null,null,"Peak16",40,3,0,2250,"N/A",0.45,{"$error":"#N/A"},2100]
["Peak6",15,10,7,1000,35,3,1.0214726027397258,0,null,null,"Peak17",40,6,3,2250,"N/A",0.45,0.42933390410958905,1300,null,null,"Peak6",15,10,7,1000,35,3,2.0429452054794517,0,null,null,"Peak17",40,6,3,2250,"N/A",0.45,{"$error":"#N/A"},2100]
["Peak6",15,10,7,1000,40,1.6,1.0214726027397258,0,null,null,"Peak18",40,10,7,2250,"N/A",0.45,0.40431934931506847,1300,null,null,"Peak6",15,10,7,1000,40,1.6,1.413119406392694,200,null,null,"Peak18",40,10,7,2250,"N/A",0.45,0.43252500000000005,2000]
["Peak7",20,3,0,1000,30,6,5.8800559360730587,50,null,null,"Peak19",50,3,0,2250,"N/A",0.45,0.42949828767123294,1500,null,null,"Peak7",20,3,0,1000,30,6,5.6625045662100453,100,null,null,"Peak19",50,3,0,2250,"N/A",0.45,{"$error":"#N/A"},2400]
["Peak7",20,3,0,1000,35,3,2.8312522831050226,100,null,null,"Peak20",50,6,3,2250,"N/A",0.45,0.41264897260273969,1500,null,null,"Peak7",20,3,0,1000,35,3,2.168945205479452,200,null,null,"Peak20",50,6,3,2250,"N/A",0.45,{"$error":"#N/A"},2300]
["Peak7",20,3,0,1000,40,1.6,1.084472602739726,200,null,null,"Peak21",50,10,7,2250,"N/A",0.45,0.43097517123287665,1400,null,null,"Peak7",20,3,0,1000,40,1.6,1.553204109589041,250,null,null,"Peak21",50,10,7,2250,"N/A",0.45,{"$error":"#N/A"},2300]
["Peak8",20,6,3,1000,30,6,3.3258150684931502,50,null,null,null,null,null,null,null,null,null,null,null,null,null,"Peak8",20,6,3,1000,30,6,4.6096278538812792,100]
["Peak8",20,6,3,1000,35,3,2.3048139269406391,100,null,null,null,null,null,null,null,null,null,null,null,null,null,"Peak8",20,6,3,1000,35,3,2.9259999999999993,150]
["Peak8",20,6,3,1000,40,1.6,1.4629999999999996,150,null,null,null,null,null,null,null,null,null,null,null,null,null,"Peak8",20,6,3,1000,40,1.6,1.4543666666666668,250]
["Peak9",20,10,7,1000,30,6,1.1206792237442922,0,null,null,null,null,null,null,null,null,null,null,null,null,null,"Peak9",20,10,7,1000,30,6,2.2413584474885839,0]
["Peak9",20,10,7,1000,35,3,1.1206792237442922,0,null,null,null,null,null,null,null,null,null,null,null,null,null,"Peak9",20,10,7,1000,35,3,2.317063926940639,150]
["Peak9",20,10,7,1000,40,1.6,1.1206792237442922,0,null,null,null,null,null,null,null,null,null,null,null,null,null,"Peak9",20,10,7,1000,40,1.6,1.2907968036529682,250]
["Peak10",25,3,0,1000,30,6,3.1914726027397258,100,null,null,null,null,null,null,null,null,null,null,null,null,null,"Peak10",25,3,0,1000,30,6,3.7699474885844748,150]
["Peak10",25,3,0,1000,35,3,1.884973744292237,150,null,null,null,null,null,null,null,null,null,null,null,null,null,"Peak10",25,3,0,1000,35,3,2.5053127853881274,200]
["Peak10",25,3,0,1000,40,1.6,1.2526563926940637,200,null,null,null,null,null,null,null,null,null,null,null,null,null,"Peak10",25,3,0,1000,40,1.6,1.371296803652968,300]
["Peak11",25,6,3,1000,30,6,3.5648778538812778,50,null,null,null,null,null,null,null,null,null,null,null,null,null,"Peak11",25,6,3,1000,30,6,5.1607260273972599,100]
["Peak11",25,6,3,1000,35,3,2.58036301369863,100,null,null,null,null,null,null,null,null,null,null,null,null,null,"Peak11",25,6,3,1000,35,3,2.3011780821917807,200]
["Peak11",25,6,3,1000,40,1.6,1.1505890410958903,200,null,null,null,null,null,null,null,null,null,null,null,null,null,"Peak11",25,6,3,1000,40,1.6,1.2941226027397259,300]
["Peak12",25,10,7,1000,30,6,1.1900399543378994,0,null,null,null,null,null,null,null,null,null,null,null,null,null,"Peak12",25,10,7,1000,30,6,2.3800799086757989,0]
["Peak12",25,10,7,1000,35,3,1.1900399543378994,0,null,null,null,null,null,null,null,null,null,null,null,null,null,"Peak12",25,10,7,1000,35,3,2.6307694063926936,150]
["Peak12",25,10,7,1000,40,1.6,1.3153847031963468,150,null,null,null,null,null,null,null,null,null,null,null,null,null,"Peak12",25,10,7,1000,40,1.6,1.4938047945205477,250]
["Peak13",30,3,0,1000,30,6,4.8000022831050231,100,null,null,null,null,null,null,null,null,null,null,null,null,null,"Peak13",30,3,0,1000,30,6,5.4552214611872136,150]
["Peak13",30,3,0,1000,35,3,2.7276107305936068,150,null,null,null,null,null,null,null,null,null,null,null,null,null,"Peak13",30,3,0,1000,35,3,2.5398333333333332,250]
["Peak13",30,3,0,1000,40,1.6,1.2699166666666666,250,null,null,null,null,null,null,null,null,null,null,null,null,null,"Peak13",30,3,0,1000,40,1.6,1.5362858447488583,350]
["Peak14",30,6,3,1000,30,6,5.6344166666666666,50,null,null,null,null,null,null,null,null,null,null,null,null,null,"Peak14",30,6,3,1000,30,6,4.867013698630136,150]
["Peak14",30,6,3,1000,35,3,2.433506849315068,150,null,null,null,null,null,null,null,null,null,null,null,null,null,"Peak14",30,6,3,1000,35,3,2.3804315068493147,250]
["Peak14",30,6,3,1000,40,1.6,1.1902157534246574,250,null,null,null,null,null,null,null,null,null,null,null,null,null,"Peak14",30,6,3,1000,40,1.6,1.4487123287671233,350]
["Peak15",30,10,7,1000,30,6,1.9402066210045661,0,null,null,null,null,null,null,null,null,null,null,null,null,null,"Peak15",30,10,7,1000,30,6,3.8804132420091331,0]
["Peak15",30,10,7,1000,35,3,1.9402066210045661,0,null,null,null,null,null,null,null,null,null,null,null,null,null,"Peak15",30,10,7,1000,35,3,2.8166849315068494,200]
["Peak15",30,10,7,1000,40,1.6,1.4083424657534247,200,null,null,null,null,null,null,null,null,null,null,null,null,null,"Peak15",30,10,7,1000,40,1.6,1.3240723744292235,350]
["Peak16",40,3,0,1000,30,6,5.6573105022831047,100,null,null,null,null,null,null,null,null,null,null,null,null,null,"Peak16",40,3,0,1000,30,6,4.3220205479452058,200]
["Peak16",40,3,0,1000,35,3,2.1610102739726029,200,null,null,null,null,null,null,null,null,null,null,null,null,null,"Peak16",40,3,0,1000,35,3,2.3529748858447488,300]
["Peak16",40,3,0,1000,40,1.6,1.5476392694063927,250,null,null,null,null,null,null,null,null,null,null,null,null,null,"Peak16",40,3,0,1000,40,1.6,1.5400591324200912,400]
["Peak17",40,6,3,1000,30,6,4.5660856164383556,100,null,null,null,null,null,null,null,null,null,null,null,null,null,"Peak17",40,6,3,1000,30,6,5.8243835616438355,150]
["Peak17",40,6,3,1000,35,3,2.9121917808219178,150,null,null,null,null,null,null,null,null,null,null,null,null,null,"Peak17",40,6,3,1000,35,3,2.9004931506849316,250]
["Peak17",40,6,3,1000,40,1.6,1.4502465753424658,250,null,null,null,null,null,null,null,null,null,null,null,null,null,"Peak17",40,6,3,1000,40,1.6,1.4568805936073057,400]
["Peak18",40,10,7,1000,30,6,2.1395867579908674,0,null,null,null,null,null,null,null,null,null,null,null,null,null,"Peak18",40,10,7,1000,30,6,4.2791735159817348,0]
["Peak18",40,10,7,1000,35,3,2.1395867579908674,0,null,null,null,null,null,null,null,null,null,null,null,null,null,"Peak18",40,10,7,1000,35,3,2.5763675799086752,250]
["Peak18",40,10,7,1000,40,1.6,1.2881837899543376,250,null,null,null,null,null,null,null,null,null,null,null,null,null,"Peak18",40,10,7,1000,40,1.6,1.3424689497716893,400]
["Peak19",50,3,0,1000,30,6,3.7574897260273974,150,null,null,null,null,null,null,null,null,null,null,null,null,null,"Peak19",50,3,0,1000,30,6,4.9923584474885843,200]
["Peak19",50,3,0,1000,35,3,2.4961792237442921,200,null,null,null,null,null,null,null,null,null,null,null,null,null,"Peak19",50,3,0,1000,35,3,2.7336598173515982,300]
["Peak19",50,3,0,1000,40,1.6,1.3668299086757991,300,null,null,null,null,null,null,null,null,null,null,null,null,null,"Peak19",50,3,0,1000,40,1.6,1.5084136986301369,450]
["Peak20",50,6,3,1000,30,6,5.1074828767123286,100,null,null,null,null,null,null,null,null,null,null,null,null,null,"Peak20",50,6,3,1000,30,6,4.5860707762557071,200]
["Peak20",50,6,3,1000,35,3,2.2930353881278536,200,null,null,null,null,null,null,null,null,null,null,null,null,null,"Peak20",50,6,3,1000,35,3,2.5820091324200911,300]
["Peak20",50,6,3,1000,40,1.6,1.2910045662100456,300,null,null,null,null,null,null,null,null,null,null,null,null,null,"Peak20",50,6,3,1000,40,1.6,1.4300009132420091,450]
["Peak21",50,10,7,1000,30,6,2.2815844748858445,0,null,null,null,null,null,null,null,null,null,null,null,null,null,"Peak21",50,10,7,1000,30,6,5.2159429223744276,150]
["Peak21",50,10,7,1000,35,3,2.6079714611872138,150,null,null,null,null,null,null,null,null,null,null,null,null,null,"Peak21",50,10,7,1000,35,3,2.9811529680365294,250]
["Peak21",50,10,7,1000,40,1.6,1.4905764840182647,250,null,null,null,null,null,null,null,null,null,null,null,null,null,"Peak21",50,10,7,1000,40,1.6,1.5668573059360729,400]
["Peak1",10,3,0,1500,30,6,2.8141797945205473,100,null,null,null,null,null,null,null,null,null,null,null,null,null,"Peak1",10,3,0,1500,30,6,5.6283595890410947,100]
["Peak1",10,3,0,1500,35,3,2.8141797945205473,100,null,null,null,null,null,null,null,null,null,null,null,null,null,"Peak1",10,3,0,1500,35,3,2.0209119863013698,200]
["Peak1",10,3,0,1500,40,1.6,1.5627619863013698,150,null,null,null,null,null,null,null,null,null,null,null,null,null,"Peak1",10,3,0,1500,40,1.6,1.4381428082191783,250]
["Peak2",10,6,3,1500,30,6,3.8056386986301374,50,null,null,null,null,null,null,null,null,null,null,null,null,null,"Peak2",10,6,3,1500,30,6,4.6493664383561644,100]
["Peak2",10,6,3,1500,35,3,2.3246832191780822,100,null,null,null,null,null,null,null,null,null,null,null,null,null,"Peak2",10,6,3,1500,35,3,2.8048184931506852,150]
["Peak2",10,6,3,1500,40,1.6,1.4024092465753426,150,null,null,null,null,null,null,null,null,null,null,null,null,null,"Peak2",10,6,3,1500,40,1.6,1.343045890410959,250]
["Peak3",10,10,7,1500,30,6,1.3160839041095891,0,null,null,null,null,null,null,null,null,null,null,null,null,null,"Peak3",10,10,7,1500,30,6,2.6321678082191782,0]
["Peak3",10,10,7,1500,35,3,1.3160839041095891,0,null,null,null,null,null,null,null,null,null,null,null,null,null,"Peak3",10,10,7,1500,35,3,2.2492630136986298,150]
["Peak3",10,10,7,1500,40,1.6,1.3160839041095891,0,null,null,null,null,null,null,null,null,null,null,null,null,null,"Peak3",10,10,7,1500,40,1.6,1.1922150684931505,250]
["Peak4",15,3,0,1500,30,6,3.6024469178082192,100,null,null,null,null,null,null,null,null,null,null,null,null,null,"Peak4",15,3,0,1500,30,6,4.1049486301369864,150]
["Peak4",15,3,0,1500,35,3,2.0524743150684932,150,null,null,null,null,null,null,null,null,null,null,null,null,null,"Peak4",15,3,0,1500,35,3,2.6800650684931506,200]
["Peak4",15,3,0,1500,40,1.6,1.3400325342465753,200,null,null,null,null,null,null,null,null,null,null,null,null,null,"Peak4",15,3,0,1500,40,1.6,1.4525982876712329,300]
["Peak5",15,6,3,1500,30,6,4.4956780821917803,50,null,null,null,null,null,null,null,null,null,null,null,null,null,"Peak5",15,6,3,1500,30,6,5.9041164383561648,100]
["Peak5",15,6,3,1500,35,3,2.9520582191780815,100,null,null,null,null,null,null,null,null,null,null,null,null,null,"Peak5",15,6,3,1500,35,3,2.4745239726027397,200]
["Peak5",15,6,3,1500,40,1.6,1.2372619863013699,200,null,null,null,null,null,null,null,null,null,null,null,null,null,"Peak5",15,6,3,1500,40,1.6,1.3673205479452055,300]
["Peak6",15,10,7,1500,30,6,1.5322089041095888,0,null,null,null,null,null,null,null,null,null,null,null,null,null,"Peak6",15,10,7,1500,30,6,3.0644178082191775,0]
["Peak6",15,10,7,1500,35,3,1.5322089041095888,0,null,null,null,null,null,null,null,null,null,null,null,null,null,"Peak6",15,10,7,1500,35,3,2.9194794520547949,150]
["Peak6",15,10,7,1500,40,1.6,1.4597397260273972,150,null,null,null,null,null,null,null,null,null,null,null,null,null,"Peak6",15,10,7,1500,40,1.6,1.5906037671232873,250]
["Peak7",20,3,0,1500,30,6,4.2468784246575337,100,null,null,null,null,null,null,null,null,null,null,null,null,null,"Peak7",20,3,0,1500,30,6,4.9365582191780826,150]
["Peak7",20,3,0,1500,35,3,2.4682791095890413,150,null,null,null,null,null,null,null,null,null,null,null,null,null,"Peak7",20,3,0,1500,35,3,2.3298061643835615,250]
["Peak7",20,3,0,1500,40,1.6,1.1649030821917807,250,null,null,null,null,null,null,null,null,null,null,null,null,null,"Peak7",20,3,0,1500,40,1.6,1.407875,350]
["Peak8",20,6,3,1500,30,6,4.9887226027397249,50,null,null,null,null,null,null,null,null,null,null,null,null,null,"Peak8",20,6,3,1500,30,6,4.3889999999999993,150]
["Peak8",20,6,3,1500,35,3,2.1944999999999997,150,null,null,null,null,null,null,null,null,null,null,null,null,null,"Peak8",20,6,3,1500,35,3,2.9959280821917798,200]
["Peak8",20,6,3,1500,40,1.6,1.4979640410958901,200,null,null,null,null,null,null,null,null,null,null,null,null,null,"Peak8",20,6,3,1500,40,1.6,1.3307191780821919,350]
["Peak9",20,10,7,1500,30,6,1.6810188356164384,0,null,null,null,null,null,null,null,null,null,null,null,null,null,"Peak9",20,10,7,1500,30,6,3.3620376712328759,0]
["Peak9",20,10,7,1500,35,3,1.6810188356164384,0,null,null,null,null,null,null,null,null,null,null,null,null,null,"Peak9",20,10,7,1500,35,3,2.559027397260274,200]
["Peak9",20,10,7,1500,40,1.6,1.279513698630137,200,null,null,null,null,null,null,null,null,null,null,null,null,null,"Peak9",20,10,7,1500,40,1.6,1.513661301369863,300]
["Peak10",25,3,0,1500,30,6,4.7872089041095887,100,null,null,null,null,null,null,null,null,null,null,null,null,null,"Peak10",25,3,0,1500,30,6,5.6549212328767124,150]
["Peak10",25,3,0,1500,35,3,2.8274606164383558,150,null,null,null,null,null,null,null,null,null,null,null,null,null,"Peak10",25,3,0,1500,35,3,2.7028869863013698,250]
["Peak10",25,3,0,1500,40,1.6,1.3514434931506849,250,null,null,null,null,null,null,null,null,null,null,null,null,null,"Peak10",25,3,0,1500,40,1.6,1.3438202054794519,400]
["Peak11",25,6,3,1500,30,6,5.3473167808219175,50,null,null,null,null,null,null,null,null,null,null,null,null,null,"Peak11",25,6,3,1500,30,6,5.0059349315068502,150]
["Peak11",25,6,3,1500,35,3,2.5029674657534251,150,null,null,null,null,null,null,null,null,null,null,null,null,null,"Peak11",25,6,3,1500,35,3,2.5277191780821919,250]
["Peak11",25,6,3,1500,40,1.6,1.263859589041096,250,null,null,null,null,null,null,null,null,null,null,null,null,null,"Peak11",25,6,3,1500,40,1.6,1.5481962328767125,350]
["Peak12",25,10,7,1500,30,6,1.7850599315068494,0,null,null,null,null,null,null,null,null,null,null,null,null,null,"Peak12",25,10,7,1500,30,6,3.5701198630136979,0]
["Peak12",25,10,7,1500,35,3,1.7850599315068494,0,null,null,null,null,null,null,null,null,null,null,null,null,null,"Peak12",25,10,7,1500,35,3,2.9403835616438352,200]
["Peak12",25,10,7,1500,40,1.6,1.4701917808219176,200,null,null,null,null,null,null,null,null,null,null,null,null,null,"Peak12",25,10,7,1500,40,1.6,1.4208561643835615,350]
["Peak13",30,3,0,1500,30,6,4.09141609589041,150,null,null,null,null,null,null,null,null,null,null,null,null,null,"Peak13",30,3,0,1500,30,6,5.3395376712328764,200]
["Peak13",30,3,0,1500,35,3,2.6697688356164377,200,null,null,null,null,null,null,null,null,null,null,null,null,null,"Peak13",30,3,0,1500,35,3,2.8947636986301375,300]
["Peak13",30,3,0,1500,40,1.6,1.4473818493150683,300,null,null,null,null,null,null,null,null,null,null,null,null,null,"Peak13",30,3,0,1500,40,1.6,1.3784030821917805,500]
["Peak14",30,6,3,1500,30,6,5.8558476027397255,100,null,null,null,null,null,null,null,null,null,null,null,null,null,"Peak14",30,6,3,1500,30,6,4.9325308219178075,200]
["Peak14",30,6,3,1500,35,3,2.4662654109589037,200,null,null,null,null,null,null,null,null,null,null,null,null,null,"Peak14",30,6,3,1500,35,3,2.7277226027397257,300]
["Peak14",30,6,3,1500,40,1.6,1.3638613013698628,300,null,null,null,null,null,null,null,null,null,null,null,null,null,"Peak14",30,6,3,1500,40,1.6,1.5109092465753422,450]
["Peak15",30,10,7,1500,30,6,2.9103099315068488,0,null,null,null,null,null,null,null,null,null,null,null,null,null,"Peak15",30,10,7,1500,30,6,5.7936267123287664,150]
["Peak15",30,10,7,1500,35,3,2.8968133561643832,150,null,null,null,null,null,null,null,null,null,null,null,null,null,"Peak15",30,10,7,1500,35,3,2.4718390410958904,300]
["Peak15",30,10,7,1500,40,1.6,1.5876575342465753,250,null,null,null,null,null,null,null,null,null,null,null,null,null,"Peak15",30,10,7,1500,40,1.6,1.3857650684931506,450]
["Peak16",40,3,0,1500,30,6,4.9199691780821908,150,null,null,null,null,null,null,null,null,null,null,null,null,null,"Peak16",40,3,0,1500,30,6,4.6429178082191775,250]
["Peak16",40,3,0,1500,35,3,2.3214589041095888,250,null,null,null,null,null,null,null,null,null,null,null,null,null,"Peak16",40,3,0,1500,35,3,2.8066643835616438,350]
["Peak16",40,3,0,1500,40,1.6,1.4033321917808219,350,null,null,null,null,null,null,null,null,null,null,null,null,null,"Peak16",40,3,0,1500,40,1.6,1.4689452054794521,550]
["Peak17",40,6,3,1500,30,6,4.368287671232876,150,null,null,null,null,null,null,null,null,null,null,null,null,null,"Peak17",40,6,3,1500,30,6,5.9710479452054788,200]
["Peak17",40,6,3,1500,35,3,2.9855239726027394,200,null,null,null,null,null,null,null,null,null,null,null,null,null,"Peak17",40,6,3,1500,35,3,2.6555171232876709,350]
["Peak17",40,6,3,1500,40,1.6,1.3277585616438354,350,null,null,null,null,null,null,null,null,null,null,null,null,null,"Peak17",40,6,3,1500,40,1.6,1.5889232876712327,500]
["Peak18",40,10,7,1500,30,6,3.2093801369863013,0,null,null,null,null,null,null,null,null,null,null,null,null,null,"Peak18",40,10,7,1500,30,6,5.0992842465753423,200]
["Peak18",40,10,7,1500,35,3,2.5496421232876711,200,null,null,null,null,null,null,null,null,null,null,null,null,null,"Peak18",40,10,7,1500,35,3,2.4359041095890408,350]
["Peak18",40,10,7,1500,40,1.6,1.5117243150684931,300,null,null,null,null,null,null,null,null,null,null,null,null,null,"Peak18",40,10,7,1500,40,1.6,1.4658047945205477,500]
["Peak19",50,3,0,1500,30,6,5.6362345890410959,150,null,null,null,null,null,null,null,null,null,null,null,null,null,"Peak19",50,3,0,1500,30,6,5.3869794520547938,250]
["Peak19",50,3,0,1500,35,3,2.6934897260273969,250,null,null,null,null,null,null,null,null,null,null,null,null,null,"Peak19",50,3,0,1500,35,3,2.6798253424657532,400]
["Peak19",50,3,0,1500,40,1.6,1.3399126712328766,400,null,null,null,null,null,null,null,null,null,null,null,null,null,"Peak19",50,3,0,1500,40,1.6,1.5107869863013699,600]
["Peak20",50,6,3,1500,30,6,4.9802243150684928,150,null,null,null,null,null,null,null,null,null,null,null,null,null,"Peak20",50,6,3,1500,30,6,5.0410308219178086,250]
["Peak20",50,6,3,1500,35,3,2.5205154109589043,250,null,null,null,null,null,null,null,null,null,null,null,null,null,"Peak20",50,6,3,1500,35,3,2.5421027397260274,400]
["Peak20",50,6,3,1500,40,1.6,1.5448904109589041,350,null,null,null,null,null,null,null,null,null,null,null,null,null,"Peak20",50,6,3,1500,40,1.6,1.4321832191780821,600]
["Peak21",50,10,7,1500,30,6,3.4223767123287665,0,null,null,null,null,null,null,null,null,null,null,null,null,null,"Peak21",50,10,7,1500,30,6,5.8579212328767118,200]
["Peak21",50,10,7,1500,35,3,2.9289606164383559,200,null,null,null,null,null,null,null,null,null,null,null,null,null,"Peak21",50,10,7,1500,35,3,2.839003424657534,350]
["Peak21",50,10,7,1500,40,1.6,1.419501712328767,350,null,null,null,null,null,null,null,null,null,null,null,null,null,"Peak21",50,10,7,1500,40,1.6,1.4974030821917805,550]
["Peak1",10,3,0,2250,30,6,4.2212696917808215,100,null,null,null,null,null,null,null,null,null,null,null,null,null,"Peak1",10,3,0,2250,30,6,4.6882859589041086,150]
["Peak1",10,3,0,2250,35,3,2.3441429794520543,150,null,null,null,null,null,null,null,null,null,null,null,null,null,"Peak1",10,3,0,2250,35,3,2.1572142123287672,250]
["Peak1",10,3,0,2250,40,1.6,1.5156839897260272,200,null,null,null,null,null,null,null,null,null,null,null,null,null,"Peak1",10,3,0,2250,40,1.6,1.3073039383561644,350]
["Peak2",10,6,3,2250,30,6,5.7084580479452054,50,null,null,null,null,null,null,null,null,null,null,null,null,null,"Peak2",10,6,3,2250,30,6,4.2072277397260276,150]
["Peak2",10,6,3,2250,35,3,2.1036138698630138,150,null,null,null,null,null,null,null,null,null,null,null,null,null,"Peak2",10,6,3,2250,35,3,2.8007599315068492,200]
["Peak2",10,6,3,2250,40,1.6,1.4003799657534246,200,null,null,null,null,null,null,null,null,null,null,null,null,null,"Peak2",10,6,3,2250,40,1.6,1.5357688356164385,300]
["Peak3",10,10,7,2250,30,6,1.9741258561643835,0,null,null,null,null,null,null,null,null,null,null,null,null,null,"Peak3",10,10,7,2250,30,6,3.948251712328767,0]
["Peak3",10,10,7,2250,35,3,1.9741258561643835,0,null,null,null,null,null,null,null,null,null,null,null,null,null,"Peak3",10,10,7,2250,35,3,2.4072005136986299,200]
["Peak3",10,10,7,2250,40,1.6,1.2036002568493149,200,null,null,null,null,null,null,null,null,null,null,null,null,null,"Peak3",10,10,7,2250,40,1.6,1.3834217465753427,300]
["Peak4",15,3,0,2250,30,6,5.403670376712328,100,null,null,null,null,null,null,null,null,null,null,null,null,null,"Peak4",15,3,0,2250,30,6,4.0200976027397264,200]
["Peak4",15,3,0,2250,35,3,2.0100488013698632,200,null,null,null,null,null,null,null,null,null,null,null,null,null,"Peak4",15,3,0,2250,35,3,2.8680714041095889,250]
["Peak4",15,3,0,2250,40,1.6,1.4340357020547945,250,null,null,null,null,null,null,null,null,null,null,null,null,null,"Peak4",15,3,0,2250,40,1.6,1.4284746575342464,400]
["Peak5",15,6,3,2250,30,6,4.4280873287671234,100,null,null,null,null,null,null,null,null,null,null,null,null,null,"Peak5",15,6,3,2250,30,6,5.4995907534246564,150]
["Peak5",15,6,3,2250,35,3,2.7497953767123282,150,null,null,null,null,null,null,null,null,null,null,null,null,null,"Peak5",15,6,3,2250,35,3,2.6856806506849309,250]
["Peak5",15,6,3,2250,40,1.6,1.3428403253424654,250,null,null,null,null,null,null,null,null,null,null,null,null,null,"Peak5",15,6,3,2250,40,1.6,1.3449061643835618,400]
["Peak6",15,10,7,2250,30,6,2.2983133561643831,0,null,null,null,null,null,null,null,null,null,null,null,null,null,"Peak6",15,10,7,2250,30,6,4.5966267123287663,0]
["Peak6",15,10,7,2250,35,3,2.2983133561643831,0,null,null,null,null,null,null,null,null,null,null,null,null,null,"Peak6",15,10,7,2250,35,3,2.385905650684931,250]
["Peak6",15,10,7,2250,40,1.6,1.5897593321917809,200,null,null,null,null,null,null,null,null,null,null,null,null,null,"Peak6",15,10,7,2250,40,1.6,1.4908166095890409,350]
["Peak7",20,3,0,2250,30,6,3.7024186643835617,150,null,null,null,null,null,null,null,null,null,null,null,null,null,"Peak7",20,3,0,2250,30,6,4.8801267123287664,200]
["Peak7",20,3,0,2250,35,3,2.4400633561643832,200,null,null,null,null,null,null,null,null,null,null,null,null,null,"Peak7",20,3,0,2250,35,3,2.6561260273972604,300]
["Peak7",20,3,0,2250,40,1.6,1.3280630136986302,300,null,null,null,null,null,null,null,null,null,null,null,null,null,"Peak7",20,3,0,2250,40,1.6,1.4679719178082193,450]
["Peak8",20,6,3,2250,30,6,5.1858313356164381,100,null,null,null,null,null,null,null,null,null,null,null,null,null,"Peak8",20,6,3,2250,30,6,4.4938921232876696,200]
["Peak8",20,6,3,2250,35,3,2.2469460616438353,200,null,null,null,null,null,null,null,null,null,null,null,null,null,"Peak8",20,6,3,2250,35,3,2.5051669520547941,300]
["Peak8",20,6,3,2250,40,1.6,1.2525834760273971,300,null,null,null,null,null,null,null,null,null,null,null,null,null,"Peak8",20,6,3,2250,40,1.6,1.3864063356164382,450]
["Peak9",20,10,7,2250,30,6,2.5215282534246573,0,null,null,null,null,null,null,null,null,null,null,null,null,null,"Peak9",20,10,7,2250,30,6,5.2133938356164373,150]
["Peak9",20,10,7,2250,35,3,2.6066969178082191,150,null,null,null,null,null,null,null,null,null,null,null,null,null,"Peak9",20,10,7,2250,35,3,2.9042928082191781,250]
["Peak9",20,10,7,2250,40,1.6,1.4521464041095891,250,null,null,null,null,null,null,null,null,null,null,null,null,null,"Peak9",20,10,7,2250,40,1.6,1.5113095890410959,400]
["Peak10",25,3,0,2250,30,6,4.2411909246575341,150,null,null,null,null,null,null,null,null,null,null,null,null,null,"Peak10",25,3,0,2250,30,6,5.6369537671232877,200]
["Peak10",25,3,0,2250,35,3,2.8184768835616438,200,null,null,null,null,null,null,null,null,null,null,null,null,null,"Peak10",25,3,0,2250,35,3,2.4518974315068487,350]
["Peak10",25,3,0,2250,40,1.6,1.5427089041095889,300,null,null,null,null,null,null,null,null,null,null,null,null,null,"Peak10",25,3,0,2250,40,1.6,1.4660624999999998,500]
["Peak11",25,6,3,2250,30,6,5.8058167808219183,100,null,null,null,null,null,null,null,null,null,null,null,null,null,"Peak11",25,6,3,2250,30,6,5.1776506849315069,200]
["Peak11",25,6,3,2250,35,3,2.5888253424657535,200,null,null,null,null,null,null,null,null,null,null,null,null,null,"Peak11",25,6,3,2250,35,3,2.9117758561643834,300]
["Peak11",25,6,3,2250,40,1.6,1.4558879280821917,300,null,null,null,null,null,null,null,null,null,null,null,null,null,"Peak11",25,6,3,2250,40,1.6,1.3877080479452053,500]
["Peak12",25,10,7,2250,30,6,2.6775898972602739,0,null,null,null,null,null,null,null,null,null,null,null,null,null,"Peak12",25,10,7,2250,30,6,5.91923116438356,150]
["Peak12",25,10,7,2250,35,3,2.95961558219178,150,null,null,null,null,null,null,null,null,null,null,null,null,null,"Peak12",25,10,7,2250,35,3,2.6391678082191783,300]
["Peak12",25,10,7,2250,40,1.6,1.3195839041095891,300,null,null,null,null,null,null,null,null,null,null,null,null,null,"Peak12",25,10,7,2250,40,1.6,1.4915034246575343,450]
["Peak13",30,3,0,2250,30,6,4.0046532534246575,200,null,null,null,null,null,null,null,null,null,null,null,null,null,"Peak13",30,3,0,2250,30,6,5.7146249999999998,250]
["Peak13",30,3,0,2250,35,3,2.8573124999999999,250,null,null,null,null,null,null,null,null,null,null,null,null,null,"Peak13",30,3,0,2250,35,3,2.8474417808219172,400]
["Peak13",30,3,0,2250,40,1.6,1.4237208904109586,400,null,null,null,null,null,null,null,null,null,null,null,null,null,"Peak13",30,3,0,2250,40,1.6,1.5881034246575341,600]
["Peak14",30,6,3,2250,30,6,5.4753904109589042,150,null,null,null,null,null,null,null,null,null,null,null,null,null,"Peak14",30,6,3,2250,30,6,5.3559708904109593,250]
["Peak14",30,6,3,2250,35,3,2.6779854452054797,250,null,null,null,null,null,null,null,null,null,null,null,null,null,"Peak14",30,6,3,2250,35,3,2.6838359589041092,400]
["Peak14",30,6,3,2250,40,1.6,1.3419179794520546,400,null,null,null,null,null,null,null,null,null,null,null,null,null,"Peak14",30,6,3,2250,40,1.6,1.5039236301369863,600]
["Peak15",30,10,7,2250,30,6,4.3654648972602734,0,null,null,null,null,null,null,null,null,null,null,null,null,null,"Peak15",30,10,7,2250,30,6,4.7629726027397261,250]
["Peak15",30,10,7,2250,35,3,2.3814863013698631,250,null,null,null,null,null,null,null,null,null,null,null,null,null,"Peak15",30,10,7,2250,35,3,2.9791628424657528,350]
["Peak15",30,10,7,2250,40,1.6,1.4895814212328764,350,null,null,null,null,null,null,null,null,null,null,null,null,null,"Peak15",30,10,7,2250,40,1.6,1.5647445205479451,550]
["Peak16",40,3,0,2250,30,6,4.8622731164383568,200,null,null,null,null,null,null,null,null,null,null,null,null,null,"Peak16",40,3,0,2250,30,6,5.2941934931506838,300]
["Peak16",40,3,0,2250,35,3,2.6470967465753419,300,null,null,null,null,null,null,null,null,null,null,null,null,null,"Peak16",40,3,0,2250,35,3,2.9272525684931501,450]
["Peak16",40,3,0,2250,40,1.6,1.463626284246575,450,null,null,null,null,null,null,null,null,null,null,null,null,null,"Peak16",40,3,0,2250,40,1.6,1.5612960616438356,700]
["Peak17",40,6,3,2250,30,6,4.4782859589041095,200,null,null,null,null,null,null,null,null,null,null,null,null,null,"Peak17",40,6,3,2250,30,6,4.9980000000000002,300]
["Peak17",40,6,3,2250,35,3,2.4990000000000001,300,null,null,null,null,null,null,null,null,null,null,null,null,null,"Peak17",40,6,3,2250,35,3,2.767368493150685,450]
["Peak17",40,6,3,2250,40,1.6,1.3836842465753425,450,null,null,null,null,null,null,null,null,null,null,null,null,null,"Peak17",40,6,3,2250,40,1.6,1.4837578767123287,700]
["Peak18",40,10,7,2250,30,6,5.1702970890410951,150,null,null,null,null,null,null,null,null,null,null,null,null,null,"Peak18",40,10,7,2250,30,6,5.7968270547945195,250]
["Peak18",40,10,7,2250,35,3,2.8984135273972598,250,null,null,null,null,null,null,null,null,null,null,null,null,null,"Peak18",40,10,7,2250,35,3,2.5530282534246576,450]
["Peak18",40,10,7,2250,40,1.6,1.5102775684931504,400,null,null,null,null,null,null,null,null,null,null,null,null,null,"Peak18",40,10,7,2250,40,1.6,1.5236830479452053,650]
["Peak19",50,3,0,2250,30,6,5.6164032534246573,200,null,null,null,null,null,null,null,null,null,null,null,null,null,"Peak19",50,3,0,2250,30,6,4.888756849315067,350]
["Peak19",50,3,0,2250,35,3,2.444378424657534,350,null,null,null,null,null,null,null,null,null,null,null,null,null,"Peak19",50,3,0,2250,35,3,2.9243650684931506,500]
["Peak19",50,3,0,2250,40,1.6,1.4621825342465753,500,null,null,null,null,null,null,null,null,null,null,null,null,null,"Peak19",50,3,0,2250,40,1.6,1.5092131849315069,800]
["Peak20",50,6,3,2250,30,6,5.1593296232876709,200,null,null,null,null,null,null,null,null,null,null,null,null,null,"Peak20",50,6,3,2250,30,6,5.8095205479452048,300]
["Peak20",50,6,3,2250,35,3,2.9047602739726024,300,null,null,null,null,null,null,null,null,null,null,null,null,null,"Peak20",50,6,3,2250,35,3,2.7705940068493149,500]
["Peak20",50,6,3,2250,40,1.6,1.3852970034246574,500,null,null,null,null,null,null,null,null,null,null,null,null,null,"Peak20",50,6,3,2250,40,1.6,1.5746476027397256,750]
["Peak21",50,10,7,2250,30,6,5.8679357876712324,150,null,null,null,null,null,null,null,null,null,null,null,null,null,"Peak21",50,10,7,2250,30,6,5.2711438356164377,300]
["Peak21",50,10,7,2250,35,3,2.6355719178082189,300,null,null,null,null,null,null,null,null,null,null,null,null,null,"Peak21",50,10,7,2250,35,3,2.9812880136986299,450]
["Peak21",50,10,7,2250,40,1.6,1.490644006849315,450,null,null,null,null,null,null,null,null,null,null,null,null,null,"Peak21",50,10,7,2250,40,1.6,1.4629700342465755,750]

{"sheet":"Backup lookup matrix","index":5,"n_rows":361,"n_cols":20,"rows_kept":361,"cut":false,"hidden":true,"merged":[]}
["Source group","Capacity","Stack height","Clearance","Operational hours","Background","Acceptable PC","Unique NO2 PC","NO2 Screening distance",null,null,"Source group","Capacity","Stack height","Clearance","Operational hours","Background","Acceptable PC","Unique NOX PC","NOX Screening distance"]
["Back22",5,3,0,100,30,140,64.782200000000003,50,null,null,"Back22",5,3,0,100,"N/A",45,44.799500000000002,100]
["Back23",5,6,3,100,30,140,37.962224999999997,50,null,null,"Back23",5,6,3,100,"N/A",45,39.204749999999997,100]
["Back24",5,10,7,100,30,140,13.526695,0,null,null,"Back24",5,10,7,100,"N/A",45,24.054099999999998,50]
["Back22",5,3,0,100,35,140,64.782200000000003,50,null,null,"Back22",5,3,0,200,"N/A",45,44.799500000000002,100]
["Back23",5,6,3,100,35,140,37.962224999999997,50,null,null,"Back23",5,6,3,200,"N/A",45,39.204749999999997,100]
["Back24",5,10,7,100,35,140,13.526695,0,null,null,"Back24",5,10,7,200,"N/A",45,24.054099999999998,50]
["Back22",5,3,0,100,40,140,64.782200000000003,50,null,null,"Back22",5,3,0,350,"N/A",0.45,0.33681906392694055,200]
["Back23",5,6,3,100,40,140,37.962224999999997,50,null,null,"Back23",5,6,3,350,"N/A",0.45,0.31119634703196353,200]
["Back24",5,10,7,100,40,140,13.526695,0,null,null,"Back24",5,10,7,350,"N/A",0.45,0.37487756849315074,150]
["Back22",5,3,0,200,30,140,74.207699999999988,50,null,null,"Back22",5,3,0,500,"N/A",0.45,0.34241438356164383,250]
["Back23",5,6,3,200,30,140,44.474674999999998,50,null,null,"Back23",5,6,3,500,"N/A",0.45,0.44456621004566216,200]
["Back24",5,10,7,200,30,140,16.276487499999998,0,null,null,"Back24",5,10,7,500,"N/A",0.45,0.38209474885844746,200]
["Back22",5,3,0,200,35,140,74.207699999999988,50,null,null,"Back22",5,3,0,750,"N/A",0.45,0.39063955479452062,300]
["Back23",5,6,3,200,35,140,44.474674999999998,50,null,null,"Back23",5,6,3,750,"N/A",0.45,0.36565967465753424,300]
["Back24",5,10,7,200,35,140,16.276487499999998,0,null,null,"Back24",5,10,7,750,"N/A",0.45,0.42579109589041092,250]
["Back22",5,3,0,200,40,140,74.207699999999988,50,null,null,"Back1",10,3,0,100,"N/A",45,41.164349999999999,200]
["Back23",5,6,3,200,40,140,44.474674999999998,50,null,null,"Back2",10,6,3,100,"N/A",45,37.487900000000003,200]
["Back24",5,10,7,200,40,140,16.276487499999998,0,null,null,"Back3",10,10,7,100,"N/A",45,39.570900000000002,150]
["Back22",5,3,0,350,30,140,78.4602,50,null,null,"Back1",10,3,0,200,"N/A",45,41.164349999999999,200]
["Back23",5,6,3,350,30,140,46.722899999999996,50,null,null,"Back2",10,6,3,200,"N/A",45,37.487900000000003,200]
["Back24",5,10,7,350,30,140,17.390047499999998,0,null,null,"Back3",10,10,7,200,"N/A",45,39.570900000000002,150]
["Back22",5,3,0,350,35,3,1.5421435502283103,50,null,null,"Back1",10,3,0,350,"N/A",0.45,0.36459691780821918,300]
["Back23",5,6,3,350,35,3,0.88798236301369871,50,null,null,"Back2",10,6,3,350,"N/A",0.45,0.44768036529680372,250]
["Back24",5,10,7,350,35,3,0.30708484589041096,0,null,null,"Back3",10,10,7,350,"N/A",0.45,0.39740502283105023,250]
["Back22",5,3,0,350,40,1.6,1.5421435502283103,50,null,null,"Back1",10,3,0,500,"N/A",0.45,0.41501712328767121,350]
["Back23",5,6,3,350,40,1.6,0.88798236301369871,50,null,null,"Back2",10,6,3,500,"N/A",0.45,0.3885188356164383,350]
["Back24",5,10,7,350,40,1.6,0.30708484589041096,0,null,null,"Back3",10,10,7,500,"N/A",0.45,0.43918150684931506,300]
["Back22",5,3,0,500,30,140,82.026174999999995,50,null,null,"Back1",10,3,0,750,"N/A",0.45,0.43129023972602742,450]
["Back23",5,6,3,500,30,140,49.804474999999996,50,null,null,"Back2",10,6,3,750,"N/A",0.45,0.40474400684931511,450]
["Back24",5,10,7,500,30,140,17.917024999999999,0,null,null,"Back3",10,10,7,750,"N/A",0.45,0.43543150684931509,400]
["Back22",5,3,0,500,35,3,2.2030622146118719,50,null,null,"Back4",15,3,0,100,"N/A",45,40.16525,250]
["Back23",5,6,3,500,35,3,1.2685462328767123,50,null,null,"Back5",15,6,3,100,"N/A",45,36.935200000000002,250]
["Back24",5,10,7,500,35,3,0.4386926369863014,0,null,null,"Back6",15,10,7,100,"N/A",45,39.173749999999998,200]
["Back22",5,3,0,500,40,1.6,0.93806192922374421,100,null,null,"Back4",15,3,0,200,"N/A",45,40.16525,250]
["Back23",5,6,3,500,40,1.6,1.2685462328767123,50,null,null,"Back5",15,6,3,200,"N/A",45,36.935200000000002,250]
["Back24",5,10,7,500,40,1.6,0.4386926369863014,0,null,null,"Back6",15,10,7,200,"N/A",45,39.173749999999998,200]
["Back22",5,3,0,750,30,140,86.175774999999987,50,null,null,"Back4",15,3,0,350,"N/A",0.45,0.38540473744292236,350]
["Back23",5,6,3,750,30,140,51.590174999999995,50,null,null,"Back5",15,6,3,350,"N/A",0.45,0.36302871004566206,350]
["Back24",5,10,7,750,30,140,18.370274999999999,0,null,null,"Back6",15,10,7,350,"N/A",0.45,0.41245262557077622,300]
["Back22",5,3,0,750,35,3,1.4070928938356164,100,null,null,"Back4",15,3,0,500,"N/A",0.45,0.38290468036529679,450]
["Back23",5,6,3,750,35,3,1.9028193493150687,50,null,null,"Back5",15,6,3,500,"N/A",0.45,0.42695376712328759,400]
["Back24",5,10,7,750,35,3,0.65803895547945213,0,null,null,"Back6",15,10,7,500,"N/A",0.45,0.39072431506849303,400]
["Back22",5,3,0,750,40,1.6,1.4070928938356164,100,null,null,"Back4",15,3,0,750,"N/A",0.45,0.43036558219178084,550]
["Back23",5,6,3,750,40,1.6,1.1623416095890411,100,null,null,"Back5",15,6,3,750,"N/A",0.45,0.40631849315068497,550]
["Back24",5,10,7,750,40,1.6,0.65803895547945213,0,null,null,"Back6",15,10,7,750,"N/A",0.45,0.42636558219178083,500]
["Back1",10,3,0,100,30,140,129.56440000000001,50,null,null,"Back7",20,3,0,100,"N/A",45,38.136049999999997,300]
["Back2",10,6,3,100,30,140,75.924449999999993,50,null,null,"Back8",20,6,3,100,"N/A",45,43.30715,250]
["Back3",10,10,7,100,30,140,27.05339,0,null,null,"Back9",20,10,7,100,"N/A",45,37.332149999999999,250]
["Back1",10,3,0,100,35,140,129.56440000000001,50,null,null,"Back7",20,3,0,200,"N/A",45,38.136049999999997,300]
["Back2",10,6,3,100,35,140,75.924449999999993,50,null,null,"Back8",20,6,3,200,"N/A",45,43.30715,250]
["Back3",10,10,7,100,35,140,27.05339,0,null,null,"Back9",20,10,7,200,"N/A",45,37.332149999999999,250]
["Back1",10,3,0,100,40,140,129.56440000000001,50,null,null,"Back7",20,3,0,350,"N/A",0.45,0.38620742009132414,400]
["Back2",10,6,3,100,40,140,75.924449999999993,50,null,null,"Back8",20,6,3,350,"N/A",0.45,0.4435730593607306,350]
["Back3",10,10,7,100,40,140,27.05339,0,null,null,"Back9",20,10,7,350,"N/A",0.45,0.40634760273972603,350]
["Back1",10,3,0,200,30,140,62.539399999999993,100,null,null,"Back7",20,3,0,500,"N/A",0.45,0.40133618721461195,500]
["Back2",10,6,3,200,30,140,88.949349999999995,50,null,null,"Back8",20,6,3,500,"N/A",0.45,0.44012842465753427,450]
["Back3",10,10,7,200,30,140,32.552974999999996,0,null,null,"Back9",20,10,7,500,"N/A",0.45,0.40546860730593604,450]
["Back1",10,3,0,200,35,140,62.539399999999993,100,null,null,"Back7",20,3,0,750,"N/A",0.45,0.41459674657534246,650]
["Back2",10,6,3,200,35,140,88.949349999999995,50,null,null,"Back8",20,6,3,750,"N/A",0.45,0.43999143835616439,600]
["Back3",10,10,7,200,35,140,32.552974999999996,0,null,null,"Back9",20,10,7,750,"N/A",0.45,0.40566866438356158,600]
["Back1",10,3,0,200,40,140,62.539399999999993,100,null,null,"Back10",25,3,0,100,"N/A",45,43.19755,300]
["Back2",10,6,3,200,40,140,88.949349999999995,50,null,null,"Back11",25,6,3,100,"N/A",45,39.758049999999997,300]
["Back3",10,10,7,200,40,140,32.552974999999996,0,null,null,"Back12",25,10,7,100,"N/A",45,42.381399999999999,250]
["Back1",10,3,0,350,30,140,65.621499999999997,100,null,null,"Back10",25,3,0,200,"N/A",45,43.19755,300]
["Back2",10,6,3,350,30,140,93.445799999999991,50,null,null,"Back11",25,6,3,200,"N/A",45,39.758049999999997,300]
["Back3",10,10,7,350,30,140,34.780094999999996,0,null,null,"Back12",25,10,7,200,"N/A",45,42.381399999999999,250]
["Back1",10,3,0,350,35,3,1.3132867009132421,100,null,null,"Back10",25,3,0,350,"N/A",0.45,0.44794006849315066,400]
["Back2",10,6,3,350,35,3,1.7759647260273974,50,null,null,"Back11",25,6,3,350,"N/A",0.45,0.42451084474885842,400]
["Back3",10,10,7,350,35,3,0.61416969178082192,0,null,null,"Back12",25,10,7,350,"N/A",0.45,0.39199680365296807,400]
["Back1",10,3,0,350,40,1.6,1.3132867009132421,100,null,null,"Back10",25,3,0,500,"N/A",0.45,0.40723630136986311,550]
["Back2",10,6,3,350,40,1.6,1.0848521689497717,100,null,null,"Back11",25,6,3,500,"N/A",0.45,0.44054223744292237,500]
["Back3",10,10,7,350,40,1.6,0.61416969178082192,0,null,null,"Back12",25,10,7,500,"N/A",0.45,0.40778253424657529,500]
["Back1",10,3,0,500,30,140,67.239899999999992,100,null,null,"Back10",25,3,0,750,"N/A",0.45,0.4354666095890411,700]
["Back2",10,6,3,500,30,140,99.608949999999993,50,null,null,"Back11",25,6,3,750,"N/A",0.45,0.41348715753424664,700]
["Back3",10,10,7,500,30,140,35.834049999999998,0,null,null,"Back12",25,10,7,750,"N/A",0.45,0.42438441780821917,650]
["Back1",10,3,0,500,35,3,1.8761238584474884,100,null,null,"Back13",30,3,0,100,"N/A",45,43.755549999999999,400]
["Back2",10,6,3,500,35,3,2.5370924657534246,50,null,null,"Back14",30,6,3,100,"N/A",45,41.4223,400]
["Back3",10,10,7,500,35,3,0.8773852739726028,0,null,null,"Back15",30,10,7,100,"N/A",45,44.089550000000003,350]
["Back1",10,3,0,500,40,1.6,1.041841324200913,150,null,null,"Back13",30,3,0,200,"N/A",45,43.755549999999999,400]
["Back2",10,6,3,500,40,1.6,1.549788812785388,100,null,null,"Back14",30,6,3,200,"N/A",45,41.4223,400]
["Back3",10,10,7,500,40,1.6,0.8773852739726028,0,null,null,"Back15",30,10,7,200,"N/A",45,44.089550000000003,350]
["Back1",10,3,0,750,30,140,68.44704999999999,100,null,null,"Back13",30,3,0,350,"N/A",0.45,0.40049429223744287,550]
["Back2",10,6,3,750,30,140,103.18034999999999,50,null,null,"Back14",30,6,3,350,"N/A",0.45,0.43348059360730595,500]
["Back3",10,10,7,750,30,140,36.740549999999999,0,null,null,"Back15",30,10,7,350,"N/A",0.45,0.39775742009132414,500]
["Back1",10,3,0,750,35,3,2.8141857876712328,100,null,null,"Back13",30,3,0,500,"N/A",0.45,0.44836358447488595,650]
["Back2",10,6,3,750,35,3,2.3246832191780822,100,null,null,"Back14",30,6,3,500,"N/A",0.45,0.42540810502283105,650]
["Back3",10,10,7,750,35,3,1.3160779109589043,0,null,null,"Back15",30,10,7,500,"N/A",0.45,0.43947203196347034,600]
["Back1",10,3,0,750,40,1.6,1.5627619863013698,150,null,null,"Back13",30,3,0,750,"N/A",0.45,0.41467037671232881,900]
["Back2",10,6,3,750,40,1.6,1.4024092465753426,150,null,null,"Back14",30,6,3,750,"N/A",0.45,0.43083133561643833,850]
["Back3",10,10,7,750,40,1.6,1.3160779109589043,0,null,null,"Back15",30,10,7,750,"N/A",0.45,0.43766181506849311,800]
["Back4",15,3,0,100,30,140,71.203649999999996,100,null,null,"Back16",40,3,0,100,"N/A",45,40.243049999999997,500]
["Back5",15,6,3,100,30,140,92.181599999999989,50,null,null,"Back17",40,6,3,100,"N/A",45,43.375599999999999,450]
["Back6",15,10,7,100,30,140,32.445349999999998,0,null,null,"Back18",40,10,7,100,"N/A",45,39.671399999999998,450]
["Back4",15,3,0,100,35,140,71.203649999999996,100,null,null,"Back16",40,3,0,200,"N/A",45,40.243049999999997,500]
["Back5",15,6,3,100,35,140,92.181599999999989,50,null,null,"Back17",40,6,3,200,"N/A",45,43.375599999999999,450]
["Back6",15,10,7,100,35,140,32.445349999999998,0,null,null,"Back18",40,10,7,200,"N/A",45,39.671399999999998,450]
["Back4",15,3,0,100,40,140,71.203649999999996,100,null,null,"Back16",40,3,0,350,"N/A",0.45,0.43276541095890408,600]
["Back5",15,6,3,100,40,140,92.181599999999989,50,null,null,"Back17",40,6,3,350,"N/A",0.45,0.40995547945205479,600]
["Back6",15,10,7,100,40,140,32.445349999999998,0,null,null,"Back18",40,10,7,350,"N/A",0.45,0.42734760273972605,550]
["Back4",15,3,0,200,30,140,81.95389999999999,100,null,null,"Back16",40,3,0,500,"N/A",0.45,0.44851769406392694,750]
["Back5",15,6,3,200,30,140,111.56075,50,null,null,"Back17",40,6,3,500,"N/A",0.45,0.4268544520547945,750]
["Back6",15,10,7,200,30,140,40.017949999999999,0,null,null,"Back18",40,10,7,500,"N/A",0.45,0.43626369863013703,700]
["Back4",15,3,0,200,35,140,81.95389999999999,100,null,null,"Back16",40,3,0,750,"N/A",0.45,0.44106249999999991,1000]
["Back5",15,6,3,200,35,140,111.56075,50,null,null,"Back17",40,6,3,750,"N/A",0.45,0.42172431506849323,1000]
["Back6",15,10,7,200,35,140,40.017949999999999,0,null,null,"Back18",40,10,7,750,"N/A",0.45,0.42474743150684935,950]
["Back4",15,3,0,200,40,140,81.95389999999999,100,null,null,"Back19",50,3,0,100,"N/A",45,41.662399999999998,550]
["Back5",15,6,3,200,40,140,111.56075,50,null,null,"Back20",50,6,3,100,"N/A",45,44.13805,500]
["Back6",15,10,7,200,40,140,40.017949999999999,0,null,null,"Back21",50,10,7,100,"N/A",45,40.403550000000003,500]
["Back4",15,3,0,350,30,140,86.322249999999997,100,null,null,"Back19",50,3,0,200,"N/A",45,41.662399999999998,550]
["Back5",15,6,3,350,30,140,119.01714999999999,50,null,null,"Back20",50,6,3,200,"N/A",45,44.13805,500]
["Back6",15,10,7,350,30,140,43.439549999999997,0,null,null,"Back21",50,10,7,200,"N/A",45,40.403550000000003,500]
["Back4",15,3,0,350,35,3,1.6811390981735159,100,null,null,"Back19",50,3,0,350,"N/A",0.45,0.4055365296803653,700]
["Back5",15,6,3,350,35,3,2.0979859018264837,50,null,null,"Back20",50,6,3,350,"N/A",0.45,0.42721974885844755,650]
["Back6",15,10,7,350,35,3,0.7150280251141552,0,null,null,"Back21",50,10,7,350,"N/A",0.45,0.44224257990867577,600]
["Back4",15,3,0,350,40,1.6,0.95782414383561654,150,null,null,"Back19",50,3,0,500,"N/A",0.45,0.43918493150684929,850]
["Back5",15,6,3,350,40,1.6,1.3776271689497717,100,null,null,"Back20",50,6,3,500,"N/A",0.45,0.41888984018264841,850]
["Back6",15,10,7,350,40,1.6,0.7150280251141552,0,null,null,"Back21",50,10,7,500,"N/A",0.45,0.4247608447488585,800]
["Back4",15,3,0,500,30,140,88.057199999999995,100,null,null,"Back19",50,3,0,750,"N/A",0.45,0.39806164383561649,1200]
["Back5",15,6,3,500,30,140,121.5557,50,null,null,"Back20",50,6,3,750,"N/A",0.45,0.43336044520547951,1100]
["Back6",15,10,7,500,30,140,44.863350000000004,0,null,null,"Back21",50,10,7,750,"N/A",0.45,0.4067166095890411,1100]
["Back4",15,3,0,500,35,3,2.4016272831050229,100]
["Back5",15,6,3,500,35,3,2.9971227168949768,50]
["Back6",15,10,7,500,35,3,1.021468607305936,0]
["Back4",15,3,0,500,40,1.6,1.3683202054794521,150]
["Back5",15,6,3,500,40,1.6,1.2221312785388128,150]
["Back6",15,10,7,500,40,1.6,1.021468607305936,0]
["Back4",15,3,0,750,30,140,89.617499999999993,100]
["Back5",15,6,3,750,30,140,127.83189999999999,50]
["Back6",15,10,7,750,30,140,46.235700000000001,0]
["Back4",15,3,0,750,35,3,2.0524803082191783,150]
["Back5",15,6,3,750,35,3,2.9520582191780815,100]
["Back6",15,10,7,750,35,3,1.5322029109589042,0]
["Back4",15,3,0,750,40,1.6,1.3400265410958905,200]
["Back5",15,6,3,750,40,1.6,1.2372619863013699,200]
["Back6",15,10,7,750,40,1.6,1.4597397260273972,150]
["Back7",20,3,0,100,30,140,86.125550000000004,100]
["Back8",20,6,3,100,30,140,103.6511,50]
["Back9",20,10,7,100,30,140,36.176699999999997,0]
["Back7",20,3,0,100,35,140,86.125550000000004,100]
["Back8",20,6,3,100,35,140,103.6511,50]
["Back9",20,10,7,100,35,140,36.176699999999997,0]
["Back7",20,3,0,100,40,140,86.125550000000004,100]
["Back8",20,6,3,100,40,140,103.6511,50]
["Back9",20,10,7,100,40,140,36.176699999999997,0]
["Back7",20,3,0,200,30,140,99.315650000000005,100]
["Back8",20,6,3,200,30,140,128.62744999999998,50]
["Back9",20,10,7,200,30,140,45.439449999999994,0]
["Back7",20,3,0,200,35,140,99.315650000000005,100]
["Back8",20,6,3,200,35,140,128.62744999999998,50]
["Back9",20,10,7,200,35,140,45.439449999999994,0]
["Back7",20,3,0,200,40,140,99.315650000000005,100]
["Back8",20,6,3,200,40,140,128.62744999999998,50]
["Back9",20,10,7,200,40,140,45.439449999999994,0]
["Back7",20,3,0,350,30,140,104.06304999999999,100]
["Back8",20,6,3,350,30,140,89.912899999999993,100]
["Back9",20,10,7,350,30,140,50.147649999999999,0]
["Back7",20,3,0,350,35,3,1.9818765981735158,100]
["Back8",20,6,3,350,35,3,2.3280677511415524,100]
["Back9",20,10,7,350,35,3,0.78447825342465738,0]
["Back7",20,3,0,350,40,1.6,1.1518635844748857,150]
["Back8",20,6,3,350,40,1.6,1.0240999999999998,150]
["Back9",20,10,7,350,40,1.6,0.78447825342465738,0]
["Back7",20,3,0,500,30,140,106.69085,100]
["Back8",20,6,3,500,30,140,91.915949999999995,100]
["Back9",20,10,7,500,30,140,52.573500000000003,0]
["Back7",20,3,0,500,35,3,2.8312522831050226,100]
["Back8",20,6,3,500,35,3,2.3048139269406391,100]
["Back9",20,10,7,500,35,3,1.120683219178082,0]
["Back7",20,3,0,500,40,1.6,1.084468607305936,200]
["Back8",20,6,3,500,40,1.6,1.4629999999999996,150]
["Back9",20,10,7,500,40,1.6,1.120683219178082,0]
["Back7",20,3,0,750,30,140,108.29594999999999,100]
["Back8",20,6,3,750,30,140,93.273599999999988,100]
["Back9",20,10,7,750,30,140,54.454749999999997,0]
["Back7",20,3,0,750,35,3,2.4682791095890413,150]
["Back8",20,6,3,750,35,3,2.1944999999999997,150]
["Back9",20,10,7,750,35,3,1.681024828767123,0]
["Back7",20,3,0,750,40,1.6,1.1649006849315069,250]
["Back8",20,6,3,750,40,1.6,1.4979640410958901,200]
["Back9",20,10,7,750,40,1.6,1.279513698630137,200]
["Back10",25,3,0,100,30,140,98.556149999999988,100]
["Back11",25,6,3,100,30,140,112.34474999999999,50]
["Back12",25,10,7,100,30,140,38.287549999999996,0]
["Back10",25,3,0,100,35,140,98.556149999999988,100]
["Back11",25,6,3,100,35,140,112.34474999999999,50]
["Back12",25,10,7,100,35,140,38.287549999999996,0]
["Back10",25,3,0,100,40,140,98.556149999999988,100]
["Back11",25,6,3,100,40,140,112.34474999999999,50]
["Back12",25,10,7,100,40,140,38.287549999999996,0]
["Back10",25,3,0,200,30,140,114.52244999999999,100]
["Back11",25,6,3,200,30,140,98.010849999999991,100]
["Back12",25,10,7,200,30,140,49.533749999999998,0]
["Back10",25,3,0,200,35,140,114.52244999999999,100]
["Back11",25,6,3,200,35,140,98.010849999999991,100]
["Back12",25,10,7,200,35,140,49.533749999999998,0]
["Back10",25,3,0,200,40,140,114.52244999999999,100]
["Back11",25,6,3,200,40,140,98.010849999999991,100]
["Back12",25,10,7,200,40,140,49.533749999999998,0]
["Back10",25,3,0,350,30,140,120.5057,100]
["Back11",25,6,3,350,30,140,103.45264999999999,100]
["Back12",25,10,7,350,30,140,55.757449999999992,0]
["Back10",25,3,0,350,35,3,2.2340280251141551,100]
["Back11",25,6,3,350,35,3,2.4954117009132419,100]
["Back12",25,10,7,350,35,3,0.83302517123287667,0]
["Back10",25,3,0,350,40,1.6,1.3194788242009132,150]
["Back11",25,6,3,350,40,1.6,1.1680486872146119,150]
["Back12",25,10,7,350,40,1.6,0.83302517123287667,0]
["Back10",25,3,0,500,30,140,123.1853,100]
["Back11",25,6,3,500,30,140,106.31985,100]
["Back12",25,10,7,500,30,140,58.830100000000002,0]
["Back10",25,3,0,500,35,3,1.8849697488584474,150]
["Back11",25,6,3,500,35,3,2.5803590182648399,100]
["Back12",25,10,7,500,35,3,1.1900359589041094,0]
["Back10",25,3,0,500,40,1.6,1.2526563926940637,200]
["Back11",25,6,3,500,40,1.6,1.1505850456621005,200]
["Back12",25,10,7,500,40,1.6,1.3153886986301371,150]
["Back10",25,3,0,750,30,140,125.37664999999998,100]
["Back11",25,6,3,750,30,140,107.99704999999999,100]
["Back12",25,10,7,750,30,140,61.418349999999997,0]
["Back10",25,3,0,750,35,3,2.8274546232876712,150]
["Back11",25,6,3,750,35,3,2.5029614726027396,150]
["Back12",25,10,7,750,35,3,1.7850539383561641,0]
["Back10",25,3,0,750,40,1.6,1.3514374999999998,250]
["Back11",25,6,3,750,40,1.6,1.2638655821917808,250]
["Back12",25,10,7,750,40,1.6,1.4701977739726029,200]
["Back13",30,3,0,100,30,140,82.428499999999985,150]
["Back14",30,6,3,100,30,140,120.45844999999998,100]
["Back15",30,10,7,100,30,140,58.063949999999991,0]
["Back13",30,3,0,100,35,140,82.428499999999985,150]
["Back14",30,6,3,100,35,140,120.45844999999998,100]
["Back15",30,10,7,100,35,140,58.063949999999991,0]
["Back13",30,3,0,100,40,140,82.428499999999985,150]
["Back14",30,6,3,100,40,140,120.45844999999998,100]
["Back15",30,10,7,100,40,140,58.063949999999991,0]
["Back13",30,3,0,200,30,140,96.731949999999998,150]
["Back14",30,6,3,200,30,140,138.99445,100]
["Back15",30,10,7,200,30,140,70.316399999999987,0]
["Back13",30,3,0,200,35,140,96.731949999999998,150]
["Back14",30,6,3,200,35,140,138.99445,100]
["Back15",30,10,7,200,35,140,70.316399999999987,0]
["Back13",30,3,0,200,40,140,96.731949999999998,150]
["Back14",30,6,3,200,40,140,138.99445,100]
["Back15",30,10,7,200,40,140,70.316399999999987,0]
["Back13",30,3,0,350,30,140,103.54819999999998,150]
["Back14",30,6,3,350,30,140,94.395350000000008,150]
["Back15",30,10,7,350,30,140,75.334000000000003,0]
["Back13",30,3,0,350,35,3,1.9093303082191779,150]
["Back14",30,6,3,350,35,3,2.7327260844748853,150]
["Back15",30,10,7,350,35,3,1.3581474315068491,0]
["Back13",30,3,0,350,40,1.6,1.2458921232876712,200]
["Back14",30,6,3,350,40,1.6,1.1509238584474886,200]
["Back15",30,10,7,350,40,1.6,1.3518490296803654,150]
["Back13",30,3,0,500,30,140,106.9999,150]
["Back14",30,6,3,500,30,140,96.27624999999999,150]
["Back15",30,10,7,500,30,140,78.114049999999992,0]
["Back13",30,3,0,500,35,3,2.7276147260273969,150]
["Back14",30,6,3,500,35,3,2.4335108447488585,150]
["Back15",30,10,7,500,35,3,1.9402106164383561,0]
["Back13",30,3,0,500,40,1.6,1.2699126712328765,250]
["Back14",30,6,3,500,40,1.6,1.1902157534246574,250]
["Back15",30,10,7,500,40,1.6,1.4083464611872145,200]
["Back13",30,3,0,750,30,140,109.59549999999999,150]
["Back14",30,6,3,750,30,140,98.390950000000004,150]
["Back15",30,10,7,750,30,140,79.577749999999995,0]
["Back13",30,3,0,750,35,3,2.6697688356164377,200]
["Back14",30,6,3,750,35,3,2.4662654109589037,200]
["Back15",30,10,7,750,35,3,2.8968193493150687,150]
["Back13",30,3,0,750,40,1.6,1.4473878424657534,300]
["Back14",30,6,3,750,40,1.6,1.3638553082191782,300]
["Back15",30,10,7,750,40,1.6,1.5876575342465753,250]
["Back16",40,3,0,100,30,140,101.18709999999999,150]
["Back17",40,6,3,100,30,140,93.10629999999999,150]
["Back18",40,10,7,100,30,140,64.400700000000001,0]
["Back16",40,3,0,100,35,140,101.18709999999999,150]
["Back17",40,6,3,100,35,140,93.10629999999999,150]
["Back18",40,10,7,100,35,140,64.400700000000001,0]
["Back16",40,3,0,100,40,140,101.18709999999999,150]
["Back17",40,6,3,100,40,140,93.10629999999999,150]
["Back18",40,10,7,100,40,140,64.400700000000001,0]
["Back16",40,3,0,200,30,140,118.54324999999999,150]
["Back17",40,6,3,200,30,140,107.96380000000001,150]
["Back18",40,10,7,200,30,140,80.200400000000002,0]
["Back16",40,3,0,200,35,140,118.54324999999999,150]
["Back17",40,6,3,200,35,140,107.96380000000001,150]
["Back18",40,10,7,200,35,140,80.200400000000002,0]
["Back16",40,3,0,200,40,140,118.54324999999999,150]
["Back17",40,6,3,200,40,140,107.96380000000001,150]
["Back18",40,10,7,200,40,140,80.200400000000002,0]
["Back16",40,3,0,350,30,140,125.55059999999999,150]
["Back17",40,6,3,350,30,140,114.35759999999999,150]
["Back18",40,10,7,350,30,140,87.06774999999999,0]
["Back16",40,3,0,350,35,3,2.295988413242009,150]
["Back17",40,6,3,350,35,3,2.0385314497716891,150]
["Back18",40,10,7,350,35,3,1.4977079337899544,0]
["Back16",40,3,0,350,40,1.6,1.5127099885844746,200]
["Back17",40,6,3,350,40,1.6,1.393241723744292,200]
["Back18",40,10,7,350,40,1.6,1.1898357876712331,200]
["Back16",40,3,0,500,30,140,128.08179999999999,150]
["Back17",40,6,3,500,30,140,116.90315,150]
["Back18",40,10,7,500,30,140,91.219799999999992,0]
["Back16",40,3,0,500,35,3,2.1610142694063925,200]
["Back17",40,6,3,500,35,3,2.9121877853881277,150]
["Back18",40,10,7,500,35,3,2.1395827625570774,0]
["Back16",40,3,0,500,40,1.6,1.5476392694063927,250]
["Back17",40,6,3,500,40,1.6,1.4502465753424658,250]
["Back18",40,10,7,500,40,1.6,1.2881837899543376,250]
["Back16",40,3,0,750,30,140,131.30074999999999,150]
["Back17",40,6,3,750,30,140,118.93665,150]
["Back18",40,10,7,750,30,140,94.392899999999997,0]
["Back16",40,3,0,750,35,3,2.3214589041095888,250]
["Back17",40,6,3,750,35,3,2.9855179794520543,200]
["Back18",40,10,7,750,35,3,2.5496481164383562,200]
["Back16",40,3,0,750,40,1.6,1.4033321917808219,350]
["Back17",40,6,3,750,40,1.6,1.3277585616438354,350]
["Back18",40,10,7,750,40,1.6,1.5117243150684931,300]
["Back19",50,3,0,100,30,140,117.49079999999999,150]
["Back20",50,6,3,100,30,140,107.44825,150]
["Back21",50,10,7,100,30,140,69.208299999999994,0]
["Back19",50,3,0,100,35,140,117.49079999999999,150]
["Back20",50,6,3,100,35,140,107.44825,150]
["Back21",50,10,7,100,35,140,69.208299999999994,0]
["Back19",50,3,0,100,40,140,117.49079999999999,150]
["Back20",50,6,3,100,40,140,107.44825,150]
["Back21",50,10,7,100,40,140,69.208299999999994,0]
["Back19",50,3,0,200,30,140,136.97319999999999,150]
["Back20",50,6,3,200,30,140,125.90759999999999,150]
["Back21",50,10,7,200,30,140,88.692099999999996,0]
["Back19",50,3,0,200,35,140,136.97319999999999,150]
["Back20",50,6,3,200,35,140,125.90759999999999,150]
["Back21",50,10,7,200,35,140,88.692099999999996,0]
["Back19",50,3,0,200,40,140,136.97319999999999,150]
["Back20",50,6,3,200,40,140,125.90759999999999,150]
["Back21",50,10,7,200,40,140,88.692099999999996,0]
["Back19",50,3,0,350,30,140,101.67675,200]
["Back20",50,6,3,350,30,140,132.3707,150]
["Back21",50,10,7,350,30,140,109.70224999999999,150]
["Back19",50,3,0,350,35,3,2.6302400114155247,200]
["Back20",50,6,3,350,35,3,2.3241074771689494,150]
["Back21",50,10,7,350,35,3,1.5971063356164383,150]
["Back19",50,3,0,350,40,1.6,1.2569590753424658,250]
["Back20",50,6,3,350,40,1.6,1.1762377283105021,250]
["Back21",50,10,7,350,40,1.6,1.3668482876712327,200]
["Back19",50,3,0,500,30,140,104.56565000000001,200]
["Back20",50,6,3,500,30,140,134.89804999999998,150]
["Back21",50,10,7,500,30,140,111.54044999999999,150]
["Back19",50,3,0,500,35,3,2.4961792237442921,200]
["Back20",50,6,3,500,35,3,2.2930393835616441,200]
["Back21",50,10,7,500,35,3,2.6079674657534246,150]
["Back19",50,3,0,500,40,1.6,1.3668339041095889,300]
["Back20",50,6,3,500,40,1.6,1.2910045662100456,300]
["Back21",50,10,7,500,40,1.6,1.4905724885844749,250]
["Back19",50,3,0,750,30,140,106.61314999999999,200]
["Back20",50,6,3,750,30,140,137.42224999999999,150]
["Back21",50,10,7,750,30,140,113.3685,150]
["Back19",50,3,0,750,35,3,2.6934837328767123,250]
["Back20",50,6,3,750,35,3,2.5205094178082188,250]
["Back21",50,10,7,750,35,3,2.9289606164383559,200]
["Back19",50,3,0,750,40,1.6,1.3399186643835617,400]
["Back20",50,6,3,750,40,1.6,1.5448844178082191,350]
["Back21",50,10,7,750,40,1.6,1.419501712328767,350]

{"sheet":"Help","index":6,"n_rows":117,"n_cols":5,"rows_kept":117,"cut":false,"hidden":false,"merged":[[107,2,107,5],[110,2,110,5],[113,2,113,5],[116,2,116,5],[1,0,103,0],[105,0,117,0],[100,2,100,5],[3,2,3,5],[6,2,6,5],[35,2,35,5],[106,1,117,1],[37,2,37,5],[45,2,45,5],[74,2,74,5],[76,2,76,5],[79,2,79,5],[102,2,102,5]]}
[]
[null,null,"BUILDINGS THAT COULD AFFECT DISPERSION"]
[]
[null,null,"All buildings that could affect dispersion need to be considered during screening. This includes the building on which the stack is located.\n\nBuildings that could affect dispersion from a stack are any building that is both:\n• within 5L of the stack\n• has a height more than 40% of the stack height\n\nFor each building 'L' is the lowest of either:\n• the height of the building\n• the maximum projected width, which is the greatest width between 2 points (for example opposing corners of a roof)\n\nWhere there are multiple buildings that could affect dispersion, they should be combined into a simplified block. The height of the simplified block should be set to the tallest building."]
[]
[null,null,"Example 1"]
[null,null,"A 20 m stack is located on a 17 m building (Building A).  There is another 19 m high building nearby, 14 m from the stack (Building B)."]
[]
[null,null,null,"Building A","Building B"]
[null,null,"Height (m)",17,19]
[null,null,"Length (m)",20,30]
[null,null,"Width (m)",10,20]
[null,null,"Max projected width (m)",{"$f":"(D11^2+D12^2)^0.5","v":22.360679774997898},{"$f":"(E11^2+E12^2)^0.5","v":36.055512754639892}]
[null,null,"L (m)",{"$f":"MIN(D10,D13)","v":17},{"$f":"MIN(E10,E13)","v":19}]
[null,null,"5L (m)",{"$f":"D14*5","v":85},{"$f":"E14*5","v":95}]
[null,null,"Distance from stack (m)",0,14]
[null,null,"Building height/stack height",{"$f":"D10/20","v":0.85},{"$f":"E10/20","v":0.95}]
[]
[]
[]
[]
[]
[]
[]
[]
[]
[]
[]
[]
[]
[]
[]
[]
[]
[]
[null,null,"Figure 1 - Building A and B affect dispersion from 20 m stack (edited screenshot from BREEZE Downwash Analyst)"]
[]
[null,null,"The stack is located on Building A and the building height is more than 40% of the stack height. Building A will affect dispersion from the stack.\n\nBuilding B is within 5L and has height more than 40% of the stack height. Building B will also affect dispersion from the stack.\n\nBuilding A and B need to be combined into a simplified block with a height equal to Building B, since this is the tallest of the two buildings that affect dispersion from the stack."]
[]
[null,null,"Combined simplified block building"]
[null,null,"Height (m)",19]
[null,null,"Length (m)",53]
[null,null,"Width (m)",20]
[]
[null,null,"Example 2"]
[null,null,"A 20 m stack is located on a 17 m building (Building A). There is another 7 m high building nearby, 14 m from the stack (Building B)."]
[]
[null,null,null,"Building A","Building B"]
[null,null,"Height (m)",17,7]
[null,null,"Length (m)",20,30]
[null,null,"Width (m)",10,20]
[null,null,"Max projected width (m)",{"$f":"(D50^2+D51^2)^0.5","v":22.360679774997898},{"$f":"(E50^2+E51^2)^0.5","v":36.055512754639892}]
[null,null,"L (m)",{"$f":"MIN(D49,D52)","v":17},{"$f":"MIN(E49,E52)","v":7}]
[null,null,"5L (m)",{"$f":"D53*5","v":85},{"$f":"E53*5","v":35}]
[null,null,"Distance from stack (m)",0,14]
[null,null,"Building height/stack height",{"$f":"D49/20","v":0.85},{"$f":"E49/20","v":0.35}]
[]
[]
[]
[]
[]
[]
[]
[]
[]
[]
[]
[]
[]
[]
[]
[]
[]
[]
[null,null,"Figure 2 - Building B too low to affect dispersion from 20 m stack (edited screenshot from BREEZE Downwash Analyst)"]
[]
[null,null,"The stack is located on Building A and the building height is more than 40% of the stack height. Building A will affect dispersion from the stack.\n\nBuilding B is within 5L, however its height is less than 40% of the stack height. Building B will not affect dispersion from the stack and can be ignored.\n\nBuilding A dimensions need to be used for screening."]
[]
[null,null,"Example 3"]
[null,null,"A 20 m stack is located on a 17 m building (Building A). There is another 19 m high building nearby, 99 m from the stack (Building B)."]
[]
[null,null,null,"Building A","Building B"]
[null,null,"Height (m)",17,19]
[null,null,"Length (m)",20,30]
[null,null,"Width (m)",10,20]
[null,null,"Max projected width (m)",{"$f":"(D84^2+D85^2)^0.5","v":22.360679774997898},{"$f":"(E84^2+E85^2)^0.5","v":36.055512754639892}]
[null,null,"L (m)",{"$f":"MIN(D83,D86)","v":17},{"$f":"MIN(E83,E86)","v":19}]
[null,null,"5L (m)",{"$f":"D87*5","v":85},{"$f":"E87*5","v":95}]
[null,null,"Distance from stack (m)",0,99]
[null,null,"Building height/stack height",{"$f":"D83/20","v":0.85},{"$f":"E83/20","v":0.95}]
[]
[]
[]
[]
[]
[]
[]
[]
[]
[]
[null,null,"Figure 3 - Building B too far away to affect dispersion from 20 m stack (edited screenshot from BREEZE Downwash Analyst)"]
[]
[null,null,"The stack is located on Building A and the building height is more than 40% of the stack height. Building A will affect dispersion from the stack.\n\nBuilding B is beyond 5L, despite its height being more than 40% of the stack height. Building B will not affect dispersion from the stack and can be ignored.\n\nBuilding A dimensions need to be used for screening."]
[]
[]
[null,null,"RELEVANT PUBLIC EXPOSURE"]
[]
[null,null,"Sensitive human health receptors are located where there is relevant public exposure. Relevant public exposure are locations where members of the public have access, are regularly present and can be exposed for a significant portion of the averaging time of the standard.\n\nThe nitrogen dioxide standards are 40 µg/m3 as an annual mean, and 200 µg/m3 as an hourly mean, not to be exceeded more than 18 times (hours) per calendar year. These standards do not apply where health and safety at work provisions exist and where members of the public do not have access.\n\n"]
[]
[null,null,"Annual mean exposure"]
[null,null,"Example locations of annual mean public exposure include, but are not limited to: residential propoerties, schools, hospitals and cares homes."]
[]
[null,null,"Hourly mean exposure"]
[null,null,"Example locations of hourly mean public exposure include, but are not limited to: residential propoerties, schools, hospitals, cares homes, busy shopping streets, bus stations and railway stations that are not fully enclosed, and car parks where the public are reasonably expected to spend an hour or more. "]
[]
[null,null,"Roadside locations"]
[null,null,"Public exposure can occur at roadside and non-roadside loactions. At roadside locations road traffic sources lead increased backgrounds compared to the baseline backgrounds away from busy roads. Examples of roadside loactions and public exposure within 15 m of the road include:\n• Narrow congested streets with residential propoerties close to the kerbs (5,000 vehicles/day)\n• Busy streets where people may spednd 1 hour or more close to traffic (10,000 vehicles/day)\n• Junctions (10,000 vehicles/day)\n• Bus and coach stations, not fully enclosed (2,500 movements/day)\n\nTraffic flow data should be available for the major road networks in urban areas from the relevant local authority, as this data is needed to conduct their Local Air Quality Manegament Assessments."]